{"id":2700,"date":"2021-04-26T13:12:47","date_gmt":"2021-04-26T13:12:47","guid":{"rendered":"http:\/\/test-ikf.online\/?page_id=2700"},"modified":"2021-04-26T13:20:52","modified_gmt":"2021-04-26T13:20:52","slug":"2010-kooperation-von-oeffentlicher-jugendhilfe-und-strafjustiz-bei-sexualdelikten-gegen-kinder-oesterreich-teil","status":"publish","type":"page","link":"https:\/\/ikf.ac.at\/en\/schwerpunkte\/sicherheit\/gewalt\/2010-kooperation-von-oeffentlicher-jugendhilfe-und-strafjustiz-bei-sexualdelikten-gegen-kinder-oesterreich-teil","title":{"rendered":"2010: Kooperation von \u00f6ffentlicher Jugendhilfe und Strafjustiz bei Sexualdelikten gegen Kinder \u2013 \u00d6sterreich-Teil"},"content":{"rendered":"<div class=\"wp-block-atomic-blocks-ab-container alignfull ab-block-container\"><div class=\"ab-container-inside\"><div class=\"ab-container-content\"><div id=\"pl-gb2700-69f23f8bb9c5a\"  class=\"panel-layout\" ><div id=\"pg-gb2700-69f23f8bb9c5a-0\"  class=\"panel-grid panel-no-style\" ><div id=\"pgc-gb2700-69f23f8bb9c5a-0-0\"  class=\"panel-grid-cell\" ><div id=\"panel-gb2700-69f23f8bb9c5a-0-0-0\" class=\"so-panel widget widget_media_image panel-first-child panel-last-child\" data-index=\"0\" ><img loading=\"lazy\" decoding=\"async\" width=\"2554\" height=\"10\" src=\"https:\/\/ikf.ac.at\/wp-content\/uploads\/2021\/01\/linie_IKF.jpg\" class=\"image wp-image-754  attachment-full size-full\" alt=\"\" style=\"max-width: 100%; height: auto;\" srcset=\"https:\/\/ikf.ac.at\/wp-content\/uploads\/2021\/01\/linie_IKF.jpg 2554w, https:\/\/ikf.ac.at\/wp-content\/uploads\/2021\/01\/linie_IKF-300x1.jpg 300w, https:\/\/ikf.ac.at\/wp-content\/uploads\/2021\/01\/linie_IKF-1024x4.jpg 1024w, https:\/\/ikf.ac.at\/wp-content\/uploads\/2021\/01\/linie_IKF-768x3.jpg 768w, https:\/\/ikf.ac.at\/wp-content\/uploads\/2021\/01\/linie_IKF-1536x6.jpg 1536w, https:\/\/ikf.ac.at\/wp-content\/uploads\/2021\/01\/linie_IKF-2048x8.jpg 2048w\" sizes=\"auto, (max-width: 2554px) 100vw, 2554px\" \/><\/div><\/div><\/div><\/div>\n\n\n<div style=\"color:#ddd\" class=\"wp-block-genesis-blocks-gb-spacer gb-block-spacer gb-divider-solid gb-divider-size-1\"><hr style=\"height:30px\"\/><\/div>\n\n\n<div id=\"pl-gb2700-69f23f8bba426\"  class=\"panel-layout\" ><div id=\"pg-gb2700-69f23f8bba426-0\"  class=\"panel-grid panel-no-style\" ><div id=\"pgc-gb2700-69f23f8bba426-0-0\"  class=\"panel-grid-cell panel-grid-cell-empty\" ><\/div><div id=\"pgc-gb2700-69f23f8bba426-0-1\"  class=\"panel-grid-cell\" ><div id=\"panel-gb2700-69f23f8bba426-0-1-0\" class=\"so-panel widget widget_sow-editor panel-first-child panel-last-child\" data-index=\"0\" ><div\n\t\t\t\n\t\t\tclass=\"so-widget-sow-editor so-widget-sow-editor-base\"\n\t\t\t\n\t\t>\n<div class=\"siteorigin-widget-tinymce textwidget\">\n\t<table style=\"height: 100px; width: 100%; border-collapse: collapse;\" border=\"1\" cellpadding=\"2\">\n<tbody>\n<tr style=\"height: 24px;\">\n<td style=\"width: 15.8421%; height: 24px;\">Project management:<\/td>\n<td style=\"width: 84.1578%; height: 24px;\" colspan=\"2\" class=\"translation-block\"><span style=\"font-size: x-large\">Dr. Birgitt Haller<\/span><\/td>\n<\/tr>\n<tr>\n<td style=\"width: 15.8421%;\">\n<hr \/>\n<\/td>\n<td style=\"width: 56.1532%;\">\n<hr \/>\n<\/td>\n<td style=\"width: 28.0046%; height: 24px;\"><\/td>\n<\/tr>\n<tr>\n<td style=\"width: 15.8421%;\">Implementation:<\/td>\n<td style=\"width: 84.1578%;\" colspan=\"2\">Mag. Dr. Stefanie Mayer<sup>a<\/sup> Dr.<sup>in<\/sup> Evelyn Dawid<br \/>\nDr.<sup>in<\/sup> Birgitt Haller<\/td>\n<\/tr>\n<tr>\n<td style=\"width: 15.8421%;\">\n<hr \/>\n<\/td>\n<td style=\"width: 56.1532%;\">\n<hr \/>\n<\/td>\n<td style=\"width: 28.0046%;\"><\/td>\n<\/tr>\n<tr>\n<td style=\"width: 15.8421%;\">Funded by:<\/td>\n<td style=\"width: 84.1578%;\" colspan=\"2\">Europ\u00e4ische Kommission \u00fcber Kriminologische Zentralstelle Wiesbaden e.V.<br \/>\nBundesministerium f\u00fcr Gesundheit, Familie und Jugend<\/td>\n<\/tr>\n<tr>\n<td style=\"width: 15.8421%;\">\n<hr \/>\n<\/td>\n<td style=\"width: 56.1532%;\">\n<hr \/>\n<\/td>\n<td style=\"width: 28.0046%; height: 24px;\"><\/td>\n<\/tr>\n<tr style=\"height: 24px;\">\n<td style=\"width: 15.8421%; height: 24px;\">Completed in:<\/td>\n<td style=\"height: 24px; width: 84.1578%;\" colspan=\"2\">Oktober 2010<\/td>\n<\/tr>\n<\/tbody>\n<\/table>\n<\/div>\n<\/div><\/div><\/div><\/div><\/div>\n\n\n<div style=\"color:#404168\" class=\"wp-block-genesis-blocks-gb-spacer gb-block-spacer gb-divider-solid gb-spacer-divider gb-divider-size-1\"><hr style=\"height:3px\"\/><\/div>\n\n\n\n<div style=\"color:#404168\" class=\"wp-block-genesis-blocks-gb-spacer gb-block-spacer gb-divider-solid gb-divider-size-1\"><hr style=\"height:10px\"\/><\/div>\n\n\n<div id=\"pl-gb2700-69f23f8bbaaed\"  class=\"panel-layout\" ><div id=\"pg-gb2700-69f23f8bbaaed-0\"  class=\"panel-grid panel-no-style\" ><div id=\"pgc-gb2700-69f23f8bbaaed-0-0\"  class=\"panel-grid-cell panel-grid-cell-empty\" ><\/div><div id=\"pgc-gb2700-69f23f8bbaaed-0-1\"  class=\"panel-grid-cell panel-grid-cell-mobile-last\" ><div id=\"panel-gb2700-69f23f8bbaaed-0-1-0\" class=\"so-panel widget widget_text panel-first-child panel-last-child\" data-index=\"0\" >\t\t\t<div class=\"textwidget\"><p align=\"justify\">Kinder, die Opfer von Sexualdelikten werden, haben mit unterschiedlichen Institutionen zu tun: mit Jugendschutzeinrichtungen, aber auch mit Polizei, Staatsanwaltschaft und Gerichten. Diese Institutionen sind gekennzeichnet durch unterschiedliche (gesetzliche) Auftr\u00e4ge, Organisationsstrukturen, Selbstverst\u00e4ndnisse, Interessen und Fachsprachen. Eine funktionierende Kooperation zwischen den Einrichtungen und ein aufeinander abgestimmtes Vorgehen sind aber wesentliche Voraussetzungen f\u00fcr einen m\u00f6glichst weitreichenden und effektiven Schutz der Kinder. Ziel des Forschungsprojekts war daher die Entwicklung eines Modellkonzepts f\u00fcr interdisziplin\u00e4re Kooperationen bei Sexualdelikten gegen Kinder im Sinn von gezielten, kontinuierlichen, von Einzelpersonen unabh\u00e4ngigen Arbeitsb\u00fcndnissen, in denen zumindest auch Jugendwohlfahrt und Strafjustiz vertreten sind.<\/p>\n<p align=\"justify\">Im Zentrum der Untersuchung, die in \u00d6sterreich, Deutschland und der Schweiz durchgef\u00fchrt wird, stand die Jugendwohlfahrt. In \u00d6sterreich wurden im Herbst 2008 von den insgesamt 115 Jugend\u00e4mtern 61 Frageb\u00f6gen retourniert und fanden in der Auswertung Verwendung. Dabei wurde der erste, allgemeine Teil des Fragebogens weitgehend vollst\u00e4ndig ausgef\u00fcllt; bei den dort angesprochenen Themen handelte es sich um Kontakte und Kooperationen mit Kriminalpolizei und Strafjustiz, um Problem- und Konfliktfelder in der Zusammenarbeit u.\u00e4. Der zweite Teil des Fragebogens fokussierte auf Arbeitskreise zu Sexualdelikten: F\u00fcr ihn kamen nur f\u00fcnf ausgef\u00fcllte Frageb\u00f6gen zur\u00fcck, was auf die geringe Anzahl von Arbeitskreisen zu Sexualdelikten gegen Kinder in \u00d6sterreich und nicht auf die fehlende Antwortbereitschaft der Jugend\u00e4mter zur\u00fcckzuf\u00fchren ist.<\/p>\n<p align=\"justify\">Zwischen November 2009 und Mai 2010 erfolgten Interviews mit ExpertInnen: Acht Interviews fanden mit Mitgliedern von bestehenden Arbeitskreisen statt, die sich auf Bezirksebene (vier Arbeitskreise) oder Landesebene (einer) mit sexuellem Missbrauch von Kindern befassen und an denen die Kriminalpolizei beteiligt ist. (Arbeitskreise, bei denen die Staatsanwaltschaft oder StrafrichterInnen eingebunden sind, konnten in \u00d6sterreich nicht erhoben werden.) Erg\u00e4nzend wurden weitere drei Interviews mit ExpertInnen gef\u00fchrt, die nicht an entsprechenden Kooperationsb\u00fcndnissen teilnehmen. Keiner der analysierten Arbeitskreise besch\u00e4ftigt sich ausschlie\u00dflich mit sexuellem Missbrauch von Kindern, drei haben Gewalt im Allgemeinen zum Thema, einer Gewalt gegen Kinder.<\/p>\n<p align=\"justify\">Was die Inhalte und Aufgaben der Arbeitskreise anlangt, steht die Verbesserung des Informations- und Wissensstandes an erster Stelle, gefolgt von der Vernetzung im engen Wortsinn, also dem gegenseitigen Kennenlernen und Kontakthalten. Aufkl\u00e4rungsma\u00dfnahmen, die sich an die Fachkollegenschaft und an eine interessierte breitere \u00d6ffentlichkeit wenden, spielen eine vergleichsweise untergeordnete Rolle, Fallbesprechungen zum Zeitpunkt der Interviews gar keine. In Deutschland etwa bestehen andere inhaltliche Priorit\u00e4ten: Zwar steht an erster Stelle ebenfalls das gegenseitige Kennenlernen und Kontakthalten, gefolgt aber von Fallbesprechungen, weiter der Verbesserung des Informations- und Wissenstands der Mitglieder und schlie\u00dflich Pr\u00e4ventionsma\u00dfnahmen.<\/p>\n<p align=\"justify\">Als Ergebnis der nationalen Untersuchungen und eines Workshops mit Expertinnen wurde schlie\u00dflich ein &#8220;Basismodell&#8221; interdisziplin\u00e4rer Zusammenarbeit in F\u00e4llen von (sexueller) Gewalt gegen Kinder erarbeitet, das an die jeweiligen \u2013 teilweise stark unterschiedlichen \u2013 nationalen Erfordernisse angepasst werden kann.<\/p>\n<p align=\"justify\">Details zur Studie und ihren Ergebnissen finden sich\u00a0<a href=\"http:\/\/www.krimz.de\/fileadmin\/dateiablage\/E-Publikationen\/EU-kurz-dt.pdf\" target=\"_blank\" rel=\"noopener\">hier<\/a> (Kurzfassung zum Download) bzw. in:<\/p>\n<p align=\"justify\"><a href=\"https:\/\/www.krimz.de\/fileadmin\/dateiablage\/E-Publikationen\/kup60.pdf\">Evelyn Dawid, Jutta Elz &amp; Birgitt Haller (Hrsg.) (2010): Kooperation von \u00f6ffentlicher Jugendhilfe und Strafjustiz bei Sexualdelikten gegen Kinder. Reihe Kriminologie und Praxis, Band 60, Wiesbaden: KrimZ<\/a><\/p>\n<\/div>\n\t\t<\/div><\/div><div id=\"pgc-gb2700-69f23f8bbaaed-0-2\"  class=\"panel-grid-cell panel-grid-cell-empty\" ><\/div><\/div><\/div>\n\n\n<div style=\"color:#333\" class=\"wp-block-genesis-blocks-gb-spacer gb-block-spacer gb-divider-solid gb-spacer-divider gb-divider-size-1\"><hr style=\"height:100px\"\/><\/div>\n<\/div><\/div><\/div>","protected":false},"excerpt":{"rendered":"","protected":false},"author":2,"featured_media":0,"parent":1561,"menu_order":46,"comment_status":"closed","ping_status":"closed","template":"","meta":{"footnotes":""},"class_list":["post-2700","page","type-page","status-publish","hentry","post"],"featured_image_src":null,"featured_image_src_square":null,"_links":{"self":[{"href":"https:\/\/ikf.ac.at\/en\/wp-json\/wp\/v2\/pages\/2700","targetHints":{"allow":["GET"]}}],"collection":[{"href":"https:\/\/ikf.ac.at\/en\/wp-json\/wp\/v2\/pages"}],"about":[{"href":"https:\/\/ikf.ac.at\/en\/wp-json\/wp\/v2\/types\/page"}],"author":[{"embeddable":true,"href":"https:\/\/ikf.ac.at\/en\/wp-json\/wp\/v2\/users\/2"}],"replies":[{"embeddable":true,"href":"https:\/\/ikf.ac.at\/en\/wp-json\/wp\/v2\/comments?post=2700"}],"version-history":[{"count":2,"href":"https:\/\/ikf.ac.at\/en\/wp-json\/wp\/v2\/pages\/2700\/revisions"}],"predecessor-version":[{"id":2703,"href":"https:\/\/ikf.ac.at\/en\/wp-json\/wp\/v2\/pages\/2700\/revisions\/2703"}],"up":[{"embeddable":true,"href":"https:\/\/ikf.ac.at\/en\/wp-json\/wp\/v2\/pages\/1561"}],"wp:attachment":[{"href":"https:\/\/ikf.ac.at\/en\/wp-json\/wp\/v2\/media?parent=2700"}],"curies":[{"name":"wp","href":"https:\/\/api.w.org\/{rel}","templated":true}]}}

2010: Kooperation von öffentlicher Jugendhilfe und Strafjustiz bei Sexualdelikten gegen Kinder – Österreich-Teil

<div class="wp-block-atomic-blocks-ab-container alignfull ab-block-container"><div class="ab-container-inside"><div class="ab-container-content"><div id="pl-gb2700-69f23f8bb9c5a"  class="panel-layout" ><div id="pg-gb2700-69f23f8bb9c5a-0"  class="panel-grid panel-no-style" ><div id="pgc-gb2700-69f23f8bb9c5a-0-0"  class="panel-grid-cell" ><div id="panel-gb2700-69f23f8bb9c5a-0-0-0" class="so-panel widget widget_media_image panel-first-child panel-last-child" data-index="0" ><img loading="lazy" decoding="async" width="2554" height="10" src="https://ikf.ac.at/wp-content/uploads/2021/01/linie_IKF.jpg" class="image wp-image-754  attachment-full size-full" alt="" style="max-width: 100%; height: auto;" srcset="https://ikf.ac.at/wp-content/uploads/2021/01/linie_IKF.jpg 2554w, https://ikf.ac.at/wp-content/uploads/2021/01/linie_IKF-300x1.jpg 300w, https://ikf.ac.at/wp-content/uploads/2021/01/linie_IKF-1024x4.jpg 1024w, https://ikf.ac.at/wp-content/uploads/2021/01/linie_IKF-768x3.jpg 768w, https://ikf.ac.at/wp-content/uploads/2021/01/linie_IKF-1536x6.jpg 1536w, https://ikf.ac.at/wp-content/uploads/2021/01/linie_IKF-2048x8.jpg 2048w" sizes="auto, (max-width: 2554px) 100vw, 2554px" /></div></div></div></div>


<div style="color:#ddd" class="wp-block-genesis-blocks-gb-spacer gb-block-spacer gb-divider-solid gb-divider-size-1"><hr style="height:30px"/></div>


<div id="pl-gb2700-69f23f8bba426"  class="panel-layout" ><div id="pg-gb2700-69f23f8bba426-0"  class="panel-grid panel-no-style" ><div id="pgc-gb2700-69f23f8bba426-0-0"  class="panel-grid-cell panel-grid-cell-empty" ></div><div id="pgc-gb2700-69f23f8bba426-0-1"  class="panel-grid-cell" ><div id="panel-gb2700-69f23f8bba426-0-1-0" class="so-panel widget widget_sow-editor panel-first-child panel-last-child" data-index="0" ><div
			
			class="so-widget-sow-editor so-widget-sow-editor-base"
			
		>
<div class="siteorigin-widget-tinymce textwidget">
	<table style="height: 100px; width: 100%; border-collapse: collapse;" border="1" cellpadding="2">
<tbody>
<tr style="height: 24px;">
<td style="width: 15.8421%; height: 24px;">Project management:</td>
<td style="width: 84.1578%; height: 24px;" colspan="2" class="translation-block"><span style="font-size: x-large">Dr. Birgitt Haller</span></td>
</tr>
<tr>
<td style="width: 15.8421%;">
<hr />
</td>
<td style="width: 56.1532%;">
<hr />
</td>
<td style="width: 28.0046%; height: 24px;"></td>
</tr>
<tr>
<td style="width: 15.8421%;">Implementation:</td>
<td style="width: 84.1578%;" colspan="2">Mag. Dr. Stefanie Mayer<sup>a</sup> Dr.<sup>in</sup> Evelyn Dawid<br />
Dr.<sup>in</sup> Birgitt Haller</td>
</tr>
<tr>
<td style="width: 15.8421%;">
<hr />
</td>
<td style="width: 56.1532%;">
<hr />
</td>
<td style="width: 28.0046%;"></td>
</tr>
<tr>
<td style="width: 15.8421%;">Funded by:</td>
<td style="width: 84.1578%;" colspan="2">Europäische Kommission über Kriminologische Zentralstelle Wiesbaden e.V.<br />
Bundesministerium für Gesundheit, Familie und Jugend</td>
</tr>
<tr>
<td style="width: 15.8421%;">
<hr />
</td>
<td style="width: 56.1532%;">
<hr />
</td>
<td style="width: 28.0046%; height: 24px;"></td>
</tr>
<tr style="height: 24px;">
<td style="width: 15.8421%; height: 24px;">Completed in:</td>
<td style="height: 24px; width: 84.1578%;" colspan="2">Oktober 2010</td>
</tr>
</tbody>
</table>
</div>
</div></div></div></div></div>


<div style="color:#404168" class="wp-block-genesis-blocks-gb-spacer gb-block-spacer gb-divider-solid gb-spacer-divider gb-divider-size-1"><hr style="height:3px"/></div>



<div style="color:#404168" class="wp-block-genesis-blocks-gb-spacer gb-block-spacer gb-divider-solid gb-divider-size-1"><hr style="height:10px"/></div>


<div id="pl-gb2700-69f23f8bbaaed"  class="panel-layout" ><div id="pg-gb2700-69f23f8bbaaed-0"  class="panel-grid panel-no-style" ><div id="pgc-gb2700-69f23f8bbaaed-0-0"  class="panel-grid-cell panel-grid-cell-empty" ></div><div id="pgc-gb2700-69f23f8bbaaed-0-1"  class="panel-grid-cell panel-grid-cell-mobile-last" ><div id="panel-gb2700-69f23f8bbaaed-0-1-0" class="so-panel widget widget_text panel-first-child panel-last-child" data-index="0" >			<div class="textwidget"><p align="justify">Kinder, die Opfer von Sexualdelikten werden, haben mit unterschiedlichen Institutionen zu tun: mit Jugendschutzeinrichtungen, aber auch mit Polizei, Staatsanwaltschaft und Gerichten. Diese Institutionen sind gekennzeichnet durch unterschiedliche (gesetzliche) Aufträge, Organisationsstrukturen, Selbstverständnisse, Interessen und Fachsprachen. Eine funktionierende Kooperation zwischen den Einrichtungen und ein aufeinander abgestimmtes Vorgehen sind aber wesentliche Voraussetzungen für einen möglichst weitreichenden und effektiven Schutz der Kinder. Ziel des Forschungsprojekts war daher die Entwicklung eines Modellkonzepts für interdisziplinäre Kooperationen bei Sexualdelikten gegen Kinder im Sinn von gezielten, kontinuierlichen, von Einzelpersonen unabhängigen Arbeitsbündnissen, in denen zumindest auch Jugendwohlfahrt und Strafjustiz vertreten sind.</p>
<p align="justify">Im Zentrum der Untersuchung, die in Österreich, Deutschland und der Schweiz durchgeführt wird, stand die Jugendwohlfahrt. In Österreich wurden im Herbst 2008 von den insgesamt 115 Jugendämtern 61 Fragebögen retourniert und fanden in der Auswertung Verwendung. Dabei wurde der erste, allgemeine Teil des Fragebogens weitgehend vollständig ausgefüllt; bei den dort angesprochenen Themen handelte es sich um Kontakte und Kooperationen mit Kriminalpolizei und Strafjustiz, um Problem- und Konfliktfelder in der Zusammenarbeit u.ä. Der zweite Teil des Fragebogens fokussierte auf Arbeitskreise zu Sexualdelikten: Für ihn kamen nur fünf ausgefüllte Fragebögen zurück, was auf die geringe Anzahl von Arbeitskreisen zu Sexualdelikten gegen Kinder in Österreich und nicht auf die fehlende Antwortbereitschaft der Jugendämter zurückzuführen ist.</p>
<p align="justify">Zwischen November 2009 und Mai 2010 erfolgten Interviews mit ExpertInnen: Acht Interviews fanden mit Mitgliedern von bestehenden Arbeitskreisen statt, die sich auf Bezirksebene (vier Arbeitskreise) oder Landesebene (einer) mit sexuellem Missbrauch von Kindern befassen und an denen die Kriminalpolizei beteiligt ist. (Arbeitskreise, bei denen die Staatsanwaltschaft oder StrafrichterInnen eingebunden sind, konnten in Österreich nicht erhoben werden.) Ergänzend wurden weitere drei Interviews mit ExpertInnen geführt, die nicht an entsprechenden Kooperationsbündnissen teilnehmen. Keiner der analysierten Arbeitskreise beschäftigt sich ausschließlich mit sexuellem Missbrauch von Kindern, drei haben Gewalt im Allgemeinen zum Thema, einer Gewalt gegen Kinder.</p>
<p align="justify">Was die Inhalte und Aufgaben der Arbeitskreise anlangt, steht die Verbesserung des Informations- und Wissensstandes an erster Stelle, gefolgt von der Vernetzung im engen Wortsinn, also dem gegenseitigen Kennenlernen und Kontakthalten. Aufklärungsmaßnahmen, die sich an die Fachkollegenschaft und an eine interessierte breitere Öffentlichkeit wenden, spielen eine vergleichsweise untergeordnete Rolle, Fallbesprechungen zum Zeitpunkt der Interviews gar keine. In Deutschland etwa bestehen andere inhaltliche Prioritäten: Zwar steht an erster Stelle ebenfalls das gegenseitige Kennenlernen und Kontakthalten, gefolgt aber von Fallbesprechungen, weiter der Verbesserung des Informations- und Wissenstands der Mitglieder und schließlich Präventionsmaßnahmen.</p>
<p align="justify">Als Ergebnis der nationalen Untersuchungen und eines Workshops mit Expertinnen wurde schließlich ein &#8220;Basismodell&#8221; interdisziplinärer Zusammenarbeit in Fällen von (sexueller) Gewalt gegen Kinder erarbeitet, das an die jeweiligen – teilweise stark unterschiedlichen – nationalen Erfordernisse angepasst werden kann.</p>
<p align="justify">Details zur Studie und ihren Ergebnissen finden sich <a href="http://www.krimz.de/fileadmin/dateiablage/E-Publikationen/EU-kurz-dt.pdf" target="_blank" rel="noopener">hier</a> (Kurzfassung zum Download) bzw. in:</p>
<p align="justify"><a href="https://www.krimz.de/fileadmin/dateiablage/E-Publikationen/kup60.pdf">Evelyn Dawid, Jutta Elz &amp; Birgitt Haller (Hrsg.) (2010): Kooperation von öffentlicher Jugendhilfe und Strafjustiz bei Sexualdelikten gegen Kinder. Reihe Kriminologie und Praxis, Band 60, Wiesbaden: KrimZ</a></p>
</div>
		</div></div><div id="pgc-gb2700-69f23f8bbaaed-0-2"  class="panel-grid-cell panel-grid-cell-empty" ></div></div></div>


<div style="color:#333" class="wp-block-genesis-blocks-gb-spacer gb-block-spacer gb-divider-solid gb-spacer-divider gb-divider-size-1"><hr style="height:100px"/></div>
</div></div></div>
