{"id":2684,"date":"2021-04-26T12:34:44","date_gmt":"2021-04-26T12:34:44","guid":{"rendered":"http:\/\/test-ikf.online\/?page_id=2684"},"modified":"2021-04-26T12:35:22","modified_gmt":"2021-04-26T12:35:22","slug":"2011-high-risk-victims-toetungsdelikte-in-beziehungen-verurteilungen-2008-2010","status":"publish","type":"page","link":"https:\/\/ikf.ac.at\/en\/schwerpunkte\/sicherheit\/gewalt\/2011-high-risk-victims-toetungsdelikte-in-beziehungen-verurteilungen-2008-2010","title":{"rendered":"2011: &#8220;High-Risk Victims&#8221; T\u00f6tungsdelikte in Beziehungen: Verurteilungen 2008-2010"},"content":{"rendered":"<div class=\"wp-block-atomic-blocks-ab-container alignfull ab-block-container\"><div class=\"ab-container-inside\"><div class=\"ab-container-content\"><div id=\"pl-gb2684-69f23fdc6d64b\"  class=\"panel-layout\" ><div id=\"pg-gb2684-69f23fdc6d64b-0\"  class=\"panel-grid panel-no-style\" ><div id=\"pgc-gb2684-69f23fdc6d64b-0-0\"  class=\"panel-grid-cell\" ><div id=\"panel-gb2684-69f23fdc6d64b-0-0-0\" class=\"so-panel widget widget_media_image panel-first-child panel-last-child\" data-index=\"0\" ><img loading=\"lazy\" decoding=\"async\" width=\"2554\" height=\"10\" src=\"https:\/\/ikf.ac.at\/wp-content\/uploads\/2021\/01\/linie_IKF.jpg\" class=\"image wp-image-754  attachment-full size-full\" alt=\"\" style=\"max-width: 100%; height: auto;\" srcset=\"https:\/\/ikf.ac.at\/wp-content\/uploads\/2021\/01\/linie_IKF.jpg 2554w, https:\/\/ikf.ac.at\/wp-content\/uploads\/2021\/01\/linie_IKF-300x1.jpg 300w, https:\/\/ikf.ac.at\/wp-content\/uploads\/2021\/01\/linie_IKF-1024x4.jpg 1024w, https:\/\/ikf.ac.at\/wp-content\/uploads\/2021\/01\/linie_IKF-768x3.jpg 768w, https:\/\/ikf.ac.at\/wp-content\/uploads\/2021\/01\/linie_IKF-1536x6.jpg 1536w, https:\/\/ikf.ac.at\/wp-content\/uploads\/2021\/01\/linie_IKF-2048x8.jpg 2048w\" sizes=\"auto, (max-width: 2554px) 100vw, 2554px\" \/><\/div><\/div><\/div><\/div>\n\n\n<div style=\"color:#ddd\" class=\"wp-block-genesis-blocks-gb-spacer gb-block-spacer gb-divider-solid gb-divider-size-1\"><hr style=\"height:30px\"\/><\/div>\n\n\n<div id=\"pl-gb2684-69f23fdc6de31\"  class=\"panel-layout\" ><div id=\"pg-gb2684-69f23fdc6de31-0\"  class=\"panel-grid panel-no-style\" ><div id=\"pgc-gb2684-69f23fdc6de31-0-0\"  class=\"panel-grid-cell panel-grid-cell-empty\" ><\/div><div id=\"pgc-gb2684-69f23fdc6de31-0-1\"  class=\"panel-grid-cell\" ><div id=\"panel-gb2684-69f23fdc6de31-0-1-0\" class=\"so-panel widget widget_sow-editor panel-first-child panel-last-child\" data-index=\"0\" ><div\n\t\t\t\n\t\t\tclass=\"so-widget-sow-editor so-widget-sow-editor-base\"\n\t\t\t\n\t\t>\n<div class=\"siteorigin-widget-tinymce textwidget\">\n\t<table style=\"height: 100px; width: 100%; border-collapse: collapse;\" border=\"1\" cellpadding=\"2\">\n<tbody>\n<tr style=\"height: 24px;\">\n<td style=\"width: 15.8421%; height: 24px;\">Project management:<\/td>\n<td style=\"width: 84.1578%; height: 24px;\" colspan=\"2\" class=\"translation-block\"><span style=\"font-size: x-large\">Dr. Birgitt Haller<\/span><\/td>\n<\/tr>\n<tr>\n<td style=\"width: 15.8421%;\">\n<hr \/>\n<\/td>\n<td style=\"width: 54.1186%;\">\n<hr \/>\n<\/td>\n<td style=\"width: 30.0392%;\"><\/td>\n<\/tr>\n<tr>\n<td style=\"width: 15.8421%;\">Funded by:<\/td>\n<td style=\"width: 54.1186%;\" valign=\"top\" width=\"80%\">Bundeskanzleramt\/ Bundesministerin f\u00fcr Frauen und \u00f6ffentlichen Dienst<\/td>\n<td style=\"width: 30.0392%;\"><\/td>\n<\/tr>\n<tr>\n<td style=\"width: 15.8421%;\">\n<hr \/>\n<\/td>\n<td style=\"width: 54.1186%;\">\n<hr \/>\n<\/td>\n<td style=\"width: 30.0392%; height: 24px;\"><\/td>\n<\/tr>\n<tr style=\"height: 24px;\">\n<td style=\"width: 15.8421%; height: 24px;\">Completed in:<\/td>\n<td style=\"height: 24px; width: 84.1578%;\" colspan=\"2\">Dezember 2011<\/td>\n<\/tr>\n<tr>\n<td style=\"width: 15.8421%;\">\n<hr \/>\n<\/td>\n<td style=\"width: 54.1186%;\">\n<hr \/>\n<\/td>\n<td style=\"width: 30.0392%;\"><\/td>\n<\/tr>\n<tr>\n<td style=\"width: 15.8421%;\"><\/td>\n<td style=\"width: 54.1186%;\" valign=\"top\" width=\"80%\"><img loading=\"lazy\" decoding=\"async\" src=\"https:\/\/ikf.ac.at\/wp-content\/uploads\/2021\/03\/Document-Folder-e1615278415108.png\" width=\"28\" height=\"28\" align=\"left\" \/> &nbsp;<a href=\"https:\/\/ikf.ac.at\/wp-content\/uploads\/2021\/04\/High-Risk_Victims_Endbericht_20120206.pdf\" target=\"_blank\" rel=\"noopener\">Final Report (german)<\/a><\/td>\n<td style=\"width: 30.0392%;\"><\/td>\n<\/tr>\n<\/tbody>\n<\/table>\n<\/div>\n<\/div><\/div><\/div><\/div><\/div>\n\n\n<div style=\"color:#404168\" class=\"wp-block-genesis-blocks-gb-spacer gb-block-spacer gb-divider-solid gb-spacer-divider gb-divider-size-1\"><hr style=\"height:3px\"\/><\/div>\n\n\n\n<div style=\"color:#404168\" class=\"wp-block-genesis-blocks-gb-spacer gb-block-spacer gb-divider-solid gb-divider-size-1\"><hr style=\"height:10px\"\/><\/div>\n\n\n<div id=\"pl-gb2684-69f23fdc6e59b\"  class=\"panel-layout\" ><div id=\"pg-gb2684-69f23fdc6e59b-0\"  class=\"panel-grid panel-no-style\" ><div id=\"pgc-gb2684-69f23fdc6e59b-0-0\"  class=\"panel-grid-cell panel-grid-cell-empty\" ><\/div><div id=\"pgc-gb2684-69f23fdc6e59b-0-1\"  class=\"panel-grid-cell panel-grid-cell-mobile-last\" ><div id=\"panel-gb2684-69f23fdc6e59b-0-1-0\" class=\"so-panel widget widget_text panel-first-child panel-last-child\" data-index=\"0\" >\t\t\t<div class=\"textwidget\"><p align=\"justify\">Bei der Studie handelt sich um eine Totalerhebung der Verurteilungen aus den Jahren 2008 bis 2010, bei denen der T\u00e4ter\/die T\u00e4terin wegen (versuchten) Mordes oder Totschlags als Beziehungsdelikt angezeigt oder angeklagt worden war. Analysiert wurden 39 Strafverfahren gegen m\u00e4nnliche T\u00e4ter und acht Verfahren gegen Frauen.<\/p>\n<p align=\"justify\">21 M\u00e4nner wurden wegen (versuchten) Mordes und sieben aufgrund (versuchten) Totschlags verurteilt. In sieben weiteren F\u00e4llen attestierte das psychiatrische Gutachten dem T\u00e4ter eine &#8220;geistige oder seelische Abartigkeit h\u00f6heren Grades&#8221;, was eine Anstaltsunterbringung zur Folge hatte. Drei T\u00e4ter wurden wegen weniger schwerwiegender Delikte verurteilt und ein junger Mann beging vor Abschluss des Verfahrens Selbstmord.<\/p>\n<p align=\"justify\">Was sind Spezifika der vollendeten oder versuchten T\u00f6tungsdelikte? Das Risiko f\u00fcr eine Frau, Opfer eines Beziehungsmordes zu werden, ist besonders hoch<\/p>\n<ul>\n<li>in einer Partnerschaft mit Gewaltvorgeschichte<\/li>\n<li>wenn sich die Frau trennen m\u00f6chte<\/li>\n<li>wenn der Partner eifers\u00fcchtig ist<\/li>\n<li>f\u00fcr Migrantinnen bzw. Frauen in binationalen Beziehungen<\/li>\n<li>und f\u00fcr Frauen, deren Partner arbeitslos (bzw., wenn auch in geringerem Ausma\u00df,<\/li>\n<li>(fr\u00fch-)pensioniert) ist, insbesondere, wenn sie selbst berufst\u00e4tig sind.<\/li>\n<\/ul>\n<p align=\"justify\">Eine Gewaltvorgeschichte war in mehr als der H\u00e4lfte der Verfahren aktenkundig, und es handelte sich dabei \u00fcberwiegend um verfestigte Gewalt, die sich teilweise bereits \u00fcber Jahrzehnte erstreckt hatte. Einschl\u00e4gige Vorstrafen wegen K\u00f6rperverletzung wiesen nur f\u00fcnf T\u00e4ter auf. Acht Frauen waren vor dem gegenst\u00e4ndlichen Verbrechen in Kontakt mit einem Gewaltschutzzentrum bzw. einer Interventionsstelle gewesen \u2013 das ist nur ein gutes Drittel (36,4 Prozent) derjenigen, die vor dem (versuchten) Mord oder Totschlag Gewalt erlebt hatten. Die geringe Zahl von Polizeiinterventionen und Einstweiligen Verf\u00fcgungen im Vorfeld der Tat verweist darauf, dass &#8220;high-risk victims&#8221; das Instrumentarium des Gewaltschutzgesetzes nicht oder kaum n\u00fctzen. Wenn es doch zu Einschreitungen der Polizei kam, versuchten die Frauen immer wieder Gewalt zu bagatellisieren und ihren Partner zu sch\u00fctzen. Diese Strategien sind gerade bei Frauen, die in Gewaltbeziehungen leben, bekannt, und es liegt insbesondere an der Exekutive, mit diesem Wissen im Hintergrund sorgf\u00e4ltig einzuschreiten.<\/p>\n<p align=\"justify\">Der gro\u00dfe Anteil von Beziehungen, die sich auf Initiative der Frauen zum Tatzeitpunkt entweder bereits faktisch in einer Phase der Aufl\u00f6sung befanden oder in denen die Frau zumindest ihren Trennungswunsch ausgesprochen hatte, best\u00e4tigt, was aus Forschungen zu Partnergewalt bereits seit langem bekannt ist: In Trennungsphasen besteht ein sehr hohes Risiko massiver Gewaltanwendung: Mehr als zwei Drittel der recherchierten Delikte stehen in Zusammenhang mit dem konkreten oder phantasierten Ende der Beziehung, verbunden mit Eifersucht und Besitzdenken.<\/p>\n<p align=\"justify\">Abgesehen von den genannten Risikofaktoren scheinen zwei weitere Auff\u00e4lligkeiten erw\u00e4hnenswert: Zum einen wurde fast einem F\u00fcnftel (18 Prozent) der T\u00e4ter eine &#8220;geistige oder seelische Abartigkeit von h\u00f6herem Grad&#8221; (\u00a7 21 StGB) attestiert, was im Regelfall zur Einweisung in eine Anstalt f\u00fcr geistig abnorme Rechtsbrecher f\u00fchrt. Zum anderen hatten vier von 39 T\u00e4\u00e4tern Selbstmorddrohungen, sei es gegen\u00fcber der Partnerin, sei es gegen\u00fcber anderen Personen, ge\u00e4u\u00dfert; dabei ist zu ber\u00fccksichtigen, dass sogenannte erweiterte Suizide in dieser Studie aus methodischen Gr\u00fcnden (kein Strafverfahren) nicht einbezogen werden konnten, es insgesamt also vermutlich deutlich mehr M\u00e4nner gibt, die ihren Suizid angek\u00fcndigt und dann erweiterten Selbstmord begangen haben.<\/p>\n<p align=\"justify\">Durch die von M\u00e4nnern begangenen Taten wurden 18 Frauen get\u00f6tet, 21 \u00fcberlebten.<\/p>\n<p align=\"justify\">Von den wegen Mordes bzw. Mordversuchs angezeigten und\/oder angeklagten acht Frauen wurde eine wegen Mordes verurteilt und eine andere wegen fahrl\u00e4ssiger T\u00f6tung unter besonders gef\u00e4hrlichen Verh\u00e4ltnissen. Bei f\u00fcnf weiteren T\u00e4terinnen lautete das Urteil auf (absichtlich) schwere K\u00f6rperverletzung, drei von ihnen erhielten (teil-)bedingte Strafen. Bei einer T\u00e4terin schlie\u00dflich erging, weil sie zum Tatzeitpunkt unzurechnungsf\u00e4hig gewesen war, kein Urteil, sondern das Gericht ordnete ihre Unterbringung in einer Anstalt f\u00fcr geistig abnorme Rechtsbrecher an.<\/p>\n<p align=\"justify\">Die Gewalttaten von Frauen erfolgten weitgehend in deutlich anderen Kontexten als die von M\u00e4nnern. So f\u00e4llt etwa (bei aller Vorsicht wegen des kleinen Samples) auf, dass in denjenigen Beziehungen, in denen es bereits zu fr\u00fcheren Gewalthandlungen gekommen war, in jedem Fall der Partner auch gewaltt\u00e4tig gewesen war \u2013 was umgekehrt sehr selten vorkam. Eifersucht der Angreiferin oder der Trennungswunsch des Partners spielten keine Rolle als Streitausl\u00f6ser. Anders als bei den m\u00e4nnlichen T\u00e4tern, bei denen eine Alkoholisierung entgegen den Erwartungen eine relativ geringe Rolle spielte, waren fast zwei Drittel der T\u00e4terinnen zum Tatzeitpunkt alkoholisiert.<\/p>\n<p align=\"justify\">Will man versuchen, auf Basis dieser acht F\u00e4lle den typischen Fall einer Beziehungstat von Frauen zu skizzieren, dann handelte es sich bei der T\u00e4terin um eine Frau, die in einer Partnerschaft lebt, in der beide bereits gewaltt\u00e4tig wurden. Das Paar h\u00e4lt sich in der gemeinsamen Wohnung auf, beide sind betrunken, das aggressive Verhalten des Mannes f\u00fchrt zu einem Streit, in dessen Verlauf er die Wohnung verlassen will. Die Frau verletzt den Partner in einem Wutanfall mit einem K\u00fcchenmesser und alarmiert daraufhin die Polizei oder die Rettung, weil sie \u00fcber die Folgen ihrer Gewalthandlung, die sie offenkundig nicht bedacht hat, erschrickt.<\/p>\n<p align=\"justify\">Der gr\u00f6\u00dfte Unterschied zwischen den Gewalthandlungen der Frauen und der M\u00e4nner liegt aber in der Massivit\u00e4t der Tat: Zwei der acht Opfer von Frauen wurden get\u00f6tet, nicht wie bei den M\u00e4nnern fast jedes zweite.<\/p>\n<\/div>\n\t\t<\/div><\/div><div id=\"pgc-gb2684-69f23fdc6e59b-0-2\"  class=\"panel-grid-cell panel-grid-cell-empty\" ><\/div><\/div><\/div>\n\n\n<div style=\"color:#333\" class=\"wp-block-genesis-blocks-gb-spacer gb-block-spacer gb-divider-solid gb-spacer-divider gb-divider-size-1\"><hr style=\"height:100px\"\/><\/div>\n<\/div><\/div><\/div>","protected":false},"excerpt":{"rendered":"","protected":false},"author":2,"featured_media":0,"parent":1561,"menu_order":42,"comment_status":"closed","ping_status":"closed","template":"","meta":{"footnotes":""},"class_list":["post-2684","page","type-page","status-publish","hentry","post"],"featured_image_src":null,"featured_image_src_square":null,"_links":{"self":[{"href":"https:\/\/ikf.ac.at\/en\/wp-json\/wp\/v2\/pages\/2684","targetHints":{"allow":["GET"]}}],"collection":[{"href":"https:\/\/ikf.ac.at\/en\/wp-json\/wp\/v2\/pages"}],"about":[{"href":"https:\/\/ikf.ac.at\/en\/wp-json\/wp\/v2\/types\/page"}],"author":[{"embeddable":true,"href":"https:\/\/ikf.ac.at\/en\/wp-json\/wp\/v2\/users\/2"}],"replies":[{"embeddable":true,"href":"https:\/\/ikf.ac.at\/en\/wp-json\/wp\/v2\/comments?post=2684"}],"version-history":[{"count":2,"href":"https:\/\/ikf.ac.at\/en\/wp-json\/wp\/v2\/pages\/2684\/revisions"}],"predecessor-version":[{"id":2686,"href":"https:\/\/ikf.ac.at\/en\/wp-json\/wp\/v2\/pages\/2684\/revisions\/2686"}],"up":[{"embeddable":true,"href":"https:\/\/ikf.ac.at\/en\/wp-json\/wp\/v2\/pages\/1561"}],"wp:attachment":[{"href":"https:\/\/ikf.ac.at\/en\/wp-json\/wp\/v2\/media?parent=2684"}],"curies":[{"name":"wp","href":"https:\/\/api.w.org\/{rel}","templated":true}]}}

2011: &#8220;High-Risk Victims&#8221; Tötungsdelikte in Beziehungen: Verurteilungen 2008-2010

<div class="wp-block-atomic-blocks-ab-container alignfull ab-block-container"><div class="ab-container-inside"><div class="ab-container-content"><div id="pl-gb2684-69f23fdc6d64b"  class="panel-layout" ><div id="pg-gb2684-69f23fdc6d64b-0"  class="panel-grid panel-no-style" ><div id="pgc-gb2684-69f23fdc6d64b-0-0"  class="panel-grid-cell" ><div id="panel-gb2684-69f23fdc6d64b-0-0-0" class="so-panel widget widget_media_image panel-first-child panel-last-child" data-index="0" ><img loading="lazy" decoding="async" width="2554" height="10" src="https://ikf.ac.at/wp-content/uploads/2021/01/linie_IKF.jpg" class="image wp-image-754  attachment-full size-full" alt="" style="max-width: 100%; height: auto;" srcset="https://ikf.ac.at/wp-content/uploads/2021/01/linie_IKF.jpg 2554w, https://ikf.ac.at/wp-content/uploads/2021/01/linie_IKF-300x1.jpg 300w, https://ikf.ac.at/wp-content/uploads/2021/01/linie_IKF-1024x4.jpg 1024w, https://ikf.ac.at/wp-content/uploads/2021/01/linie_IKF-768x3.jpg 768w, https://ikf.ac.at/wp-content/uploads/2021/01/linie_IKF-1536x6.jpg 1536w, https://ikf.ac.at/wp-content/uploads/2021/01/linie_IKF-2048x8.jpg 2048w" sizes="auto, (max-width: 2554px) 100vw, 2554px" /></div></div></div></div>


<div style="color:#ddd" class="wp-block-genesis-blocks-gb-spacer gb-block-spacer gb-divider-solid gb-divider-size-1"><hr style="height:30px"/></div>


<div id="pl-gb2684-69f23fdc6de31"  class="panel-layout" ><div id="pg-gb2684-69f23fdc6de31-0"  class="panel-grid panel-no-style" ><div id="pgc-gb2684-69f23fdc6de31-0-0"  class="panel-grid-cell panel-grid-cell-empty" ></div><div id="pgc-gb2684-69f23fdc6de31-0-1"  class="panel-grid-cell" ><div id="panel-gb2684-69f23fdc6de31-0-1-0" class="so-panel widget widget_sow-editor panel-first-child panel-last-child" data-index="0" ><div
			
			class="so-widget-sow-editor so-widget-sow-editor-base"
			
		>
<div class="siteorigin-widget-tinymce textwidget">
	<table style="height: 100px; width: 100%; border-collapse: collapse;" border="1" cellpadding="2">
<tbody>
<tr style="height: 24px;">
<td style="width: 15.8421%; height: 24px;">Project management:</td>
<td style="width: 84.1578%; height: 24px;" colspan="2" class="translation-block"><span style="font-size: x-large">Dr. Birgitt Haller</span></td>
</tr>
<tr>
<td style="width: 15.8421%;">
<hr />
</td>
<td style="width: 54.1186%;">
<hr />
</td>
<td style="width: 30.0392%;"></td>
</tr>
<tr>
<td style="width: 15.8421%;">Funded by:</td>
<td style="width: 54.1186%;" valign="top" width="80%">Bundeskanzleramt/ Bundesministerin für Frauen und öffentlichen Dienst</td>
<td style="width: 30.0392%;"></td>
</tr>
<tr>
<td style="width: 15.8421%;">
<hr />
</td>
<td style="width: 54.1186%;">
<hr />
</td>
<td style="width: 30.0392%; height: 24px;"></td>
</tr>
<tr style="height: 24px;">
<td style="width: 15.8421%; height: 24px;">Completed in:</td>
<td style="height: 24px; width: 84.1578%;" colspan="2">Dezember 2011</td>
</tr>
<tr>
<td style="width: 15.8421%;">
<hr />
</td>
<td style="width: 54.1186%;">
<hr />
</td>
<td style="width: 30.0392%;"></td>
</tr>
<tr>
<td style="width: 15.8421%;"></td>
<td style="width: 54.1186%;" valign="top" width="80%"><img loading="lazy" decoding="async" src="https://ikf.ac.at/wp-content/uploads/2021/03/Document-Folder-e1615278415108.png" width="28" height="28" align="left" /> &nbsp;<a href="https://ikf.ac.at/wp-content/uploads/2021/04/High-Risk_Victims_Endbericht_20120206.pdf" target="_blank" rel="noopener">Final Report (german)</a></td>
<td style="width: 30.0392%;"></td>
</tr>
</tbody>
</table>
</div>
</div></div></div></div></div>


<div style="color:#404168" class="wp-block-genesis-blocks-gb-spacer gb-block-spacer gb-divider-solid gb-spacer-divider gb-divider-size-1"><hr style="height:3px"/></div>



<div style="color:#404168" class="wp-block-genesis-blocks-gb-spacer gb-block-spacer gb-divider-solid gb-divider-size-1"><hr style="height:10px"/></div>


<div id="pl-gb2684-69f23fdc6e59b"  class="panel-layout" ><div id="pg-gb2684-69f23fdc6e59b-0"  class="panel-grid panel-no-style" ><div id="pgc-gb2684-69f23fdc6e59b-0-0"  class="panel-grid-cell panel-grid-cell-empty" ></div><div id="pgc-gb2684-69f23fdc6e59b-0-1"  class="panel-grid-cell panel-grid-cell-mobile-last" ><div id="panel-gb2684-69f23fdc6e59b-0-1-0" class="so-panel widget widget_text panel-first-child panel-last-child" data-index="0" >			<div class="textwidget"><p align="justify">Bei der Studie handelt sich um eine Totalerhebung der Verurteilungen aus den Jahren 2008 bis 2010, bei denen der Täter/die Täterin wegen (versuchten) Mordes oder Totschlags als Beziehungsdelikt angezeigt oder angeklagt worden war. Analysiert wurden 39 Strafverfahren gegen männliche Täter und acht Verfahren gegen Frauen.</p>
<p align="justify">21 Männer wurden wegen (versuchten) Mordes und sieben aufgrund (versuchten) Totschlags verurteilt. In sieben weiteren Fällen attestierte das psychiatrische Gutachten dem Täter eine &#8220;geistige oder seelische Abartigkeit höheren Grades&#8221;, was eine Anstaltsunterbringung zur Folge hatte. Drei Täter wurden wegen weniger schwerwiegender Delikte verurteilt und ein junger Mann beging vor Abschluss des Verfahrens Selbstmord.</p>
<p align="justify">Was sind Spezifika der vollendeten oder versuchten Tötungsdelikte? Das Risiko für eine Frau, Opfer eines Beziehungsmordes zu werden, ist besonders hoch</p>
<ul>
<li>in einer Partnerschaft mit Gewaltvorgeschichte</li>
<li>wenn sich die Frau trennen möchte</li>
<li>wenn der Partner eifersüchtig ist</li>
<li>für Migrantinnen bzw. Frauen in binationalen Beziehungen</li>
<li>und für Frauen, deren Partner arbeitslos (bzw., wenn auch in geringerem Ausmaß,</li>
<li>(früh-)pensioniert) ist, insbesondere, wenn sie selbst berufstätig sind.</li>
</ul>
<p align="justify">Eine Gewaltvorgeschichte war in mehr als der Hälfte der Verfahren aktenkundig, und es handelte sich dabei überwiegend um verfestigte Gewalt, die sich teilweise bereits über Jahrzehnte erstreckt hatte. Einschlägige Vorstrafen wegen Körperverletzung wiesen nur fünf Täter auf. Acht Frauen waren vor dem gegenständlichen Verbrechen in Kontakt mit einem Gewaltschutzzentrum bzw. einer Interventionsstelle gewesen – das ist nur ein gutes Drittel (36,4 Prozent) derjenigen, die vor dem (versuchten) Mord oder Totschlag Gewalt erlebt hatten. Die geringe Zahl von Polizeiinterventionen und Einstweiligen Verfügungen im Vorfeld der Tat verweist darauf, dass &#8220;high-risk victims&#8221; das Instrumentarium des Gewaltschutzgesetzes nicht oder kaum nützen. Wenn es doch zu Einschreitungen der Polizei kam, versuchten die Frauen immer wieder Gewalt zu bagatellisieren und ihren Partner zu schützen. Diese Strategien sind gerade bei Frauen, die in Gewaltbeziehungen leben, bekannt, und es liegt insbesondere an der Exekutive, mit diesem Wissen im Hintergrund sorgfältig einzuschreiten.</p>
<p align="justify">Der große Anteil von Beziehungen, die sich auf Initiative der Frauen zum Tatzeitpunkt entweder bereits faktisch in einer Phase der Auflösung befanden oder in denen die Frau zumindest ihren Trennungswunsch ausgesprochen hatte, bestätigt, was aus Forschungen zu Partnergewalt bereits seit langem bekannt ist: In Trennungsphasen besteht ein sehr hohes Risiko massiver Gewaltanwendung: Mehr als zwei Drittel der recherchierten Delikte stehen in Zusammenhang mit dem konkreten oder phantasierten Ende der Beziehung, verbunden mit Eifersucht und Besitzdenken.</p>
<p align="justify">Abgesehen von den genannten Risikofaktoren scheinen zwei weitere Auffälligkeiten erwähnenswert: Zum einen wurde fast einem Fünftel (18 Prozent) der Täter eine &#8220;geistige oder seelische Abartigkeit von höherem Grad&#8221; (§ 21 StGB) attestiert, was im Regelfall zur Einweisung in eine Anstalt für geistig abnorme Rechtsbrecher führt. Zum anderen hatten vier von 39 Täätern Selbstmorddrohungen, sei es gegenüber der Partnerin, sei es gegenüber anderen Personen, geäußert; dabei ist zu berücksichtigen, dass sogenannte erweiterte Suizide in dieser Studie aus methodischen Gründen (kein Strafverfahren) nicht einbezogen werden konnten, es insgesamt also vermutlich deutlich mehr Männer gibt, die ihren Suizid angekündigt und dann erweiterten Selbstmord begangen haben.</p>
<p align="justify">Durch die von Männern begangenen Taten wurden 18 Frauen getötet, 21 überlebten.</p>
<p align="justify">Von den wegen Mordes bzw. Mordversuchs angezeigten und/oder angeklagten acht Frauen wurde eine wegen Mordes verurteilt und eine andere wegen fahrlässiger Tötung unter besonders gefährlichen Verhältnissen. Bei fünf weiteren Täterinnen lautete das Urteil auf (absichtlich) schwere Körperverletzung, drei von ihnen erhielten (teil-)bedingte Strafen. Bei einer Täterin schließlich erging, weil sie zum Tatzeitpunkt unzurechnungsfähig gewesen war, kein Urteil, sondern das Gericht ordnete ihre Unterbringung in einer Anstalt für geistig abnorme Rechtsbrecher an.</p>
<p align="justify">Die Gewalttaten von Frauen erfolgten weitgehend in deutlich anderen Kontexten als die von Männern. So fällt etwa (bei aller Vorsicht wegen des kleinen Samples) auf, dass in denjenigen Beziehungen, in denen es bereits zu früheren Gewalthandlungen gekommen war, in jedem Fall der Partner auch gewalttätig gewesen war – was umgekehrt sehr selten vorkam. Eifersucht der Angreiferin oder der Trennungswunsch des Partners spielten keine Rolle als Streitauslöser. Anders als bei den männlichen Tätern, bei denen eine Alkoholisierung entgegen den Erwartungen eine relativ geringe Rolle spielte, waren fast zwei Drittel der Täterinnen zum Tatzeitpunkt alkoholisiert.</p>
<p align="justify">Will man versuchen, auf Basis dieser acht Fälle den typischen Fall einer Beziehungstat von Frauen zu skizzieren, dann handelte es sich bei der Täterin um eine Frau, die in einer Partnerschaft lebt, in der beide bereits gewalttätig wurden. Das Paar hält sich in der gemeinsamen Wohnung auf, beide sind betrunken, das aggressive Verhalten des Mannes führt zu einem Streit, in dessen Verlauf er die Wohnung verlassen will. Die Frau verletzt den Partner in einem Wutanfall mit einem Küchenmesser und alarmiert daraufhin die Polizei oder die Rettung, weil sie über die Folgen ihrer Gewalthandlung, die sie offenkundig nicht bedacht hat, erschrickt.</p>
<p align="justify">Der größte Unterschied zwischen den Gewalthandlungen der Frauen und der Männer liegt aber in der Massivität der Tat: Zwei der acht Opfer von Frauen wurden getötet, nicht wie bei den Männern fast jedes zweite.</p>
</div>
		</div></div><div id="pgc-gb2684-69f23fdc6e59b-0-2"  class="panel-grid-cell panel-grid-cell-empty" ></div></div></div>


<div style="color:#333" class="wp-block-genesis-blocks-gb-spacer gb-block-spacer gb-divider-solid gb-spacer-divider gb-divider-size-1"><hr style="height:100px"/></div>
</div></div></div>
