{"id":2681,"date":"2021-04-26T12:26:43","date_gmt":"2021-04-26T12:26:43","guid":{"rendered":"http:\/\/test-ikf.online\/?page_id=2681"},"modified":"2023-02-15T12:30:59","modified_gmt":"2023-02-15T12:30:59","slug":"2012-fokusgruppen-gewalt","status":"publish","type":"page","link":"https:\/\/ikf.ac.at\/en\/schwerpunkte\/sicherheit\/gewalt\/2012-fokusgruppen-gewalt","title":{"rendered":"2012: Fokusgruppen Gewalt"},"content":{"rendered":"<div class=\"wp-block-atomic-blocks-ab-container alignfull ab-block-container\"><div class=\"ab-container-inside\"><div class=\"ab-container-content\"><div id=\"pl-gb2681-69f2658837ad1\"  class=\"panel-layout\" ><div id=\"pg-gb2681-69f2658837ad1-0\"  class=\"panel-grid panel-no-style\" ><div id=\"pgc-gb2681-69f2658837ad1-0-0\"  class=\"panel-grid-cell\" ><div id=\"panel-gb2681-69f2658837ad1-0-0-0\" class=\"so-panel widget widget_media_image panel-first-child panel-last-child\" data-index=\"0\" ><img loading=\"lazy\" decoding=\"async\" width=\"2554\" height=\"10\" src=\"https:\/\/ikf.ac.at\/wp-content\/uploads\/2021\/01\/linie_IKF.jpg\" class=\"image wp-image-754  attachment-full size-full\" alt=\"\" style=\"max-width: 100%; height: auto;\" srcset=\"https:\/\/ikf.ac.at\/wp-content\/uploads\/2021\/01\/linie_IKF.jpg 2554w, https:\/\/ikf.ac.at\/wp-content\/uploads\/2021\/01\/linie_IKF-300x1.jpg 300w, https:\/\/ikf.ac.at\/wp-content\/uploads\/2021\/01\/linie_IKF-1024x4.jpg 1024w, https:\/\/ikf.ac.at\/wp-content\/uploads\/2021\/01\/linie_IKF-768x3.jpg 768w, https:\/\/ikf.ac.at\/wp-content\/uploads\/2021\/01\/linie_IKF-1536x6.jpg 1536w, https:\/\/ikf.ac.at\/wp-content\/uploads\/2021\/01\/linie_IKF-2048x8.jpg 2048w\" sizes=\"auto, (max-width: 2554px) 100vw, 2554px\" \/><\/div><\/div><\/div><\/div>\n\n\n<div style=\"color:#ddd\" class=\"wp-block-genesis-blocks-gb-spacer gb-block-spacer gb-divider-solid gb-divider-size-1\"><hr style=\"height:30px\"\/><\/div>\n\n\n<div id=\"pl-gb2681-69f265883834a\"  class=\"panel-layout\" ><div id=\"pg-gb2681-69f265883834a-0\"  class=\"panel-grid panel-no-style\" ><div id=\"pgc-gb2681-69f265883834a-0-0\"  class=\"panel-grid-cell panel-grid-cell-empty\" ><\/div><div id=\"pgc-gb2681-69f265883834a-0-1\"  class=\"panel-grid-cell\" ><div id=\"panel-gb2681-69f265883834a-0-1-0\" class=\"so-panel widget widget_sow-editor panel-first-child panel-last-child\" data-index=\"0\" ><div\n\t\t\t\n\t\t\tclass=\"so-widget-sow-editor so-widget-sow-editor-base\"\n\t\t\t\n\t\t>\n<div class=\"siteorigin-widget-tinymce textwidget\">\n\t<table style=\"height: 100px; width: 100%; border-collapse: collapse;\" border=\"1\" cellpadding=\"2\">\n<tbody>\n<tr style=\"height: 24px;\">\n<td style=\"width: 15.8421%; height: 24px;\">Project management:<\/td>\n<td style=\"width: 84.1578%; height: 24px;\" colspan=\"2\" class=\"translation-block\"><span style=\"font-size: x-large\">Dr. Birgitt Haller<\/span><\/td>\n<\/tr>\n<tr>\n<td style=\"width: 15.8421%;\">\n<hr \/>\n<\/td>\n<td style=\"width: 25.1713%;\">\n<hr \/>\n<\/td>\n<td style=\"width: 58.9865%; height: 24px;\"><\/td>\n<\/tr>\n<tr>\n<td style=\"width: 15.8421%;\">Implementation:<\/td>\n<td style=\"width: 84.1578%;\" colspan=\"2\">Dr.<sup>in<\/sup> Karin Bischof<br \/>\nMag. Dr. Stefanie Mayer<sup>a<\/sup> Bianca Tone<\/td>\n<\/tr>\n<tr>\n<td style=\"width: 15.8421%;\">\n<hr \/>\n<\/td>\n<td style=\"width: 25.1713%;\">\n<hr \/>\n<\/td>\n<td style=\"width: 58.9865%;\"><\/td>\n<\/tr>\n<tr>\n<td style=\"width: 15.8421%;\">Funded by:<\/td>\n<td style=\"width: 84.1578%;\" colspan=\"2\">24-Stunden Frauennotruf\/ MA 57<\/td>\n<\/tr>\n<tr>\n<td style=\"width: 15.8421%;\">\n<hr \/>\n<\/td>\n<td style=\"width: 25.1713%;\">\n<hr \/>\n<\/td>\n<td style=\"width: 58.9865%; height: 24px;\"><\/td>\n<\/tr>\n<tr style=\"height: 24px;\">\n<td style=\"width: 15.8421%; height: 24px;\">Completed in:<\/td>\n<td style=\"height: 24px; width: 84.1578%;\" colspan=\"2\">Oktober 2012<\/td>\n<\/tr>\n<\/tbody>\n<\/table>\n<\/div>\n<\/div><\/div><\/div><\/div><\/div>\n\n\n<div style=\"color:#404168\" class=\"wp-block-genesis-blocks-gb-spacer gb-block-spacer gb-divider-solid gb-spacer-divider gb-divider-size-1\"><hr style=\"height:3px\"\/><\/div>\n\n\n\n<div style=\"color:#404168\" class=\"wp-block-genesis-blocks-gb-spacer gb-block-spacer gb-divider-solid gb-divider-size-1\"><hr style=\"height:10px\"\/><\/div>\n\n\n<div id=\"pl-gb2681-69f26588389fd\"  class=\"panel-layout\" ><div id=\"pg-gb2681-69f26588389fd-0\"  class=\"panel-grid panel-no-style\" ><div id=\"pgc-gb2681-69f26588389fd-0-0\"  class=\"panel-grid-cell panel-grid-cell-empty\" ><\/div><div id=\"pgc-gb2681-69f26588389fd-0-1\"  class=\"panel-grid-cell panel-grid-cell-mobile-last\" ><div id=\"panel-gb2681-69f26588389fd-0-1-0\" class=\"so-panel widget widget_text panel-first-child panel-last-child\" data-index=\"0\" >\t\t\t<div class=\"textwidget\"><p align=\"justify\">Ziel der Studie war, Akzeptanz und Wirkung des 24-Stunden Frauennotrufs in bestimmten Altersgruppen von M\u00e4dchen und Frauen sowie deren Bedarf an weiteren Angeboten zu erheben. Themen der Fokusgruppen waren: Gewaltverst\u00e4ndnis, Thematisieren von\/ Zugang zu Gewalt, Umgang mit Gewalt sowie Wahrnehmung und W\u00fcnsche in Bezug auf Unterst\u00fctzungsangebote und Hilfe. Die damit gewonnenen Erkenntnisse \u00fcber Einstellungen und Handlungsmotivationen bilden die Grundlage f\u00fcr ein besseres Verst\u00e4ndnis von (Nicht-)Akzeptanz und Wirkung des 24-Stunden Frauennotrufs und sollen diesen bei einer m\u00f6glichen Modifikation der Angebote bzw. der \u00d6ffentlichkeitsarbeit unterst\u00fctzen.<\/p>\n<\/div>\n\t\t<\/div><\/div><div id=\"pgc-gb2681-69f26588389fd-0-2\"  class=\"panel-grid-cell panel-grid-cell-empty\" ><\/div><\/div><\/div>\n\n\n<div style=\"color:#333\" class=\"wp-block-genesis-blocks-gb-spacer gb-block-spacer gb-divider-solid gb-spacer-divider gb-divider-size-1\"><hr style=\"height:100px\"\/><\/div>\n<\/div><\/div><\/div>","protected":false},"excerpt":{"rendered":"","protected":false},"author":2,"featured_media":0,"parent":1561,"menu_order":41,"comment_status":"closed","ping_status":"closed","template":"","meta":{"footnotes":""},"class_list":["post-2681","page","type-page","status-publish","hentry","post"],"featured_image_src":null,"featured_image_src_square":null,"_links":{"self":[{"href":"https:\/\/ikf.ac.at\/en\/wp-json\/wp\/v2\/pages\/2681","targetHints":{"allow":["GET"]}}],"collection":[{"href":"https:\/\/ikf.ac.at\/en\/wp-json\/wp\/v2\/pages"}],"about":[{"href":"https:\/\/ikf.ac.at\/en\/wp-json\/wp\/v2\/types\/page"}],"author":[{"embeddable":true,"href":"https:\/\/ikf.ac.at\/en\/wp-json\/wp\/v2\/users\/2"}],"replies":[{"embeddable":true,"href":"https:\/\/ikf.ac.at\/en\/wp-json\/wp\/v2\/comments?post=2681"}],"version-history":[{"count":2,"href":"https:\/\/ikf.ac.at\/en\/wp-json\/wp\/v2\/pages\/2681\/revisions"}],"predecessor-version":[{"id":3779,"href":"https:\/\/ikf.ac.at\/en\/wp-json\/wp\/v2\/pages\/2681\/revisions\/3779"}],"up":[{"embeddable":true,"href":"https:\/\/ikf.ac.at\/en\/wp-json\/wp\/v2\/pages\/1561"}],"wp:attachment":[{"href":"https:\/\/ikf.ac.at\/en\/wp-json\/wp\/v2\/media?parent=2681"}],"curies":[{"name":"wp","href":"https:\/\/api.w.org\/{rel}","templated":true}]}}

<div class="wp-block-atomic-blocks-ab-container alignfull ab-block-container"><div class="ab-container-inside"><div class="ab-container-content"><div id="pl-gb2681-69f2658837ad1"  class="panel-layout" ><div id="pg-gb2681-69f2658837ad1-0"  class="panel-grid panel-no-style" ><div id="pgc-gb2681-69f2658837ad1-0-0"  class="panel-grid-cell" ><div id="panel-gb2681-69f2658837ad1-0-0-0" class="so-panel widget widget_media_image panel-first-child panel-last-child" data-index="0" ><img loading="lazy" decoding="async" width="2554" height="10" src="https://ikf.ac.at/wp-content/uploads/2021/01/linie_IKF.jpg" class="image wp-image-754  attachment-full size-full" alt="" style="max-width: 100%; height: auto;" srcset="https://ikf.ac.at/wp-content/uploads/2021/01/linie_IKF.jpg 2554w, https://ikf.ac.at/wp-content/uploads/2021/01/linie_IKF-300x1.jpg 300w, https://ikf.ac.at/wp-content/uploads/2021/01/linie_IKF-1024x4.jpg 1024w, https://ikf.ac.at/wp-content/uploads/2021/01/linie_IKF-768x3.jpg 768w, https://ikf.ac.at/wp-content/uploads/2021/01/linie_IKF-1536x6.jpg 1536w, https://ikf.ac.at/wp-content/uploads/2021/01/linie_IKF-2048x8.jpg 2048w" sizes="auto, (max-width: 2554px) 100vw, 2554px" /></div></div></div></div>


<div style="color:#ddd" class="wp-block-genesis-blocks-gb-spacer gb-block-spacer gb-divider-solid gb-divider-size-1"><hr style="height:30px"/></div>


<div id="pl-gb2681-69f265883834a"  class="panel-layout" ><div id="pg-gb2681-69f265883834a-0"  class="panel-grid panel-no-style" ><div id="pgc-gb2681-69f265883834a-0-0"  class="panel-grid-cell panel-grid-cell-empty" ></div><div id="pgc-gb2681-69f265883834a-0-1"  class="panel-grid-cell" ><div id="panel-gb2681-69f265883834a-0-1-0" class="so-panel widget widget_sow-editor panel-first-child panel-last-child" data-index="0" ><div
			
			class="so-widget-sow-editor so-widget-sow-editor-base"
			
		>
<div class="siteorigin-widget-tinymce textwidget">
	<table style="height: 100px; width: 100%; border-collapse: collapse;" border="1" cellpadding="2">
<tbody>
<tr style="height: 24px;">
<td style="width: 15.8421%; height: 24px;">Project management:</td>
<td style="width: 84.1578%; height: 24px;" colspan="2" class="translation-block"><span style="font-size: x-large">Dr. Birgitt Haller</span></td>
</tr>
<tr>
<td style="width: 15.8421%;">
<hr />
</td>
<td style="width: 25.1713%;">
<hr />
</td>
<td style="width: 58.9865%; height: 24px;"></td>
</tr>
<tr>
<td style="width: 15.8421%;">Implementation:</td>
<td style="width: 84.1578%;" colspan="2">Dr.<sup>in</sup> Karin Bischof<br />
Mag. Dr. Stefanie Mayer<sup>a</sup> Bianca Tone</td>
</tr>
<tr>
<td style="width: 15.8421%;">
<hr />
</td>
<td style="width: 25.1713%;">
<hr />
</td>
<td style="width: 58.9865%;"></td>
</tr>
<tr>
<td style="width: 15.8421%;">Funded by:</td>
<td style="width: 84.1578%;" colspan="2">24-Stunden Frauennotruf/ MA 57</td>
</tr>
<tr>
<td style="width: 15.8421%;">
<hr />
</td>
<td style="width: 25.1713%;">
<hr />
</td>
<td style="width: 58.9865%; height: 24px;"></td>
</tr>
<tr style="height: 24px;">
<td style="width: 15.8421%; height: 24px;">Completed in:</td>
<td style="height: 24px; width: 84.1578%;" colspan="2">Oktober 2012</td>
</tr>
</tbody>
</table>
</div>
</div></div></div></div></div>


<div style="color:#404168" class="wp-block-genesis-blocks-gb-spacer gb-block-spacer gb-divider-solid gb-spacer-divider gb-divider-size-1"><hr style="height:3px"/></div>



<div style="color:#404168" class="wp-block-genesis-blocks-gb-spacer gb-block-spacer gb-divider-solid gb-divider-size-1"><hr style="height:10px"/></div>


<div id="pl-gb2681-69f26588389fd"  class="panel-layout" ><div id="pg-gb2681-69f26588389fd-0"  class="panel-grid panel-no-style" ><div id="pgc-gb2681-69f26588389fd-0-0"  class="panel-grid-cell panel-grid-cell-empty" ></div><div id="pgc-gb2681-69f26588389fd-0-1"  class="panel-grid-cell panel-grid-cell-mobile-last" ><div id="panel-gb2681-69f26588389fd-0-1-0" class="so-panel widget widget_text panel-first-child panel-last-child" data-index="0" >			<div class="textwidget"><p align="justify">Ziel der Studie war, Akzeptanz und Wirkung des 24-Stunden Frauennotrufs in bestimmten Altersgruppen von Mädchen und Frauen sowie deren Bedarf an weiteren Angeboten zu erheben. Themen der Fokusgruppen waren: Gewaltverständnis, Thematisieren von/ Zugang zu Gewalt, Umgang mit Gewalt sowie Wahrnehmung und Wünsche in Bezug auf Unterstützungsangebote und Hilfe. Die damit gewonnenen Erkenntnisse über Einstellungen und Handlungsmotivationen bilden die Grundlage für ein besseres Verständnis von (Nicht-)Akzeptanz und Wirkung des 24-Stunden Frauennotrufs und sollen diesen bei einer möglichen Modifikation der Angebote bzw. der Öffentlichkeitsarbeit unterstützen.</p>
</div>
		</div></div><div id="pgc-gb2681-69f26588389fd-0-2"  class="panel-grid-cell panel-grid-cell-empty" ></div></div></div>


<div style="color:#333" class="wp-block-genesis-blocks-gb-spacer gb-block-spacer gb-divider-solid gb-spacer-divider gb-divider-size-1"><hr style="height:100px"/></div>
</div></div></div>
