{"id":2563,"date":"2021-04-15T12:06:13","date_gmt":"2021-04-15T12:06:13","guid":{"rendered":"http:\/\/test-ikf.online\/?page_id=2563"},"modified":"2021-04-15T12:07:09","modified_gmt":"2021-04-15T12:07:09","slug":"1995-situation-ersten-generation-arbeitsmigranten-wien","status":"publish","type":"page","link":"https:\/\/ikf.ac.at\/en\/schwerpunkte\/cleavages\/integration-migration\/1995-situation-ersten-generation-arbeitsmigranten-wien","title":{"rendered":"1995: Situation der ersten Generation t\u00fcrkischer, serbischer und bosnischer Arbeitsmigranten in Wien &#8211; unter Ber\u00fccksichtigung der Akkulturation der zweiten Generation"},"content":{"rendered":"<div class=\"wp-block-atomic-blocks-ab-container alignfull ab-block-container\"><div class=\"ab-container-inside\"><div class=\"ab-container-content\"><div id=\"pl-gb2563-69f2667ec7447\"  class=\"panel-layout\" ><div id=\"pg-gb2563-69f2667ec7447-0\"  class=\"panel-grid panel-no-style\" ><div id=\"pgc-gb2563-69f2667ec7447-0-0\"  class=\"panel-grid-cell\" ><div id=\"panel-gb2563-69f2667ec7447-0-0-0\" class=\"so-panel widget widget_media_image panel-first-child panel-last-child\" data-index=\"0\" ><img loading=\"lazy\" decoding=\"async\" width=\"2554\" height=\"10\" src=\"https:\/\/ikf.ac.at\/wp-content\/uploads\/2021\/01\/linie_IKF.jpg\" class=\"image wp-image-754  attachment-full size-full\" alt=\"\" style=\"max-width: 100%; height: auto;\" srcset=\"https:\/\/ikf.ac.at\/wp-content\/uploads\/2021\/01\/linie_IKF.jpg 2554w, https:\/\/ikf.ac.at\/wp-content\/uploads\/2021\/01\/linie_IKF-300x1.jpg 300w, https:\/\/ikf.ac.at\/wp-content\/uploads\/2021\/01\/linie_IKF-1024x4.jpg 1024w, https:\/\/ikf.ac.at\/wp-content\/uploads\/2021\/01\/linie_IKF-768x3.jpg 768w, https:\/\/ikf.ac.at\/wp-content\/uploads\/2021\/01\/linie_IKF-1536x6.jpg 1536w, https:\/\/ikf.ac.at\/wp-content\/uploads\/2021\/01\/linie_IKF-2048x8.jpg 2048w\" sizes=\"auto, (max-width: 2554px) 100vw, 2554px\" \/><\/div><\/div><\/div><\/div>\n\n\n<div style=\"color:#ddd\" class=\"wp-block-genesis-blocks-gb-spacer gb-block-spacer gb-divider-solid gb-divider-size-1\"><hr style=\"height:30px\"\/><\/div>\n\n\n<div id=\"pl-gb2563-69f2667ec78d9\"  class=\"panel-layout\" ><div id=\"pg-gb2563-69f2667ec78d9-0\"  class=\"panel-grid panel-no-style\" ><div id=\"pgc-gb2563-69f2667ec78d9-0-0\"  class=\"panel-grid-cell panel-grid-cell-empty\" ><\/div><div id=\"pgc-gb2563-69f2667ec78d9-0-1\"  class=\"panel-grid-cell\" ><div id=\"panel-gb2563-69f2667ec78d9-0-1-0\" class=\"so-panel widget widget_sow-editor panel-first-child panel-last-child\" data-index=\"0\" ><div\n\t\t\t\n\t\t\tclass=\"so-widget-sow-editor so-widget-sow-editor-base\"\n\t\t\t\n\t\t>\n<div class=\"siteorigin-widget-tinymce textwidget\">\n\t<table style=\"height: 100px; width: 100%; border-collapse: collapse;\" border=\"1\" cellpadding=\"2\">\n<tbody>\n<tr style=\"height: 24px;\">\n<td style=\"width: 15.8421%; height: 24px;\">Project management:<\/td>\n<td style=\"width: 84.1578%; height: 24px;\" colspan=\"2\">Univ.-Prof. Dr. Anton Pelinka<\/td>\n<\/tr>\n<tr>\n<td style=\"width: 15.8421%;\">\n<hr \/>\n<\/td>\n<td style=\"width: 33.2659%;\">\n<hr \/>\n<\/td>\n<td style=\"width: 50.8919%; height: 24px;\"><\/td>\n<\/tr>\n<tr>\n<td style=\"width: 15.8421%;\">Implementation:<\/td>\n<td style=\"width: 84.1578%;\" colspan=\"2\">Mag. Marcus-Constantin Beiwl<br \/>\nMag. Regina Haberfellner<br \/>\nDDr. Hubert Sickinger<\/td>\n<\/tr>\n<tr>\n<td style=\"width: 15.8421%;\">\n<hr \/>\n<\/td>\n<td style=\"width: 33.2659%;\">\n<hr \/>\n<\/td>\n<td style=\"width: 50.8919%;\"><\/td>\n<\/tr>\n<tr>\n<td style=\"width: 15.8421%;\">Funded by:<\/td>\n<td style=\"width: 84.1578%;\" colspan=\"2\">Wiener Internationale Zukunftskonferenz<\/td>\n<\/tr>\n<tr>\n<td style=\"width: 15.8421%;\">\n<hr \/>\n<\/td>\n<td style=\"width: 33.2659%;\">\n<hr \/>\n<\/td>\n<td style=\"width: 50.8919%; height: 24px;\"><\/td>\n<\/tr>\n<tr style=\"height: 24px;\">\n<td style=\"width: 15.8421%; height: 24px;\">Completed in:<\/td>\n<td style=\"width: 33.2659%;\" valign=\"top\" width=\"80%\">September 1995<\/td>\n<td style=\"width: 50.8919%;\"><\/td>\n<\/tr>\n<\/tbody>\n<\/table>\n<\/div>\n<\/div><\/div><\/div><\/div><\/div>\n\n\n<div style=\"color:#404168\" class=\"wp-block-genesis-blocks-gb-spacer gb-block-spacer gb-divider-solid gb-spacer-divider gb-divider-size-1\"><hr style=\"height:3px\"\/><\/div>\n\n\n\n<div style=\"color:#404168\" class=\"wp-block-genesis-blocks-gb-spacer gb-block-spacer gb-divider-solid gb-divider-size-1\"><hr style=\"height:10px\"\/><\/div>\n\n\n<div id=\"pl-gb2563-69f2667ec7cdf\"  class=\"panel-layout\" ><div id=\"pg-gb2563-69f2667ec7cdf-0\"  class=\"panel-grid panel-no-style\" ><div id=\"pgc-gb2563-69f2667ec7cdf-0-0\"  class=\"panel-grid-cell panel-grid-cell-empty\" ><\/div><div id=\"pgc-gb2563-69f2667ec7cdf-0-1\"  class=\"panel-grid-cell panel-grid-cell-mobile-last\" ><div id=\"panel-gb2563-69f2667ec7cdf-0-1-0\" class=\"so-panel widget widget_text panel-first-child panel-last-child\" data-index=\"0\" >\t\t\t<div class=\"textwidget\"><p align=\"justify\">Die Studie erhebt zum einen die konkrete Situation von Migrantinnen und Migranten aus dem ehemaligen Jugoslawien und aus der T\u00fcrkei in Wien &#8211; Entscheidungsschritte, die dem Migrationsentscheid vorausgegangen sind, werden dargestellt -, zum anderen wird die politische Situation von Migrantinnen und Migranten in \u00d6sterreich mit dem Schwerpunkt Wien analysiert.<\/p>\n<p align=\"justify\">Einzelne Abschnitte behandeln die Situation von Migrantinnen und Migranten in ihren Ursprungsstaaten, die Vorstellungen, die die Befragten von &#8220;Europa&#8221; hatten, die Motive hinsichtlich der Migration nach \u00d6sterreich &#8211; es war zum Beispiel verbl\u00fcffend, wie wenig die Interviewten \u00fcber \u00d6sterreich wu\u00dften -, das Zustandekommen des Wanderungsentscheids und die die Wanderung unterst\u00fctzenden sozialen Netzwerke.<\/p>\n<p align=\"justify\">Ausf\u00fchrliche Teile sind der ersten Phase des Aufenthalts in Wien, den anf\u00e4nglichen Schwierigkeiten, den Problemen mit Arbeit und Wohnung und Aspekten der Isolation gewidmet. Das Themenspektrum umfa\u00dft zudem Fragen zur Akkulturation, zum Stellenwert von Br\u00e4uchen und Sitten des Herkunftslandes, zur Wahrnehmung der spezifischen Situation als Migrantin oder Migrant, zu Fremdenfeindlichkeit, zur Zufriedenheit mit der beruflichen T\u00e4tigkeit, zu Freizeitaktivit\u00e4ten, zu R\u00fcckkehrabsichten und zum politischen Interesse.<\/p>\n<p align=\"justify\">Untersucht wird, in welcher Art Migrantinnen und Migranten spezifische Strukturen einer\u00a0<em>ethnic community<\/em>\u00a0in Wien ausbilden (Wohnviertel, spezifische Kommunikationsstrukturen, Caf\u00e9s, Wochenendgestaltung), welche sozialen Kontakte innerhalb der Migrantenpopulation bestehen und in welchem Ausma\u00df Kontakte mit der Wiener Bev\u00f6lkerung existieren.<\/p>\n<p><p align=\"justify\">Der Studie liegen zwei Ziele zugrunde, zum einen die Beschreibung der Situation von Arbeitsmigrantinnen und migranten aus dem ehemaligen Jugoslawien und aus der T\u00fcrkei in Wien a<em>us deren Sicht<\/em>, zum anderen eine Analyse der Politik, die zur Zeit in diesem Politikfeld verfolgt wird, um aus dieser Perspektive problemad\u00e4quat und anwendungsorientiert Ma\u00dfnahmen und Probleml\u00f6sungsstrategien auszuarbeiten.<\/p>\n<p align=\"justify\">Ausl\u00e4nderpolitik wird unter dem Aspekt des\u00a0<em>Zuzugs<\/em>\u00a0und des\u00a0<em>Aufenthalts<\/em>\u00a0diskutiert, der Schwerpunkt liegt auf den M\u00f6glichkeiten zur Integration ausl\u00e4ndischer Staatsb\u00fcrger. Diesbez\u00fcglich werden Spezifika dieses Politikfeldes erl\u00e4utert, die politischen Entwicklungen in diesem Bereich dargestellt, Positionsverschiebungen der \u00f6sterreichischen Parlamentsparteien rekonstruiert, demoskopische Umfrageergebnisse herangezogen, Optionen einer m\u00f6glichen Integrationspolitik analysiert und ein Ma\u00dfnahmenkatalog erarbeitet.<\/p>\n<p align=\"justify\">Das Ziel der Studie liegt in der De-Eskalation eines entlang der Konfliktlinie\u00a0<em>Ethnizit\u00e4t<\/em>\u00a0angelegten Konfliktpotentials und in einer Entsch\u00e4rfung der entlang dieser Bruchlinie auftretenden Spannungen zwischen &#8220;Inl\u00e4ndern&#8221; und &#8220;Ausl\u00e4ndern&#8221;.<\/p>\n<\/div>\n\t\t<\/div><\/div><div id=\"pgc-gb2563-69f2667ec7cdf-0-2\"  class=\"panel-grid-cell panel-grid-cell-empty\" ><\/div><\/div><\/div>\n\n\n<div style=\"color:#333\" class=\"wp-block-genesis-blocks-gb-spacer gb-block-spacer gb-divider-solid gb-spacer-divider gb-divider-size-1\"><hr style=\"height:100px\"\/><\/div>\n<\/div><\/div><\/div>","protected":false},"excerpt":{"rendered":"","protected":false},"author":2,"featured_media":0,"parent":457,"menu_order":47,"comment_status":"closed","ping_status":"closed","template":"","meta":{"footnotes":""},"class_list":["post-2563","page","type-page","status-publish","hentry","post"],"featured_image_src":null,"featured_image_src_square":null,"_links":{"self":[{"href":"https:\/\/ikf.ac.at\/en\/wp-json\/wp\/v2\/pages\/2563","targetHints":{"allow":["GET"]}}],"collection":[{"href":"https:\/\/ikf.ac.at\/en\/wp-json\/wp\/v2\/pages"}],"about":[{"href":"https:\/\/ikf.ac.at\/en\/wp-json\/wp\/v2\/types\/page"}],"author":[{"embeddable":true,"href":"https:\/\/ikf.ac.at\/en\/wp-json\/wp\/v2\/users\/2"}],"replies":[{"embeddable":true,"href":"https:\/\/ikf.ac.at\/en\/wp-json\/wp\/v2\/comments?post=2563"}],"version-history":[{"count":4,"href":"https:\/\/ikf.ac.at\/en\/wp-json\/wp\/v2\/pages\/2563\/revisions"}],"predecessor-version":[{"id":2567,"href":"https:\/\/ikf.ac.at\/en\/wp-json\/wp\/v2\/pages\/2563\/revisions\/2567"}],"up":[{"embeddable":true,"href":"https:\/\/ikf.ac.at\/en\/wp-json\/wp\/v2\/pages\/457"}],"wp:attachment":[{"href":"https:\/\/ikf.ac.at\/en\/wp-json\/wp\/v2\/media?parent=2563"}],"curies":[{"name":"wp","href":"https:\/\/api.w.org\/{rel}","templated":true}]}}

1995: Situation der ersten Generation türkischer, serbischer und bosnischer Arbeitsmigranten in Wien &#8211; unter Berücksichtigung der Akkulturation der zweiten Generation

<div class="wp-block-atomic-blocks-ab-container alignfull ab-block-container"><div class="ab-container-inside"><div class="ab-container-content"><div id="pl-gb2563-69f2667ec7447"  class="panel-layout" ><div id="pg-gb2563-69f2667ec7447-0"  class="panel-grid panel-no-style" ><div id="pgc-gb2563-69f2667ec7447-0-0"  class="panel-grid-cell" ><div id="panel-gb2563-69f2667ec7447-0-0-0" class="so-panel widget widget_media_image panel-first-child panel-last-child" data-index="0" ><img loading="lazy" decoding="async" width="2554" height="10" src="https://ikf.ac.at/wp-content/uploads/2021/01/linie_IKF.jpg" class="image wp-image-754  attachment-full size-full" alt="" style="max-width: 100%; height: auto;" srcset="https://ikf.ac.at/wp-content/uploads/2021/01/linie_IKF.jpg 2554w, https://ikf.ac.at/wp-content/uploads/2021/01/linie_IKF-300x1.jpg 300w, https://ikf.ac.at/wp-content/uploads/2021/01/linie_IKF-1024x4.jpg 1024w, https://ikf.ac.at/wp-content/uploads/2021/01/linie_IKF-768x3.jpg 768w, https://ikf.ac.at/wp-content/uploads/2021/01/linie_IKF-1536x6.jpg 1536w, https://ikf.ac.at/wp-content/uploads/2021/01/linie_IKF-2048x8.jpg 2048w" sizes="auto, (max-width: 2554px) 100vw, 2554px" /></div></div></div></div>


<div style="color:#ddd" class="wp-block-genesis-blocks-gb-spacer gb-block-spacer gb-divider-solid gb-divider-size-1"><hr style="height:30px"/></div>


<div id="pl-gb2563-69f2667ec78d9"  class="panel-layout" ><div id="pg-gb2563-69f2667ec78d9-0"  class="panel-grid panel-no-style" ><div id="pgc-gb2563-69f2667ec78d9-0-0"  class="panel-grid-cell panel-grid-cell-empty" ></div><div id="pgc-gb2563-69f2667ec78d9-0-1"  class="panel-grid-cell" ><div id="panel-gb2563-69f2667ec78d9-0-1-0" class="so-panel widget widget_sow-editor panel-first-child panel-last-child" data-index="0" ><div
			
			class="so-widget-sow-editor so-widget-sow-editor-base"
			
		>
<div class="siteorigin-widget-tinymce textwidget">
	<table style="height: 100px; width: 100%; border-collapse: collapse;" border="1" cellpadding="2">
<tbody>
<tr style="height: 24px;">
<td style="width: 15.8421%; height: 24px;">Project management:</td>
<td style="width: 84.1578%; height: 24px;" colspan="2">Univ.-Prof. Dr. Anton Pelinka</td>
</tr>
<tr>
<td style="width: 15.8421%;">
<hr />
</td>
<td style="width: 33.2659%;">
<hr />
</td>
<td style="width: 50.8919%; height: 24px;"></td>
</tr>
<tr>
<td style="width: 15.8421%;">Implementation:</td>
<td style="width: 84.1578%;" colspan="2">Mag. Marcus-Constantin Beiwl<br />
Mag. Regina Haberfellner<br />
DDr. Hubert Sickinger</td>
</tr>
<tr>
<td style="width: 15.8421%;">
<hr />
</td>
<td style="width: 33.2659%;">
<hr />
</td>
<td style="width: 50.8919%;"></td>
</tr>
<tr>
<td style="width: 15.8421%;">Funded by:</td>
<td style="width: 84.1578%;" colspan="2">Wiener Internationale Zukunftskonferenz</td>
</tr>
<tr>
<td style="width: 15.8421%;">
<hr />
</td>
<td style="width: 33.2659%;">
<hr />
</td>
<td style="width: 50.8919%; height: 24px;"></td>
</tr>
<tr style="height: 24px;">
<td style="width: 15.8421%; height: 24px;">Completed in:</td>
<td style="width: 33.2659%;" valign="top" width="80%">September 1995</td>
<td style="width: 50.8919%;"></td>
</tr>
</tbody>
</table>
</div>
</div></div></div></div></div>


<div style="color:#404168" class="wp-block-genesis-blocks-gb-spacer gb-block-spacer gb-divider-solid gb-spacer-divider gb-divider-size-1"><hr style="height:3px"/></div>



<div style="color:#404168" class="wp-block-genesis-blocks-gb-spacer gb-block-spacer gb-divider-solid gb-divider-size-1"><hr style="height:10px"/></div>


<div id="pl-gb2563-69f2667ec7cdf"  class="panel-layout" ><div id="pg-gb2563-69f2667ec7cdf-0"  class="panel-grid panel-no-style" ><div id="pgc-gb2563-69f2667ec7cdf-0-0"  class="panel-grid-cell panel-grid-cell-empty" ></div><div id="pgc-gb2563-69f2667ec7cdf-0-1"  class="panel-grid-cell panel-grid-cell-mobile-last" ><div id="panel-gb2563-69f2667ec7cdf-0-1-0" class="so-panel widget widget_text panel-first-child panel-last-child" data-index="0" >			<div class="textwidget"><p align="justify">Die Studie erhebt zum einen die konkrete Situation von Migrantinnen und Migranten aus dem ehemaligen Jugoslawien und aus der Türkei in Wien &#8211; Entscheidungsschritte, die dem Migrationsentscheid vorausgegangen sind, werden dargestellt -, zum anderen wird die politische Situation von Migrantinnen und Migranten in Österreich mit dem Schwerpunkt Wien analysiert.</p>
<p align="justify">Einzelne Abschnitte behandeln die Situation von Migrantinnen und Migranten in ihren Ursprungsstaaten, die Vorstellungen, die die Befragten von &#8220;Europa&#8221; hatten, die Motive hinsichtlich der Migration nach Österreich &#8211; es war zum Beispiel verblüffend, wie wenig die Interviewten über Österreich wußten -, das Zustandekommen des Wanderungsentscheids und die die Wanderung unterstützenden sozialen Netzwerke.</p>
<p align="justify">Ausführliche Teile sind der ersten Phase des Aufenthalts in Wien, den anfänglichen Schwierigkeiten, den Problemen mit Arbeit und Wohnung und Aspekten der Isolation gewidmet. Das Themenspektrum umfaßt zudem Fragen zur Akkulturation, zum Stellenwert von Bräuchen und Sitten des Herkunftslandes, zur Wahrnehmung der spezifischen Situation als Migrantin oder Migrant, zu Fremdenfeindlichkeit, zur Zufriedenheit mit der beruflichen Tätigkeit, zu Freizeitaktivitäten, zu Rückkehrabsichten und zum politischen Interesse.</p>
<p align="justify">Untersucht wird, in welcher Art Migrantinnen und Migranten spezifische Strukturen einer <em>ethnic community</em> in Wien ausbilden (Wohnviertel, spezifische Kommunikationsstrukturen, Cafés, Wochenendgestaltung), welche sozialen Kontakte innerhalb der Migrantenpopulation bestehen und in welchem Ausmaß Kontakte mit der Wiener Bevölkerung existieren.</p>
<p><p align="justify">Der Studie liegen zwei Ziele zugrunde, zum einen die Beschreibung der Situation von Arbeitsmigrantinnen und migranten aus dem ehemaligen Jugoslawien und aus der Türkei in Wien a<em>us deren Sicht</em>, zum anderen eine Analyse der Politik, die zur Zeit in diesem Politikfeld verfolgt wird, um aus dieser Perspektive problemadäquat und anwendungsorientiert Maßnahmen und Problemlösungsstrategien auszuarbeiten.</p>
<p align="justify">Ausländerpolitik wird unter dem Aspekt des <em>Zuzugs</em> und des <em>Aufenthalts</em> diskutiert, der Schwerpunkt liegt auf den Möglichkeiten zur Integration ausländischer Staatsbürger. Diesbezüglich werden Spezifika dieses Politikfeldes erläutert, die politischen Entwicklungen in diesem Bereich dargestellt, Positionsverschiebungen der österreichischen Parlamentsparteien rekonstruiert, demoskopische Umfrageergebnisse herangezogen, Optionen einer möglichen Integrationspolitik analysiert und ein Maßnahmenkatalog erarbeitet.</p>
<p align="justify">Das Ziel der Studie liegt in der De-Eskalation eines entlang der Konfliktlinie <em>Ethnizität</em> angelegten Konfliktpotentials und in einer Entschärfung der entlang dieser Bruchlinie auftretenden Spannungen zwischen &#8220;Inländern&#8221; und &#8220;Ausländern&#8221;.</p>
</div>
		</div></div><div id="pgc-gb2563-69f2667ec7cdf-0-2"  class="panel-grid-cell panel-grid-cell-empty" ></div></div></div>


<div style="color:#333" class="wp-block-genesis-blocks-gb-spacer gb-block-spacer gb-divider-solid gb-spacer-divider gb-divider-size-1"><hr style="height:100px"/></div>
</div></div></div>
