{"id":2556,"date":"2021-04-15T11:48:16","date_gmt":"2021-04-15T11:48:16","guid":{"rendered":"http:\/\/test-ikf.online\/?page_id=2556"},"modified":"2021-04-15T11:48:47","modified_gmt":"2021-04-15T11:48:47","slug":"1996-soziopolitische-netzwerke-tuerkischer-migrantinnen-in-wien","status":"publish","type":"page","link":"https:\/\/ikf.ac.at\/en\/schwerpunkte\/cleavages\/integration-migration\/1996-soziopolitische-netzwerke-tuerkischer-migrantinnen-in-wien","title":{"rendered":"1996: Soziopolitische Netzwerke t\u00fcrkischer MigrantInnen in Wien"},"content":{"rendered":"<div class=\"wp-block-atomic-blocks-ab-container alignfull ab-block-container\"><div class=\"ab-container-inside\"><div class=\"ab-container-content\"><div id=\"pl-gb2556-69f2403c2758b\"  class=\"panel-layout\" ><div id=\"pg-gb2556-69f2403c2758b-0\"  class=\"panel-grid panel-no-style\" ><div id=\"pgc-gb2556-69f2403c2758b-0-0\"  class=\"panel-grid-cell\" ><div id=\"panel-gb2556-69f2403c2758b-0-0-0\" class=\"so-panel widget widget_media_image panel-first-child panel-last-child\" data-index=\"0\" ><img loading=\"lazy\" decoding=\"async\" width=\"2554\" height=\"10\" src=\"https:\/\/ikf.ac.at\/wp-content\/uploads\/2021\/01\/linie_IKF.jpg\" class=\"image wp-image-754  attachment-full size-full\" alt=\"\" style=\"max-width: 100%; height: auto;\" srcset=\"https:\/\/ikf.ac.at\/wp-content\/uploads\/2021\/01\/linie_IKF.jpg 2554w, https:\/\/ikf.ac.at\/wp-content\/uploads\/2021\/01\/linie_IKF-300x1.jpg 300w, https:\/\/ikf.ac.at\/wp-content\/uploads\/2021\/01\/linie_IKF-1024x4.jpg 1024w, https:\/\/ikf.ac.at\/wp-content\/uploads\/2021\/01\/linie_IKF-768x3.jpg 768w, https:\/\/ikf.ac.at\/wp-content\/uploads\/2021\/01\/linie_IKF-1536x6.jpg 1536w, https:\/\/ikf.ac.at\/wp-content\/uploads\/2021\/01\/linie_IKF-2048x8.jpg 2048w\" sizes=\"auto, (max-width: 2554px) 100vw, 2554px\" \/><\/div><\/div><\/div><\/div>\n\n\n<div style=\"color:#ddd\" class=\"wp-block-genesis-blocks-gb-spacer gb-block-spacer gb-divider-solid gb-divider-size-1\"><hr style=\"height:30px\"\/><\/div>\n\n\n<div id=\"pl-gb2556-69f2403c27a26\"  class=\"panel-layout\" ><div id=\"pg-gb2556-69f2403c27a26-0\"  class=\"panel-grid panel-no-style\" ><div id=\"pgc-gb2556-69f2403c27a26-0-0\"  class=\"panel-grid-cell panel-grid-cell-empty\" ><\/div><div id=\"pgc-gb2556-69f2403c27a26-0-1\"  class=\"panel-grid-cell\" ><div id=\"panel-gb2556-69f2403c27a26-0-1-0\" class=\"so-panel widget widget_sow-editor panel-first-child panel-last-child\" data-index=\"0\" ><div\n\t\t\t\n\t\t\tclass=\"so-widget-sow-editor so-widget-sow-editor-base\"\n\t\t\t\n\t\t>\n<div class=\"siteorigin-widget-tinymce textwidget\">\n\t<table style=\"height: 244px; width: 100%; border-collapse: collapse;\" border=\"1\" cellpadding=\"2\">\n<tbody>\n<tr style=\"height: 24px;\">\n<td style=\"width: 15.8421%; height: 24px;\">Project management:<\/td>\n<td style=\"width: 84.1578%; height: 24px;\" colspan=\"2\">Univ.-Prof. Dr. Anton Pelinka<\/td>\n<\/tr>\n<tr style=\"height: 24px;\">\n<td style=\"width: 15.8421%; height: 24px;\">\n<hr \/>\n<\/td>\n<td style=\"width: 27.6901%; height: 24px;\">\n<hr \/>\n<\/td>\n<td style=\"width: 56.4677%; height: 24px;\"><\/td>\n<\/tr>\n<tr style=\"height: 24px;\">\n<td style=\"width: 15.8421%; height: 24px;\">Implementation:<\/td>\n<td style=\"width: 84.1578%; height: 24px;\" colspan=\"2\">Mag. Sabine Kroi\u00dfenbrunner<\/td>\n<\/tr>\n<tr style=\"height: 24px;\">\n<td style=\"width: 15.8421%; height: 24px;\">\n<hr \/>\n<\/td>\n<td style=\"width: 27.6901%; height: 24px;\">\n<hr \/>\n<\/td>\n<td style=\"width: 56.4677%; height: 24px;\"><\/td>\n<\/tr>\n<tr style=\"height: 48px;\">\n<td style=\"width: 15.8421%; height: 48px;\">Funded by:<\/td>\n<td style=\"width: 84.1578%; height: 48px;\" colspan=\"2\">Wiener Integrationsfonds<br \/>\nMagistrat der Stadt Wien, Kulturamt<\/td>\n<\/tr>\n<tr style=\"height: 24px;\">\n<td style=\"width: 15.8421%; height: 24px;\">\n<hr \/>\n<\/td>\n<td style=\"width: 27.6901%; height: 24px;\">\n<hr \/>\n<\/td>\n<td style=\"width: 56.4677%; height: 24px;\"><\/td>\n<\/tr>\n<tr style=\"height: 24px;\">\n<td style=\"width: 15.8421%; height: 24px;\">Completed in:<\/td>\n<td style=\"height: 24px; width: 84.1578%;\" colspan=\"2\">September 1996<\/td>\n<\/tr>\n<\/tbody>\n<\/table>\n<\/div>\n<\/div><\/div><\/div><\/div><\/div>\n\n\n<div style=\"color:#404168\" class=\"wp-block-genesis-blocks-gb-spacer gb-block-spacer gb-divider-solid gb-spacer-divider gb-divider-size-1\"><hr style=\"height:3px\"\/><\/div>\n\n\n\n<div style=\"color:#404168\" class=\"wp-block-genesis-blocks-gb-spacer gb-block-spacer gb-divider-solid gb-divider-size-1\"><hr style=\"height:10px\"\/><\/div>\n\n\n<div id=\"pl-gb2556-69f2403c27e34\"  class=\"panel-layout\" ><div id=\"pg-gb2556-69f2403c27e34-0\"  class=\"panel-grid panel-no-style\" ><div id=\"pgc-gb2556-69f2403c27e34-0-0\"  class=\"panel-grid-cell panel-grid-cell-empty\" ><\/div><div id=\"pgc-gb2556-69f2403c27e34-0-1\"  class=\"panel-grid-cell panel-grid-cell-mobile-last\" ><div id=\"panel-gb2556-69f2403c27e34-0-1-0\" class=\"so-panel widget widget_text panel-first-child panel-last-child\" data-index=\"0\" >\t\t\t<div class=\"textwidget\"><p align=\"justify\">Mangels empirischer und qualitativer Untersuchungen \u00fcber Organisationen t\u00fcrkischer ArbeitsmigrantInnen in \u00d6sterreich im allgemeinen und in Wien im besonderen, mu\u00dften als Informationsquellen vor allem Interviews und &#8211; falls \u00fcberhaupt erh\u00e4ltlich &#8211; Materialien (Brosch\u00fcren, Flugbl\u00e4tter, etc.) der Vereine verwendet werden. Aus der Vielzahl an Vereinen und Organisationen wurden f\u00fcnf ausgew\u00e4hlt: Milli G\u00f6r\u00fcs (Vereinigung der Nationalen Weltsicht), IKM (Union Islamischer Kulturzentren in \u00d6sterreich), ATIGF (F\u00f6deration der Arbeiter und Jugendlichen aus der T\u00fcrkei), Verein f\u00fcr \u00d6sterreichisch-T\u00fcrkische Freundschaft, Dachorganisation T\u00fcrkische Kultur- und Sportgemeinschaft (&#8220;Graue W\u00f6lfe&#8221;). Diese Vereine sind (bis auf die IKM) mit einer t\u00fcrkischen Partei ideologisch und\/oder institutionell verbunden.<\/p>\n<p align=\"justify\">Kapitel 1 der Studie kritisiert die Konzentration \u00f6sterreichischer Sozialwissenschaften im Bereich Migration (mit wenigen Ausnahmen) auf den Aspekt der Integration ausl\u00e4ndischer ArbeitnehmerInnen in den Sozialstaat (und allenfalls auf die\u00a0<em>daf\u00fcr<\/em>\u00a0notwendigen politischen bzw. B\u00fcrgerrechte). Der Frage nach der sozialen und politischen Organisation von t\u00fcrkischen ZuwanderInnen wurde bisher noch keine Beachtung geschenkt. Damit wurde auch die Interessenspolitik der MigrantInnen, ZuwanderInnen als politische Akteure mit Forderungen, v\u00f6llig ausgeklammert. Weiters argumentiert die Studie, da\u00df nicht nur ein Zusammenhang zwischen &#8220;Integration&#8221; und der politischen Organisation von EinwanderInnen angenommen werden kann, sondern noch viel mehr einer zwischen Integration und jenen Institutionen des Aufnahmelandes, Kommunikations- und Konsultationsmechanismen gew\u00e4hrleisten sollten. Mit der Weigerung, ImmigrantInnenorganisationen als Ansprechpartner anzuerkennen, sondern statt dessen im Rahmen einer Politik der Ethnisierung die &#8220;Organisation kultureller Unterschiede&#8221; voranzutreiben, hat die \u00f6sterreichische Politik selbst einen wesentlichen Beitrag dazu geleistet, da\u00df die erw\u00e4hnten Vereine selbst kaum bis gar keine Ans\u00e4tze in Richtung einer Entwicklung hin zu \u00fcberparteilichen Interessensorganisationen zeigen. Kapitel 2 stellt die Funktionalit\u00e4t dieser Vereine der politischen Sozialisation in der T\u00fcrkei gegen\u00fcber. Die ZuwanderInnen sind ja nicht nur als Arbeitskr\u00e4fte gekommen; sie hatten und haben auch eine politische Identit\u00e4t, die in der Migration ein Kontinuum erf\u00e4hrt, sich dabei gleichzeitig ver\u00e4ndert. Kapitel 3 schlie\u00dflich untersucht aufgrund von Interviews, Vereinsmaterialien, internationaler und t\u00fcrkischsprachiger Literatur die Entstehung und Entwicklung, Ziele und Aktivit\u00e4ten, B\u00fcndnispolitik, Organisationsstruktur und Mitglieder der f\u00fcnf Vereine. Insgesamt wurden 23 Interviews mit Vereinsvorsitzenden, dort engagierten Personen, Imamen und Mitgliedern durchgef\u00fchrt.<\/p>\n<p align=\"justify\">Die Studie, eine Pilotstudie auf diesem Gebiet, kommt zu einigen interessanten Schlu\u00dffolgerungen. Erstens hat eine ideologische Entpolarisierung unter den Vereinen stattgefunden, die Gefahr l\u00e4uft durch die &#8220;Politik der Ethnisierung&#8221; wieder &#8211; allerdings zu den Fragen &#8220;Kultur&#8221; und &#8220;Identit\u00e4t&#8221; &#8211; entfacht zu werden. Die eigentlichen Auseinandersetzungen werden um das Thema &#8220;welche Art von Opposition und Agitation verbessert die Lage der t\u00fcrkischen ZuwanderInnen in \u00d6sterreich&#8221; bzw. unterschiedliche Lebensstile gef\u00fchrt &#8211; und nicht mehr um Konflikte in der T\u00fcrkei. Zweitens wird der Schwerpunkt &#8220;Jugendarbeit&#8221; von allen Vereinen als eher wenig erfolgreich betrachtet. W\u00e4hrend, drittens, die linken Vereine eher eine Professionalisierung ihrer Betreuungst\u00e4tigkeit oder politischen Forderungen anstreben, versuchen die islamistischen Vereine den Anspruch an umfassende Hilfe- und Solidarit\u00e4tsleistung aufrechtzuerhalten. Ihnen geht es jedoch eher um die Errichtung einer &#8220;Parallel- oder Gegengesellschaft&#8221;, die zwar in die \u00f6sterreichische Gesellschaft integriert, dennoch mit allen Institutionen ausgestattet ist. Viertens gibt es kaum B\u00fcndnisse oder Zusammenarbeit unter den untersuchten Vereinen; auch die Zusammenarbeit mit \u00f6sterreichischen Institutionen ist nur sehr schwach vorhanden.<\/p>\n<p align=\"justify\">Die Studie soll schlie\u00dflich aufzeigen, da\u00df Struktur, Ziele und Umsetzung dieser Vereine entscheidend von der politischen Kultur und den M\u00f6glichkeiten der Einwanderungsgesellschaft gepr\u00e4gt sind, und weniger ma\u00dfgeblich vom Heimatland. Gerade der Versuch des &#8220;empowerments&#8221; von t\u00fcrkischen MigrantInnen seitens dieser Vereine bietet, so das abschlie\u00dfende Argument, vielf\u00e4ltige Ankn\u00fcpfungspunkte f\u00fcr Dialog, Kooperation und Auseinandersetzung.<\/p>\n<\/div>\n\t\t<\/div><\/div><div id=\"pgc-gb2556-69f2403c27e34-0-2\"  class=\"panel-grid-cell panel-grid-cell-empty\" ><\/div><\/div><\/div>\n\n\n<div style=\"color:#333\" class=\"wp-block-genesis-blocks-gb-spacer gb-block-spacer gb-divider-solid gb-spacer-divider gb-divider-size-1\"><hr style=\"height:100px\"\/><\/div>\n<\/div><\/div><\/div>","protected":false},"excerpt":{"rendered":"","protected":false},"author":2,"featured_media":0,"parent":457,"menu_order":45,"comment_status":"closed","ping_status":"closed","template":"","meta":{"footnotes":""},"class_list":["post-2556","page","type-page","status-publish","hentry","post"],"featured_image_src":null,"featured_image_src_square":null,"_links":{"self":[{"href":"https:\/\/ikf.ac.at\/en\/wp-json\/wp\/v2\/pages\/2556","targetHints":{"allow":["GET"]}}],"collection":[{"href":"https:\/\/ikf.ac.at\/en\/wp-json\/wp\/v2\/pages"}],"about":[{"href":"https:\/\/ikf.ac.at\/en\/wp-json\/wp\/v2\/types\/page"}],"author":[{"embeddable":true,"href":"https:\/\/ikf.ac.at\/en\/wp-json\/wp\/v2\/users\/2"}],"replies":[{"embeddable":true,"href":"https:\/\/ikf.ac.at\/en\/wp-json\/wp\/v2\/comments?post=2556"}],"version-history":[{"count":2,"href":"https:\/\/ikf.ac.at\/en\/wp-json\/wp\/v2\/pages\/2556\/revisions"}],"predecessor-version":[{"id":2558,"href":"https:\/\/ikf.ac.at\/en\/wp-json\/wp\/v2\/pages\/2556\/revisions\/2558"}],"up":[{"embeddable":true,"href":"https:\/\/ikf.ac.at\/en\/wp-json\/wp\/v2\/pages\/457"}],"wp:attachment":[{"href":"https:\/\/ikf.ac.at\/en\/wp-json\/wp\/v2\/media?parent=2556"}],"curies":[{"name":"wp","href":"https:\/\/api.w.org\/{rel}","templated":true}]}}

1996: Soziopolitische Netzwerke türkischer MigrantInnen in Wien

<div class="wp-block-atomic-blocks-ab-container alignfull ab-block-container"><div class="ab-container-inside"><div class="ab-container-content"><div id="pl-gb2556-69f2403c2758b"  class="panel-layout" ><div id="pg-gb2556-69f2403c2758b-0"  class="panel-grid panel-no-style" ><div id="pgc-gb2556-69f2403c2758b-0-0"  class="panel-grid-cell" ><div id="panel-gb2556-69f2403c2758b-0-0-0" class="so-panel widget widget_media_image panel-first-child panel-last-child" data-index="0" ><img loading="lazy" decoding="async" width="2554" height="10" src="https://ikf.ac.at/wp-content/uploads/2021/01/linie_IKF.jpg" class="image wp-image-754  attachment-full size-full" alt="" style="max-width: 100%; height: auto;" srcset="https://ikf.ac.at/wp-content/uploads/2021/01/linie_IKF.jpg 2554w, https://ikf.ac.at/wp-content/uploads/2021/01/linie_IKF-300x1.jpg 300w, https://ikf.ac.at/wp-content/uploads/2021/01/linie_IKF-1024x4.jpg 1024w, https://ikf.ac.at/wp-content/uploads/2021/01/linie_IKF-768x3.jpg 768w, https://ikf.ac.at/wp-content/uploads/2021/01/linie_IKF-1536x6.jpg 1536w, https://ikf.ac.at/wp-content/uploads/2021/01/linie_IKF-2048x8.jpg 2048w" sizes="auto, (max-width: 2554px) 100vw, 2554px" /></div></div></div></div>


<div style="color:#ddd" class="wp-block-genesis-blocks-gb-spacer gb-block-spacer gb-divider-solid gb-divider-size-1"><hr style="height:30px"/></div>


<div id="pl-gb2556-69f2403c27a26"  class="panel-layout" ><div id="pg-gb2556-69f2403c27a26-0"  class="panel-grid panel-no-style" ><div id="pgc-gb2556-69f2403c27a26-0-0"  class="panel-grid-cell panel-grid-cell-empty" ></div><div id="pgc-gb2556-69f2403c27a26-0-1"  class="panel-grid-cell" ><div id="panel-gb2556-69f2403c27a26-0-1-0" class="so-panel widget widget_sow-editor panel-first-child panel-last-child" data-index="0" ><div
			
			class="so-widget-sow-editor so-widget-sow-editor-base"
			
		>
<div class="siteorigin-widget-tinymce textwidget">
	<table style="height: 244px; width: 100%; border-collapse: collapse;" border="1" cellpadding="2">
<tbody>
<tr style="height: 24px;">
<td style="width: 15.8421%; height: 24px;">Project management:</td>
<td style="width: 84.1578%; height: 24px;" colspan="2">Univ.-Prof. Dr. Anton Pelinka</td>
</tr>
<tr style="height: 24px;">
<td style="width: 15.8421%; height: 24px;">
<hr />
</td>
<td style="width: 27.6901%; height: 24px;">
<hr />
</td>
<td style="width: 56.4677%; height: 24px;"></td>
</tr>
<tr style="height: 24px;">
<td style="width: 15.8421%; height: 24px;">Implementation:</td>
<td style="width: 84.1578%; height: 24px;" colspan="2">Mag. Sabine Kroißenbrunner</td>
</tr>
<tr style="height: 24px;">
<td style="width: 15.8421%; height: 24px;">
<hr />
</td>
<td style="width: 27.6901%; height: 24px;">
<hr />
</td>
<td style="width: 56.4677%; height: 24px;"></td>
</tr>
<tr style="height: 48px;">
<td style="width: 15.8421%; height: 48px;">Funded by:</td>
<td style="width: 84.1578%; height: 48px;" colspan="2">Wiener Integrationsfonds<br />
Magistrat der Stadt Wien, Kulturamt</td>
</tr>
<tr style="height: 24px;">
<td style="width: 15.8421%; height: 24px;">
<hr />
</td>
<td style="width: 27.6901%; height: 24px;">
<hr />
</td>
<td style="width: 56.4677%; height: 24px;"></td>
</tr>
<tr style="height: 24px;">
<td style="width: 15.8421%; height: 24px;">Completed in:</td>
<td style="height: 24px; width: 84.1578%;" colspan="2">September 1996</td>
</tr>
</tbody>
</table>
</div>
</div></div></div></div></div>


<div style="color:#404168" class="wp-block-genesis-blocks-gb-spacer gb-block-spacer gb-divider-solid gb-spacer-divider gb-divider-size-1"><hr style="height:3px"/></div>



<div style="color:#404168" class="wp-block-genesis-blocks-gb-spacer gb-block-spacer gb-divider-solid gb-divider-size-1"><hr style="height:10px"/></div>


<div id="pl-gb2556-69f2403c27e34"  class="panel-layout" ><div id="pg-gb2556-69f2403c27e34-0"  class="panel-grid panel-no-style" ><div id="pgc-gb2556-69f2403c27e34-0-0"  class="panel-grid-cell panel-grid-cell-empty" ></div><div id="pgc-gb2556-69f2403c27e34-0-1"  class="panel-grid-cell panel-grid-cell-mobile-last" ><div id="panel-gb2556-69f2403c27e34-0-1-0" class="so-panel widget widget_text panel-first-child panel-last-child" data-index="0" >			<div class="textwidget"><p align="justify">Mangels empirischer und qualitativer Untersuchungen über Organisationen türkischer ArbeitsmigrantInnen in Österreich im allgemeinen und in Wien im besonderen, mußten als Informationsquellen vor allem Interviews und &#8211; falls überhaupt erhältlich &#8211; Materialien (Broschüren, Flugblätter, etc.) der Vereine verwendet werden. Aus der Vielzahl an Vereinen und Organisationen wurden fünf ausgewählt: Milli Görüs (Vereinigung der Nationalen Weltsicht), IKM (Union Islamischer Kulturzentren in Österreich), ATIGF (Föderation der Arbeiter und Jugendlichen aus der Türkei), Verein für Österreichisch-Türkische Freundschaft, Dachorganisation Türkische Kultur- und Sportgemeinschaft (&#8220;Graue Wölfe&#8221;). Diese Vereine sind (bis auf die IKM) mit einer türkischen Partei ideologisch und/oder institutionell verbunden.</p>
<p align="justify">Kapitel 1 der Studie kritisiert die Konzentration österreichischer Sozialwissenschaften im Bereich Migration (mit wenigen Ausnahmen) auf den Aspekt der Integration ausländischer ArbeitnehmerInnen in den Sozialstaat (und allenfalls auf die <em>dafür</em> notwendigen politischen bzw. Bürgerrechte). Der Frage nach der sozialen und politischen Organisation von türkischen ZuwanderInnen wurde bisher noch keine Beachtung geschenkt. Damit wurde auch die Interessenspolitik der MigrantInnen, ZuwanderInnen als politische Akteure mit Forderungen, völlig ausgeklammert. Weiters argumentiert die Studie, daß nicht nur ein Zusammenhang zwischen &#8220;Integration&#8221; und der politischen Organisation von EinwanderInnen angenommen werden kann, sondern noch viel mehr einer zwischen Integration und jenen Institutionen des Aufnahmelandes, Kommunikations- und Konsultationsmechanismen gewährleisten sollten. Mit der Weigerung, ImmigrantInnenorganisationen als Ansprechpartner anzuerkennen, sondern statt dessen im Rahmen einer Politik der Ethnisierung die &#8220;Organisation kultureller Unterschiede&#8221; voranzutreiben, hat die österreichische Politik selbst einen wesentlichen Beitrag dazu geleistet, daß die erwähnten Vereine selbst kaum bis gar keine Ansätze in Richtung einer Entwicklung hin zu überparteilichen Interessensorganisationen zeigen. Kapitel 2 stellt die Funktionalität dieser Vereine der politischen Sozialisation in der Türkei gegenüber. Die ZuwanderInnen sind ja nicht nur als Arbeitskräfte gekommen; sie hatten und haben auch eine politische Identität, die in der Migration ein Kontinuum erfährt, sich dabei gleichzeitig verändert. Kapitel 3 schließlich untersucht aufgrund von Interviews, Vereinsmaterialien, internationaler und türkischsprachiger Literatur die Entstehung und Entwicklung, Ziele und Aktivitäten, Bündnispolitik, Organisationsstruktur und Mitglieder der fünf Vereine. Insgesamt wurden 23 Interviews mit Vereinsvorsitzenden, dort engagierten Personen, Imamen und Mitgliedern durchgeführt.</p>
<p align="justify">Die Studie, eine Pilotstudie auf diesem Gebiet, kommt zu einigen interessanten Schlußfolgerungen. Erstens hat eine ideologische Entpolarisierung unter den Vereinen stattgefunden, die Gefahr läuft durch die &#8220;Politik der Ethnisierung&#8221; wieder &#8211; allerdings zu den Fragen &#8220;Kultur&#8221; und &#8220;Identität&#8221; &#8211; entfacht zu werden. Die eigentlichen Auseinandersetzungen werden um das Thema &#8220;welche Art von Opposition und Agitation verbessert die Lage der türkischen ZuwanderInnen in Österreich&#8221; bzw. unterschiedliche Lebensstile geführt &#8211; und nicht mehr um Konflikte in der Türkei. Zweitens wird der Schwerpunkt &#8220;Jugendarbeit&#8221; von allen Vereinen als eher wenig erfolgreich betrachtet. Während, drittens, die linken Vereine eher eine Professionalisierung ihrer Betreuungstätigkeit oder politischen Forderungen anstreben, versuchen die islamistischen Vereine den Anspruch an umfassende Hilfe- und Solidaritätsleistung aufrechtzuerhalten. Ihnen geht es jedoch eher um die Errichtung einer &#8220;Parallel- oder Gegengesellschaft&#8221;, die zwar in die österreichische Gesellschaft integriert, dennoch mit allen Institutionen ausgestattet ist. Viertens gibt es kaum Bündnisse oder Zusammenarbeit unter den untersuchten Vereinen; auch die Zusammenarbeit mit österreichischen Institutionen ist nur sehr schwach vorhanden.</p>
<p align="justify">Die Studie soll schließlich aufzeigen, daß Struktur, Ziele und Umsetzung dieser Vereine entscheidend von der politischen Kultur und den Möglichkeiten der Einwanderungsgesellschaft geprägt sind, und weniger maßgeblich vom Heimatland. Gerade der Versuch des &#8220;empowerments&#8221; von türkischen MigrantInnen seitens dieser Vereine bietet, so das abschließende Argument, vielfältige Anknüpfungspunkte für Dialog, Kooperation und Auseinandersetzung.</p>
</div>
		</div></div><div id="pgc-gb2556-69f2403c27e34-0-2"  class="panel-grid-cell panel-grid-cell-empty" ></div></div></div>


<div style="color:#333" class="wp-block-genesis-blocks-gb-spacer gb-block-spacer gb-divider-solid gb-spacer-divider gb-divider-size-1"><hr style="height:100px"/></div>
</div></div></div>
