{"id":2539,"date":"2021-04-15T10:51:56","date_gmt":"2021-04-15T10:51:56","guid":{"rendered":"http:\/\/test-ikf.online\/?page_id=2539"},"modified":"2021-04-15T11:16:47","modified_gmt":"2021-04-15T11:16:47","slug":"1997-gesellschaftliche-dynamik-grenzraum-oesterreich-slowakei","status":"publish","type":"page","link":"https:\/\/ikf.ac.at\/en\/schwerpunkte\/cleavages\/integration-migration\/1997-gesellschaftliche-dynamik-grenzraum-oesterreich-slowakei","title":{"rendered":"1997: Gesellschaftliche Dynamik im Grenzraum \u00d6sterreich-Slowakei"},"content":{"rendered":"<div class=\"wp-block-atomic-blocks-ab-container alignfull ab-block-container\"><div class=\"ab-container-inside\"><div class=\"ab-container-content\"><div id=\"pl-gb2539-69f254e42dca7\"  class=\"panel-layout\" ><div id=\"pg-gb2539-69f254e42dca7-0\"  class=\"panel-grid panel-no-style\" ><div id=\"pgc-gb2539-69f254e42dca7-0-0\"  class=\"panel-grid-cell\" ><div id=\"panel-gb2539-69f254e42dca7-0-0-0\" class=\"so-panel widget widget_media_image panel-first-child panel-last-child\" data-index=\"0\" ><img loading=\"lazy\" decoding=\"async\" width=\"2554\" height=\"10\" src=\"https:\/\/ikf.ac.at\/wp-content\/uploads\/2021\/01\/linie_IKF.jpg\" class=\"image wp-image-754  attachment-full size-full\" alt=\"\" style=\"max-width: 100%; height: auto;\" srcset=\"https:\/\/ikf.ac.at\/wp-content\/uploads\/2021\/01\/linie_IKF.jpg 2554w, https:\/\/ikf.ac.at\/wp-content\/uploads\/2021\/01\/linie_IKF-300x1.jpg 300w, https:\/\/ikf.ac.at\/wp-content\/uploads\/2021\/01\/linie_IKF-1024x4.jpg 1024w, https:\/\/ikf.ac.at\/wp-content\/uploads\/2021\/01\/linie_IKF-768x3.jpg 768w, https:\/\/ikf.ac.at\/wp-content\/uploads\/2021\/01\/linie_IKF-1536x6.jpg 1536w, https:\/\/ikf.ac.at\/wp-content\/uploads\/2021\/01\/linie_IKF-2048x8.jpg 2048w\" sizes=\"auto, (max-width: 2554px) 100vw, 2554px\" \/><\/div><\/div><\/div><\/div>\n\n\n<div style=\"color:#ddd\" class=\"wp-block-genesis-blocks-gb-spacer gb-block-spacer gb-divider-solid gb-divider-size-1\"><hr style=\"height:30px\"\/><\/div>\n\n\n<div id=\"pl-gb2539-69f254e42e17a\"  class=\"panel-layout\" ><div id=\"pg-gb2539-69f254e42e17a-0\"  class=\"panel-grid panel-no-style\" ><div id=\"pgc-gb2539-69f254e42e17a-0-0\"  class=\"panel-grid-cell panel-grid-cell-empty\" ><\/div><div id=\"pgc-gb2539-69f254e42e17a-0-1\"  class=\"panel-grid-cell\" ><div id=\"panel-gb2539-69f254e42e17a-0-1-0\" class=\"so-panel widget widget_sow-editor panel-first-child panel-last-child\" data-index=\"0\" ><div\n\t\t\t\n\t\t\tclass=\"so-widget-sow-editor so-widget-sow-editor-base\"\n\t\t\t\n\t\t>\n<div class=\"siteorigin-widget-tinymce textwidget\">\n\t<table style=\"height: 274px; width: 100%; border-collapse: collapse;\" border=\"1\" cellpadding=\"2\">\n<tbody>\n<tr style=\"height: 24px;\">\n<td style=\"width: 15.8421%; height: 24px;\">Project management:<\/td>\n<td style=\"width: 84.1578%; height: 24px;\" colspan=\"2\">Univ.-Prof. Dr. Anton Pelinka<\/td>\n<\/tr>\n<tr style=\"height: 24px;\">\n<td style=\"width: 15.8421%; height: 24px;\">\n<hr \/>\n<\/td>\n<td style=\"width: 45.0325%; height: 24px;\">\n<hr \/>\n<\/td>\n<td style=\"width: 39.1253%; height: 24px;\"><\/td>\n<\/tr>\n<tr style=\"height: 52px;\">\n<td style=\"width: 15.8421%; height: 52px;\">Implementation:<\/td>\n<td style=\"width: 45.0325%;\" valign=\"top\" width=\"80%\">Mag. Helga Amesberger<br \/>\nMag. Walter Fend<br \/>\nMag. Brigitte Halbmayr<\/td>\n<td style=\"width: 39.1253%;\"><\/td>\n<\/tr>\n<tr style=\"height: 24px;\">\n<td style=\"width: 15.8421%; height: 24px;\">\n<hr \/>\n<\/td>\n<td style=\"width: 45.0325%; height: 24px;\">\n<hr \/>\n<\/td>\n<td style=\"width: 39.1253%; height: 24px;\"><\/td>\n<\/tr>\n<tr style=\"height: 24px;\">\n<td style=\"width: 15.8421%; height: 24px;\">Funded by:<\/td>\n<td style=\"width: 84.1578%; height: 24px;\" colspan=\"2\">Bundeskanzleramt, Abteilung IV\/4 Raumplanung und Regionalpolitik<\/td>\n<\/tr>\n<tr style=\"height: 24px;\">\n<td style=\"width: 15.8421%; height: 24px;\">\n<hr \/>\n<\/td>\n<td style=\"width: 45.0325%; height: 24px;\">\n<hr \/>\n<\/td>\n<td style=\"width: 39.1253%; height: 24px;\"><\/td>\n<\/tr>\n<tr style=\"height: 24px;\">\n<td style=\"width: 15.8421%; height: 24px;\">Completed in:<\/td>\n<td style=\"height: 24px; width: 84.1578%;\" colspan=\"2\">Dezember 1997<\/td>\n<\/tr>\n<tr style=\"height: 24px;\">\n<td style=\"width: 15.8421%; height: 24px;\">\n<hr \/>\n<\/td>\n<td style=\"width: 45.0325%; height: 24px;\">\n<hr \/>\n<\/td>\n<td style=\"width: 39.1253%; height: 24px;\"><\/td>\n<\/tr>\n<tr style=\"height: 28px;\">\n<td style=\"width: 15.8421%; height: 28px;\"><\/td>\n<td style=\"width: 45.0325%; height: 28px;\" valign=\"top\" width=\"80%\"><img loading=\"lazy\" decoding=\"async\" src=\"http:\/\/www.ikf.ac.at\/design\/images\/Document%20Folder.png\" width=\"28\" height=\"28\" align=\"left\" \/><a href=\"https:\/\/ikf.ac.at\/wp-content\/uploads\/2021\/04\/Projektbericht_Grenze_kurz_deutsch.pdf\" target=\"_blank\" rel=\"noopener\">&nbsp;Kurzbericht deutsch<\/a><\/td>\n<td style=\"width: 39.1253%; height: 28px;\"><\/td>\n<\/tr>\n<tr style=\"height: 28px;\">\n<td style=\"width: 15.8421%; height: 28px;\"><\/td>\n<td style=\"width: 45.0325%;\"><a href=\"https:\/\/ikf.ac.at\/wp-content\/uploads\/2021\/04\/Projektbericht_Integrationsindikatoren.pdf\" target=\"_blank\" rel=\"noopener\"><img loading=\"lazy\" decoding=\"async\" src=\"http:\/\/www.ikf.ac.at\/design\/images\/Document%20Folder.png\" width=\"28\" height=\"28\" align=\"left\" \/><\/a><a href=\"https:\/\/ikf.ac.at\/wp-content\/uploads\/2021\/04\/Projektbericht_Grenze_kurz_slowakisch.pdf\">&nbsp;Kurzbericht slowakisch<\/a><\/td>\n<td style=\"width: 39.1253%;\"><\/td>\n<\/tr>\n<tr style=\"height: 28px;\">\n<td style=\"width: 15.8421%; height: 26px;\"><\/td>\n<td style=\"width: 45.0325%; height: 26px;\" valign=\"top\" width=\"80%\"><a href=\"https:\/\/ikf.ac.at\/wp-content\/uploads\/2021\/04\/Projektbericht_Grenze_kurz_englisch.pdf\" target=\"_blank\" rel=\"noopener\">&nbsp;Kurzbericht englisch<\/a><img loading=\"lazy\" decoding=\"async\" src=\"http:\/\/www.ikf.ac.at\/design\/images\/Document%20Folder.png\" width=\"28\" height=\"28\" align=\"left\" \/><\/td>\n<td style=\"width: 39.1253%; height: 26px;\"><\/td>\n<\/tr>\n<\/tbody>\n<\/table>\n<\/div>\n<\/div><\/div><\/div><\/div><\/div>\n\n\n<div style=\"color:#404168\" class=\"wp-block-genesis-blocks-gb-spacer gb-block-spacer gb-divider-solid gb-spacer-divider gb-divider-size-1\"><hr style=\"height:3px\"\/><\/div>\n\n\n\n<div style=\"color:#404168\" class=\"wp-block-genesis-blocks-gb-spacer gb-block-spacer gb-divider-solid gb-divider-size-1\"><hr style=\"height:10px\"\/><\/div>\n\n\n<div id=\"pl-gb2539-69f254e42e66a\"  class=\"panel-layout\" ><div id=\"pg-gb2539-69f254e42e66a-0\"  class=\"panel-grid panel-no-style\" ><div id=\"pgc-gb2539-69f254e42e66a-0-0\"  class=\"panel-grid-cell panel-grid-cell-empty\" ><\/div><div id=\"pgc-gb2539-69f254e42e66a-0-1\"  class=\"panel-grid-cell panel-grid-cell-mobile-last\" ><div id=\"panel-gb2539-69f254e42e66a-0-1-0\" class=\"so-panel widget widget_text panel-first-child panel-last-child\" data-index=\"0\" >\t\t\t<div class=\"textwidget\"><p align=\"justify\">Grenzregionen z\u00e4hlten jahrelang zu den benachteiligten Gebieten. Durch die &#8220;Ost\u00f6ffnung&#8221; und die Europ\u00e4ische Integration haben sich f\u00fcr die Grenzgebiete neue Perspektiven und Probleme ergeben. In diesem Zusammenhang wird von PolitikerInnen, WirtschaftsexpertInnen u.v.a. eine grenz\u00fcberschreitende Kooperation in den Bereichen Politik, Wirtschaft, Kultur etc. gefordert, um der Region neue Entwicklungsimpulse zu geben und anstehende Probleme gemeinsam zu bew\u00e4ltigen. Teile der Bev\u00f6lkerung und auch diverse Interessenvertretungen sehen jedoch der verst\u00e4rkten Einbindung der \u00f6stlichen Nachbarstaaten &#8211; insbesondere im wirtschaftlichen Bereich &#8211; eher mit Sorge entgegen. Diese beiden Problembereiche &#8211; Schwierigkeiten der grenz\u00fcberschreitenden Zusammenarbeit und Vorbehalte der Bev\u00f6lkerung gegen\u00fcber einer verst\u00e4rkten Einbeziehung der Nachbarl\u00e4nder &#8211; stellen daher die Schwerpunkte der Studie dar.<\/p>\n<p align=\"justify\">F\u00fcr die Datenerhebung kreierten wir eine kontextnahe Untersuchungsanordnung. Das hei\u00dft, Untersuchung&#8221;gegenstand&#8221; ist nicht der einzelne, isolierte Mensch, sondern der Mensch in seinem bedeutungsrelevanten sozialen Kontext. Wir f\u00fchrten in je f\u00fcnf \u00f6sterreichischen und slowakischen Grenzgemeinden Befragungen mittels eines halbstandardisierten Leitfadens durch. Weiters diskutierten wir mit Schulklassen (Volks- und Hauptschule) \u00fcber die Wahrnehmung der &#8220;neuen&#8221; Nachbarn und organisierten in jeder Gemeinde einen Diskussionsabend zum Thema. Erfahrungen in Zusammenhang mit grenz\u00fcberschreitenden Kooperationen standen bei den ExpertInneninterviews im Vordergrund. Befragt wurden ExpertInnen (insgesamt 41) aus den Bereichen Arbeitsmarktverwaltung, Interessenvertretungen, Regionalentwicklung, soziale und \u00f6ffentliche Sicherheit, Wirtschaft, Kultur und \u00d6kologie.<\/p>\n<p align=\"justify\">Der Forschungsbericht umfa\u00dft neben einer Einf\u00fchrung zum Thema &#8220;Grenze &#8211; Bedeutungen, Funktionen und Reichweiten&#8221;, einer umfassenden Erl\u00e4uterung der Erhebungsmethoden und einer kurzen Beschreibung der in die Untersuchung einbezogenen \u00f6sterreichischen und slowakischen Gemeinden, folgende Themenschwerpunkte:<\/p>\n<ul>\n<li>\n<p align=\"justify\"><strong>Ver\u00e4nderungen seit dem Fall des Eisernen Vorhangs<\/strong>. In diesem Zusammenhang interessierte uns, welche positiven und negativen Ver\u00e4nderungen von der Bev\u00f6lkerung in den Grenzlandgemeinden sowohl hinsichtlich struktureller Gegebenheiten als auch pers\u00f6nlicher Beziehungen wahrgenommen werden.<\/p>\n<p><\/li>\n<li>\n<p align=\"justify\"><strong>Einstellungen zu und Erfahrungen mit den Nachbarn.<\/strong>\u00a0Fragen der Charakterisierung, der Art und H\u00e4ufigkeit der Kontakte, der Wahrnehmung von Gemeinsamkeiten und Unterschieden standen hier im Mittelpunkt.<\/p>\n<p><\/li>\n<li>\n<p align=\"justify\"><strong>Notwendigkeit und Bedeutung grenz\u00fcberschreitender Kontakte bzw. Zusammenarbeit.<\/strong>\u00a0In diesem Themenschwerpunkt gingen wir v.a. der Frage nach, ob von der Bev\u00f6lkerung bzw. den ExpertInnen die Notwendigkeit grenz\u00fcberschreitender Zusammenarbeit gesehen wird und auf welche Art diese gestaltet sein soll bzw. in welchen Bereichen sie sinnvoll w\u00e4re.<\/p>\n<p><\/li>\n<li>\n<p align=\"justify\"><strong>Kooperationserschwernisse und Voraussetzungen f\u00fcr die Zusammenarbeit<\/strong>. Hier geht es v.a. um das Heraussch\u00e4len von Strukturen, die eine effektive Zusammenarbeit erschweren oder unm\u00f6glich machen. Gleichzeitig fragten wir nach den Voraussetzungen f\u00fcr eine gute Kooperation.<\/p>\n<\/li>\n<\/ul>\n<p align=\"justify\">Den Abschlu\u00df bilden Ma\u00dfnahmenempfehlungen zur Verbesserung der zwischenmenschlichen Beziehungen in der Grenzregion und der grenz\u00fcberschreitenden Kooperation.<\/p>\n<p>&nbsp;<\/p>\n<\/div>\n\t\t<\/div><\/div><div id=\"pgc-gb2539-69f254e42e66a-0-2\"  class=\"panel-grid-cell panel-grid-cell-empty\" ><\/div><\/div><\/div>\n\n\n<div style=\"color:#333\" class=\"wp-block-genesis-blocks-gb-spacer gb-block-spacer gb-divider-solid gb-spacer-divider gb-divider-size-1\"><hr style=\"height:82px\"\/><\/div>\n<\/div><\/div><\/div>","protected":false},"excerpt":{"rendered":"","protected":false},"author":2,"featured_media":0,"parent":457,"menu_order":44,"comment_status":"closed","ping_status":"closed","template":"","meta":{"footnotes":""},"class_list":["post-2539","page","type-page","status-publish","hentry","post"],"featured_image_src":null,"featured_image_src_square":null,"_links":{"self":[{"href":"https:\/\/ikf.ac.at\/en\/wp-json\/wp\/v2\/pages\/2539","targetHints":{"allow":["GET"]}}],"collection":[{"href":"https:\/\/ikf.ac.at\/en\/wp-json\/wp\/v2\/pages"}],"about":[{"href":"https:\/\/ikf.ac.at\/en\/wp-json\/wp\/v2\/types\/page"}],"author":[{"embeddable":true,"href":"https:\/\/ikf.ac.at\/en\/wp-json\/wp\/v2\/users\/2"}],"replies":[{"embeddable":true,"href":"https:\/\/ikf.ac.at\/en\/wp-json\/wp\/v2\/comments?post=2539"}],"version-history":[{"count":10,"href":"https:\/\/ikf.ac.at\/en\/wp-json\/wp\/v2\/pages\/2539\/revisions"}],"predecessor-version":[{"id":2553,"href":"https:\/\/ikf.ac.at\/en\/wp-json\/wp\/v2\/pages\/2539\/revisions\/2553"}],"up":[{"embeddable":true,"href":"https:\/\/ikf.ac.at\/en\/wp-json\/wp\/v2\/pages\/457"}],"wp:attachment":[{"href":"https:\/\/ikf.ac.at\/en\/wp-json\/wp\/v2\/media?parent=2539"}],"curies":[{"name":"wp","href":"https:\/\/api.w.org\/{rel}","templated":true}]}}

1997: Gesellschaftliche Dynamik im Grenzraum Österreich-Slowakei

<div class="wp-block-atomic-blocks-ab-container alignfull ab-block-container"><div class="ab-container-inside"><div class="ab-container-content"><div id="pl-gb2539-69f254e42dca7"  class="panel-layout" ><div id="pg-gb2539-69f254e42dca7-0"  class="panel-grid panel-no-style" ><div id="pgc-gb2539-69f254e42dca7-0-0"  class="panel-grid-cell" ><div id="panel-gb2539-69f254e42dca7-0-0-0" class="so-panel widget widget_media_image panel-first-child panel-last-child" data-index="0" ><img loading="lazy" decoding="async" width="2554" height="10" src="https://ikf.ac.at/wp-content/uploads/2021/01/linie_IKF.jpg" class="image wp-image-754  attachment-full size-full" alt="" style="max-width: 100%; height: auto;" srcset="https://ikf.ac.at/wp-content/uploads/2021/01/linie_IKF.jpg 2554w, https://ikf.ac.at/wp-content/uploads/2021/01/linie_IKF-300x1.jpg 300w, https://ikf.ac.at/wp-content/uploads/2021/01/linie_IKF-1024x4.jpg 1024w, https://ikf.ac.at/wp-content/uploads/2021/01/linie_IKF-768x3.jpg 768w, https://ikf.ac.at/wp-content/uploads/2021/01/linie_IKF-1536x6.jpg 1536w, https://ikf.ac.at/wp-content/uploads/2021/01/linie_IKF-2048x8.jpg 2048w" sizes="auto, (max-width: 2554px) 100vw, 2554px" /></div></div></div></div>


<div style="color:#ddd" class="wp-block-genesis-blocks-gb-spacer gb-block-spacer gb-divider-solid gb-divider-size-1"><hr style="height:30px"/></div>


<div id="pl-gb2539-69f254e42e17a"  class="panel-layout" ><div id="pg-gb2539-69f254e42e17a-0"  class="panel-grid panel-no-style" ><div id="pgc-gb2539-69f254e42e17a-0-0"  class="panel-grid-cell panel-grid-cell-empty" ></div><div id="pgc-gb2539-69f254e42e17a-0-1"  class="panel-grid-cell" ><div id="panel-gb2539-69f254e42e17a-0-1-0" class="so-panel widget widget_sow-editor panel-first-child panel-last-child" data-index="0" ><div
			
			class="so-widget-sow-editor so-widget-sow-editor-base"
			
		>
<div class="siteorigin-widget-tinymce textwidget">
	<table style="height: 274px; width: 100%; border-collapse: collapse;" border="1" cellpadding="2">
<tbody>
<tr style="height: 24px;">
<td style="width: 15.8421%; height: 24px;">Project management:</td>
<td style="width: 84.1578%; height: 24px;" colspan="2">Univ.-Prof. Dr. Anton Pelinka</td>
</tr>
<tr style="height: 24px;">
<td style="width: 15.8421%; height: 24px;">
<hr />
</td>
<td style="width: 45.0325%; height: 24px;">
<hr />
</td>
<td style="width: 39.1253%; height: 24px;"></td>
</tr>
<tr style="height: 52px;">
<td style="width: 15.8421%; height: 52px;">Implementation:</td>
<td style="width: 45.0325%;" valign="top" width="80%">Mag. Helga Amesberger<br />
Mag. Walter Fend<br />
Mag. Brigitte Halbmayr</td>
<td style="width: 39.1253%;"></td>
</tr>
<tr style="height: 24px;">
<td style="width: 15.8421%; height: 24px;">
<hr />
</td>
<td style="width: 45.0325%; height: 24px;">
<hr />
</td>
<td style="width: 39.1253%; height: 24px;"></td>
</tr>
<tr style="height: 24px;">
<td style="width: 15.8421%; height: 24px;">Funded by:</td>
<td style="width: 84.1578%; height: 24px;" colspan="2">Bundeskanzleramt, Abteilung IV/4 Raumplanung und Regionalpolitik</td>
</tr>
<tr style="height: 24px;">
<td style="width: 15.8421%; height: 24px;">
<hr />
</td>
<td style="width: 45.0325%; height: 24px;">
<hr />
</td>
<td style="width: 39.1253%; height: 24px;"></td>
</tr>
<tr style="height: 24px;">
<td style="width: 15.8421%; height: 24px;">Completed in:</td>
<td style="height: 24px; width: 84.1578%;" colspan="2">Dezember 1997</td>
</tr>
<tr style="height: 24px;">
<td style="width: 15.8421%; height: 24px;">
<hr />
</td>
<td style="width: 45.0325%; height: 24px;">
<hr />
</td>
<td style="width: 39.1253%; height: 24px;"></td>
</tr>
<tr style="height: 28px;">
<td style="width: 15.8421%; height: 28px;"></td>
<td style="width: 45.0325%; height: 28px;" valign="top" width="80%"><img loading="lazy" decoding="async" src="http://www.ikf.ac.at/design/images/Document%20Folder.png" width="28" height="28" align="left" /><a href="https://ikf.ac.at/wp-content/uploads/2021/04/Projektbericht_Grenze_kurz_deutsch.pdf" target="_blank" rel="noopener">&nbsp;Kurzbericht deutsch</a></td>
<td style="width: 39.1253%; height: 28px;"></td>
</tr>
<tr style="height: 28px;">
<td style="width: 15.8421%; height: 28px;"></td>
<td style="width: 45.0325%;"><a href="https://ikf.ac.at/wp-content/uploads/2021/04/Projektbericht_Integrationsindikatoren.pdf" target="_blank" rel="noopener"><img loading="lazy" decoding="async" src="http://www.ikf.ac.at/design/images/Document%20Folder.png" width="28" height="28" align="left" /></a><a href="https://ikf.ac.at/wp-content/uploads/2021/04/Projektbericht_Grenze_kurz_slowakisch.pdf">&nbsp;Kurzbericht slowakisch</a></td>
<td style="width: 39.1253%;"></td>
</tr>
<tr style="height: 28px;">
<td style="width: 15.8421%; height: 26px;"></td>
<td style="width: 45.0325%; height: 26px;" valign="top" width="80%"><a href="https://ikf.ac.at/wp-content/uploads/2021/04/Projektbericht_Grenze_kurz_englisch.pdf" target="_blank" rel="noopener">&nbsp;Kurzbericht englisch</a><img loading="lazy" decoding="async" src="http://www.ikf.ac.at/design/images/Document%20Folder.png" width="28" height="28" align="left" /></td>
<td style="width: 39.1253%; height: 26px;"></td>
</tr>
</tbody>
</table>
</div>
</div></div></div></div></div>


<div style="color:#404168" class="wp-block-genesis-blocks-gb-spacer gb-block-spacer gb-divider-solid gb-spacer-divider gb-divider-size-1"><hr style="height:3px"/></div>



<div style="color:#404168" class="wp-block-genesis-blocks-gb-spacer gb-block-spacer gb-divider-solid gb-divider-size-1"><hr style="height:10px"/></div>


<div id="pl-gb2539-69f254e42e66a"  class="panel-layout" ><div id="pg-gb2539-69f254e42e66a-0"  class="panel-grid panel-no-style" ><div id="pgc-gb2539-69f254e42e66a-0-0"  class="panel-grid-cell panel-grid-cell-empty" ></div><div id="pgc-gb2539-69f254e42e66a-0-1"  class="panel-grid-cell panel-grid-cell-mobile-last" ><div id="panel-gb2539-69f254e42e66a-0-1-0" class="so-panel widget widget_text panel-first-child panel-last-child" data-index="0" >			<div class="textwidget"><p align="justify">Grenzregionen zählten jahrelang zu den benachteiligten Gebieten. Durch die &#8220;Ostöffnung&#8221; und die Europäische Integration haben sich für die Grenzgebiete neue Perspektiven und Probleme ergeben. In diesem Zusammenhang wird von PolitikerInnen, WirtschaftsexpertInnen u.v.a. eine grenzüberschreitende Kooperation in den Bereichen Politik, Wirtschaft, Kultur etc. gefordert, um der Region neue Entwicklungsimpulse zu geben und anstehende Probleme gemeinsam zu bewältigen. Teile der Bevölkerung und auch diverse Interessenvertretungen sehen jedoch der verstärkten Einbindung der östlichen Nachbarstaaten &#8211; insbesondere im wirtschaftlichen Bereich &#8211; eher mit Sorge entgegen. Diese beiden Problembereiche &#8211; Schwierigkeiten der grenzüberschreitenden Zusammenarbeit und Vorbehalte der Bevölkerung gegenüber einer verstärkten Einbeziehung der Nachbarländer &#8211; stellen daher die Schwerpunkte der Studie dar.</p>
<p align="justify">Für die Datenerhebung kreierten wir eine kontextnahe Untersuchungsanordnung. Das heißt, Untersuchung&#8221;gegenstand&#8221; ist nicht der einzelne, isolierte Mensch, sondern der Mensch in seinem bedeutungsrelevanten sozialen Kontext. Wir führten in je fünf österreichischen und slowakischen Grenzgemeinden Befragungen mittels eines halbstandardisierten Leitfadens durch. Weiters diskutierten wir mit Schulklassen (Volks- und Hauptschule) über die Wahrnehmung der &#8220;neuen&#8221; Nachbarn und organisierten in jeder Gemeinde einen Diskussionsabend zum Thema. Erfahrungen in Zusammenhang mit grenzüberschreitenden Kooperationen standen bei den ExpertInneninterviews im Vordergrund. Befragt wurden ExpertInnen (insgesamt 41) aus den Bereichen Arbeitsmarktverwaltung, Interessenvertretungen, Regionalentwicklung, soziale und öffentliche Sicherheit, Wirtschaft, Kultur und Ökologie.</p>
<p align="justify">Der Forschungsbericht umfaßt neben einer Einführung zum Thema &#8220;Grenze &#8211; Bedeutungen, Funktionen und Reichweiten&#8221;, einer umfassenden Erläuterung der Erhebungsmethoden und einer kurzen Beschreibung der in die Untersuchung einbezogenen österreichischen und slowakischen Gemeinden, folgende Themenschwerpunkte:</p>
<ul>
<li>
<p align="justify"><strong>Veränderungen seit dem Fall des Eisernen Vorhangs</strong>. In diesem Zusammenhang interessierte uns, welche positiven und negativen Veränderungen von der Bevölkerung in den Grenzlandgemeinden sowohl hinsichtlich struktureller Gegebenheiten als auch persönlicher Beziehungen wahrgenommen werden.</p>
<p></li>
<li>
<p align="justify"><strong>Einstellungen zu und Erfahrungen mit den Nachbarn.</strong> Fragen der Charakterisierung, der Art und Häufigkeit der Kontakte, der Wahrnehmung von Gemeinsamkeiten und Unterschieden standen hier im Mittelpunkt.</p>
<p></li>
<li>
<p align="justify"><strong>Notwendigkeit und Bedeutung grenzüberschreitender Kontakte bzw. Zusammenarbeit.</strong> In diesem Themenschwerpunkt gingen wir v.a. der Frage nach, ob von der Bevölkerung bzw. den ExpertInnen die Notwendigkeit grenzüberschreitender Zusammenarbeit gesehen wird und auf welche Art diese gestaltet sein soll bzw. in welchen Bereichen sie sinnvoll wäre.</p>
<p></li>
<li>
<p align="justify"><strong>Kooperationserschwernisse und Voraussetzungen für die Zusammenarbeit</strong>. Hier geht es v.a. um das Herausschälen von Strukturen, die eine effektive Zusammenarbeit erschweren oder unmöglich machen. Gleichzeitig fragten wir nach den Voraussetzungen für eine gute Kooperation.</p>
</li>
</ul>
<p align="justify">Den Abschluß bilden Maßnahmenempfehlungen zur Verbesserung der zwischenmenschlichen Beziehungen in der Grenzregion und der grenzüberschreitenden Kooperation.</p>
<p>&nbsp;</p>
</div>
		</div></div><div id="pgc-gb2539-69f254e42e66a-0-2"  class="panel-grid-cell panel-grid-cell-empty" ></div></div></div>


<div style="color:#333" class="wp-block-genesis-blocks-gb-spacer gb-block-spacer gb-divider-solid gb-spacer-divider gb-divider-size-1"><hr style="height:82px"/></div>
</div></div></div>
