{"id":2515,"date":"2021-04-08T13:26:39","date_gmt":"2021-04-08T13:26:39","guid":{"rendered":"http:\/\/test-ikf.online\/?page_id=2515"},"modified":"2021-04-08T13:28:18","modified_gmt":"2021-04-08T13:28:18","slug":"1999-managing-diversities","status":"publish","type":"page","link":"https:\/\/ikf.ac.at\/en\/schwerpunkte\/cleavages\/integration-migration\/1999-managing-diversities","title":{"rendered":"1999: Managing Diversities"},"content":{"rendered":"<div class=\"wp-block-atomic-blocks-ab-container alignfull ab-block-container\"><div class=\"ab-container-inside\"><div class=\"ab-container-content\"><div id=\"pl-gb2515-69f2403be8879\"  class=\"panel-layout\" ><div id=\"pg-gb2515-69f2403be8879-0\"  class=\"panel-grid panel-no-style\" ><div id=\"pgc-gb2515-69f2403be8879-0-0\"  class=\"panel-grid-cell\" ><div id=\"panel-gb2515-69f2403be8879-0-0-0\" class=\"so-panel widget widget_media_image panel-first-child panel-last-child\" data-index=\"0\" ><img loading=\"lazy\" decoding=\"async\" width=\"2554\" height=\"10\" src=\"https:\/\/ikf.ac.at\/wp-content\/uploads\/2021\/01\/linie_IKF.jpg\" class=\"image wp-image-754  attachment-full size-full\" alt=\"\" style=\"max-width: 100%; height: auto;\" srcset=\"https:\/\/ikf.ac.at\/wp-content\/uploads\/2021\/01\/linie_IKF.jpg 2554w, https:\/\/ikf.ac.at\/wp-content\/uploads\/2021\/01\/linie_IKF-300x1.jpg 300w, https:\/\/ikf.ac.at\/wp-content\/uploads\/2021\/01\/linie_IKF-1024x4.jpg 1024w, https:\/\/ikf.ac.at\/wp-content\/uploads\/2021\/01\/linie_IKF-768x3.jpg 768w, https:\/\/ikf.ac.at\/wp-content\/uploads\/2021\/01\/linie_IKF-1536x6.jpg 1536w, https:\/\/ikf.ac.at\/wp-content\/uploads\/2021\/01\/linie_IKF-2048x8.jpg 2048w\" sizes=\"auto, (max-width: 2554px) 100vw, 2554px\" \/><\/div><\/div><\/div><\/div>\n\n\n<div style=\"color:#ddd\" class=\"wp-block-genesis-blocks-gb-spacer gb-block-spacer gb-divider-solid gb-divider-size-1\"><hr style=\"height:30px\"\/><\/div>\n\n\n<div id=\"pl-gb2515-69f2403be8fa1\"  class=\"panel-layout\" ><div id=\"pg-gb2515-69f2403be8fa1-0\"  class=\"panel-grid panel-no-style\" ><div id=\"pgc-gb2515-69f2403be8fa1-0-0\"  class=\"panel-grid-cell panel-grid-cell-empty\" ><\/div><div id=\"pgc-gb2515-69f2403be8fa1-0-1\"  class=\"panel-grid-cell\" ><div id=\"panel-gb2515-69f2403be8fa1-0-1-0\" class=\"so-panel widget widget_sow-editor panel-first-child panel-last-child\" data-index=\"0\" ><div\n\t\t\t\n\t\t\tclass=\"so-widget-sow-editor so-widget-sow-editor-base\"\n\t\t\t\n\t\t>\n<div class=\"siteorigin-widget-tinymce textwidget\">\n\t<table style=\"height: 100px; width: 100%; border-collapse: collapse;\" border=\"1\" cellpadding=\"2\">\n<tbody>\n<tr style=\"height: 24px;\">\n<td style=\"width: 15.8421%; height: 24px;\">Project management:<\/td>\n<td style=\"width: 84.1578%; height: 24px;\" colspan=\"2\">Univ.-Prof. Dr. Anton Pelinka<\/td>\n<\/tr>\n<tr>\n<td style=\"width: 15.8421%;\">\n<hr \/>\n<\/td>\n<td style=\"width: 46.0272%;\">\n<hr \/>\n<\/td>\n<td style=\"width: 38.1306%; height: 24px;\"><\/td>\n<\/tr>\n<tr>\n<td style=\"width: 15.8421%;\">Implementation:<\/td>\n<td style=\"width: 84.1578%;\" colspan=\"2\">Prof. Dr. Dov Ronen<\/td>\n<\/tr>\n<tr>\n<td style=\"width: 15.8421%;\">\n<hr \/>\n<\/td>\n<td style=\"width: 46.0272%;\">\n<hr \/>\n<\/td>\n<td style=\"width: 38.1306%;\"><\/td>\n<\/tr>\n<tr>\n<td style=\"width: 15.8421%;\">Funded by:<\/td>\n<td style=\"width: 84.1578%;\" colspan=\"2\">Bundesministerium f\u00fcr Wissenschaft und Verkehr<br \/>\nUNESCO, Division for Social Sciences, Research and Policy, Paris<\/td>\n<\/tr>\n<tr>\n<td style=\"width: 15.8421%;\">\n<hr \/>\n<\/td>\n<td style=\"width: 46.0272%;\">\n<hr \/>\n<\/td>\n<td style=\"width: 38.1306%; height: 24px;\"><\/td>\n<\/tr>\n<tr style=\"height: 24px;\">\n<td style=\"width: 15.8421%; height: 24px;\">Completed in:<\/td>\n<td style=\"height: 24px; width: 84.1578%;\" colspan=\"2\">Mai 1999<\/td>\n<\/tr>\n<\/tbody>\n<\/table>\n<\/div>\n<\/div><\/div><\/div><\/div><\/div>\n\n\n<div style=\"color:#404168\" class=\"wp-block-genesis-blocks-gb-spacer gb-block-spacer gb-divider-solid gb-spacer-divider gb-divider-size-1\"><hr style=\"height:3px\"\/><\/div>\n\n\n\n<div style=\"color:#404168\" class=\"wp-block-genesis-blocks-gb-spacer gb-block-spacer gb-divider-solid gb-divider-size-1\"><hr style=\"height:10px\"\/><\/div>\n\n\n<div id=\"pl-gb2515-69f2403be9510\"  class=\"panel-layout\" ><div id=\"pg-gb2515-69f2403be9510-0\"  class=\"panel-grid panel-no-style\" ><div id=\"pgc-gb2515-69f2403be9510-0-0\"  class=\"panel-grid-cell panel-grid-cell-empty\" ><\/div><div id=\"pgc-gb2515-69f2403be9510-0-1\"  class=\"panel-grid-cell panel-grid-cell-mobile-last\" ><div id=\"panel-gb2515-69f2403be9510-0-1-0\" class=\"so-panel widget widget_text panel-first-child panel-last-child\" data-index=\"0\" >\t\t\t<div class=\"textwidget\"><p align=\"justify\">Das Projekt ist eine Pilotstudie, die den Umgang mit ethnischen Konflikten in Zentraleuropa am Beispiel der Slowakei untersuchte. Das erkenntnisleitende Interesse des Projektes war, die angesichts der ethnischen Diversit\u00e4t in den Reformstaaten Mittel- und Osteuropas in dieser Region selbst erprobten bzw. diskutierten politischen Muster des Umganges mit ethnischen Konflikten zu erheben und in einen Kontext mit allgemeinen Erfahrungen des Umganges mit solchen Konflikten zu bringen. Der methodische Grundgedanke dabei war, in zwei Stufen die Einstellungen zun\u00e4chst verschiedener Meinungsf\u00fchrer und dann, in einem feedback-Verfahren, die Einstellungen wissenschaftlicher ExpertInnen zu erheben. Prof. Ronen f\u00fchrte &#8211; diesem methodischen Muster entsprechend &#8211; in zwei &#8220;Wellen&#8221; qualitative Interviews in der Slowakei durch.<\/p>\n<p align=\"justify\">Hinter dieser Studie stand die Erwartung, bestimmte (politische, soziale) Techniken des Umganges mit ethnischer Vielfalt und ethnischen Konflikten in Erfahrung zu bringen. Dies entspricht einem bottom up-Zugang, der betroffenen Staaten keine normativen Muster vorschreiben will, sondern die in diesen Staaten vorhandenen Erfahrungen analysieren und so allgemein nutzbar machen will.<\/p>\n<p align=\"justify\">Das Projekt wurde im Rahmen des MOST-Programmes der UNESCO durchgef\u00fchrt. Dem Charakter einer Pilotstudie entsprechend besteht die M\u00f6glichkeit, die Ergebnisse dieser Studie als Grundlage f\u00fcr weiterf\u00fchrende, auch andere bzw. alle Staaten der Region umfassende Erhebungen zu machen. Diese M\u00f6glichkeit einer &#8211; indirekten &#8211; Folgestudie wird derzeit verfolgt.<\/p>\n<\/div>\n\t\t<\/div><\/div><div id=\"pgc-gb2515-69f2403be9510-0-2\"  class=\"panel-grid-cell panel-grid-cell-empty\" ><\/div><\/div><\/div>\n\n\n<div style=\"color:#333\" class=\"wp-block-genesis-blocks-gb-spacer gb-block-spacer gb-divider-solid gb-spacer-divider gb-divider-size-1\"><hr style=\"height:100px\"\/><\/div>\n<\/div><\/div><\/div>","protected":false},"excerpt":{"rendered":"","protected":false},"author":2,"featured_media":0,"parent":457,"menu_order":41,"comment_status":"closed","ping_status":"closed","template":"","meta":{"footnotes":""},"class_list":["post-2515","page","type-page","status-publish","hentry","post"],"featured_image_src":null,"featured_image_src_square":null,"_links":{"self":[{"href":"https:\/\/ikf.ac.at\/en\/wp-json\/wp\/v2\/pages\/2515","targetHints":{"allow":["GET"]}}],"collection":[{"href":"https:\/\/ikf.ac.at\/en\/wp-json\/wp\/v2\/pages"}],"about":[{"href":"https:\/\/ikf.ac.at\/en\/wp-json\/wp\/v2\/types\/page"}],"author":[{"embeddable":true,"href":"https:\/\/ikf.ac.at\/en\/wp-json\/wp\/v2\/users\/2"}],"replies":[{"embeddable":true,"href":"https:\/\/ikf.ac.at\/en\/wp-json\/wp\/v2\/comments?post=2515"}],"version-history":[{"count":3,"href":"https:\/\/ikf.ac.at\/en\/wp-json\/wp\/v2\/pages\/2515\/revisions"}],"predecessor-version":[{"id":2518,"href":"https:\/\/ikf.ac.at\/en\/wp-json\/wp\/v2\/pages\/2515\/revisions\/2518"}],"up":[{"embeddable":true,"href":"https:\/\/ikf.ac.at\/en\/wp-json\/wp\/v2\/pages\/457"}],"wp:attachment":[{"href":"https:\/\/ikf.ac.at\/en\/wp-json\/wp\/v2\/media?parent=2515"}],"curies":[{"name":"wp","href":"https:\/\/api.w.org\/{rel}","templated":true}]}}

<div class="wp-block-atomic-blocks-ab-container alignfull ab-block-container"><div class="ab-container-inside"><div class="ab-container-content"><div id="pl-gb2515-69f2403be8879"  class="panel-layout" ><div id="pg-gb2515-69f2403be8879-0"  class="panel-grid panel-no-style" ><div id="pgc-gb2515-69f2403be8879-0-0"  class="panel-grid-cell" ><div id="panel-gb2515-69f2403be8879-0-0-0" class="so-panel widget widget_media_image panel-first-child panel-last-child" data-index="0" ><img loading="lazy" decoding="async" width="2554" height="10" src="https://ikf.ac.at/wp-content/uploads/2021/01/linie_IKF.jpg" class="image wp-image-754  attachment-full size-full" alt="" style="max-width: 100%; height: auto;" srcset="https://ikf.ac.at/wp-content/uploads/2021/01/linie_IKF.jpg 2554w, https://ikf.ac.at/wp-content/uploads/2021/01/linie_IKF-300x1.jpg 300w, https://ikf.ac.at/wp-content/uploads/2021/01/linie_IKF-1024x4.jpg 1024w, https://ikf.ac.at/wp-content/uploads/2021/01/linie_IKF-768x3.jpg 768w, https://ikf.ac.at/wp-content/uploads/2021/01/linie_IKF-1536x6.jpg 1536w, https://ikf.ac.at/wp-content/uploads/2021/01/linie_IKF-2048x8.jpg 2048w" sizes="auto, (max-width: 2554px) 100vw, 2554px" /></div></div></div></div>


<div style="color:#ddd" class="wp-block-genesis-blocks-gb-spacer gb-block-spacer gb-divider-solid gb-divider-size-1"><hr style="height:30px"/></div>


<div id="pl-gb2515-69f2403be8fa1"  class="panel-layout" ><div id="pg-gb2515-69f2403be8fa1-0"  class="panel-grid panel-no-style" ><div id="pgc-gb2515-69f2403be8fa1-0-0"  class="panel-grid-cell panel-grid-cell-empty" ></div><div id="pgc-gb2515-69f2403be8fa1-0-1"  class="panel-grid-cell" ><div id="panel-gb2515-69f2403be8fa1-0-1-0" class="so-panel widget widget_sow-editor panel-first-child panel-last-child" data-index="0" ><div
			
			class="so-widget-sow-editor so-widget-sow-editor-base"
			
		>
<div class="siteorigin-widget-tinymce textwidget">
	<table style="height: 100px; width: 100%; border-collapse: collapse;" border="1" cellpadding="2">
<tbody>
<tr style="height: 24px;">
<td style="width: 15.8421%; height: 24px;">Project management:</td>
<td style="width: 84.1578%; height: 24px;" colspan="2">Univ.-Prof. Dr. Anton Pelinka</td>
</tr>
<tr>
<td style="width: 15.8421%;">
<hr />
</td>
<td style="width: 46.0272%;">
<hr />
</td>
<td style="width: 38.1306%; height: 24px;"></td>
</tr>
<tr>
<td style="width: 15.8421%;">Implementation:</td>
<td style="width: 84.1578%;" colspan="2">Prof. Dr. Dov Ronen</td>
</tr>
<tr>
<td style="width: 15.8421%;">
<hr />
</td>
<td style="width: 46.0272%;">
<hr />
</td>
<td style="width: 38.1306%;"></td>
</tr>
<tr>
<td style="width: 15.8421%;">Funded by:</td>
<td style="width: 84.1578%;" colspan="2">Bundesministerium für Wissenschaft und Verkehr<br />
UNESCO, Division for Social Sciences, Research and Policy, Paris</td>
</tr>
<tr>
<td style="width: 15.8421%;">
<hr />
</td>
<td style="width: 46.0272%;">
<hr />
</td>
<td style="width: 38.1306%; height: 24px;"></td>
</tr>
<tr style="height: 24px;">
<td style="width: 15.8421%; height: 24px;">Completed in:</td>
<td style="height: 24px; width: 84.1578%;" colspan="2">Mai 1999</td>
</tr>
</tbody>
</table>
</div>
</div></div></div></div></div>


<div style="color:#404168" class="wp-block-genesis-blocks-gb-spacer gb-block-spacer gb-divider-solid gb-spacer-divider gb-divider-size-1"><hr style="height:3px"/></div>



<div style="color:#404168" class="wp-block-genesis-blocks-gb-spacer gb-block-spacer gb-divider-solid gb-divider-size-1"><hr style="height:10px"/></div>


<div id="pl-gb2515-69f2403be9510"  class="panel-layout" ><div id="pg-gb2515-69f2403be9510-0"  class="panel-grid panel-no-style" ><div id="pgc-gb2515-69f2403be9510-0-0"  class="panel-grid-cell panel-grid-cell-empty" ></div><div id="pgc-gb2515-69f2403be9510-0-1"  class="panel-grid-cell panel-grid-cell-mobile-last" ><div id="panel-gb2515-69f2403be9510-0-1-0" class="so-panel widget widget_text panel-first-child panel-last-child" data-index="0" >			<div class="textwidget"><p align="justify">Das Projekt ist eine Pilotstudie, die den Umgang mit ethnischen Konflikten in Zentraleuropa am Beispiel der Slowakei untersuchte. Das erkenntnisleitende Interesse des Projektes war, die angesichts der ethnischen Diversität in den Reformstaaten Mittel- und Osteuropas in dieser Region selbst erprobten bzw. diskutierten politischen Muster des Umganges mit ethnischen Konflikten zu erheben und in einen Kontext mit allgemeinen Erfahrungen des Umganges mit solchen Konflikten zu bringen. Der methodische Grundgedanke dabei war, in zwei Stufen die Einstellungen zunächst verschiedener Meinungsführer und dann, in einem feedback-Verfahren, die Einstellungen wissenschaftlicher ExpertInnen zu erheben. Prof. Ronen führte &#8211; diesem methodischen Muster entsprechend &#8211; in zwei &#8220;Wellen&#8221; qualitative Interviews in der Slowakei durch.</p>
<p align="justify">Hinter dieser Studie stand die Erwartung, bestimmte (politische, soziale) Techniken des Umganges mit ethnischer Vielfalt und ethnischen Konflikten in Erfahrung zu bringen. Dies entspricht einem bottom up-Zugang, der betroffenen Staaten keine normativen Muster vorschreiben will, sondern die in diesen Staaten vorhandenen Erfahrungen analysieren und so allgemein nutzbar machen will.</p>
<p align="justify">Das Projekt wurde im Rahmen des MOST-Programmes der UNESCO durchgeführt. Dem Charakter einer Pilotstudie entsprechend besteht die Möglichkeit, die Ergebnisse dieser Studie als Grundlage für weiterführende, auch andere bzw. alle Staaten der Region umfassende Erhebungen zu machen. Diese Möglichkeit einer &#8211; indirekten &#8211; Folgestudie wird derzeit verfolgt.</p>
</div>
		</div></div><div id="pgc-gb2515-69f2403be9510-0-2"  class="panel-grid-cell panel-grid-cell-empty" ></div></div></div>


<div style="color:#333" class="wp-block-genesis-blocks-gb-spacer gb-block-spacer gb-divider-solid gb-spacer-divider gb-divider-size-1"><hr style="height:100px"/></div>
</div></div></div>
