{"id":2510,"date":"2021-04-08T13:21:34","date_gmt":"2021-04-08T13:21:34","guid":{"rendered":"http:\/\/test-ikf.online\/?page_id=2510"},"modified":"2021-04-08T13:29:12","modified_gmt":"2021-04-08T13:29:12","slug":"2000-integrationsindikatoren-wien","status":"publish","type":"page","link":"https:\/\/ikf.ac.at\/en\/schwerpunkte\/cleavages\/integration-migration\/2000-integrationsindikatoren-wien","title":{"rendered":"2000: Integrationsindikatoren. Zur Nachhaltigkeit der Wiener Integrationspolitik"},"content":{"rendered":"<div class=\"wp-block-atomic-blocks-ab-container alignfull ab-block-container\"><div class=\"ab-container-inside\"><div class=\"ab-container-content\"><div id=\"pl-gb2510-69f2401670843\"  class=\"panel-layout\" ><div id=\"pg-gb2510-69f2401670843-0\"  class=\"panel-grid panel-no-style\" ><div id=\"pgc-gb2510-69f2401670843-0-0\"  class=\"panel-grid-cell\" ><div id=\"panel-gb2510-69f2401670843-0-0-0\" class=\"so-panel widget widget_media_image panel-first-child panel-last-child\" data-index=\"0\" ><img loading=\"lazy\" decoding=\"async\" width=\"2554\" height=\"10\" src=\"https:\/\/ikf.ac.at\/wp-content\/uploads\/2021\/01\/linie_IKF.jpg\" class=\"image wp-image-754  attachment-full size-full\" alt=\"\" style=\"max-width: 100%; height: auto;\" srcset=\"https:\/\/ikf.ac.at\/wp-content\/uploads\/2021\/01\/linie_IKF.jpg 2554w, https:\/\/ikf.ac.at\/wp-content\/uploads\/2021\/01\/linie_IKF-300x1.jpg 300w, https:\/\/ikf.ac.at\/wp-content\/uploads\/2021\/01\/linie_IKF-1024x4.jpg 1024w, https:\/\/ikf.ac.at\/wp-content\/uploads\/2021\/01\/linie_IKF-768x3.jpg 768w, https:\/\/ikf.ac.at\/wp-content\/uploads\/2021\/01\/linie_IKF-1536x6.jpg 1536w, https:\/\/ikf.ac.at\/wp-content\/uploads\/2021\/01\/linie_IKF-2048x8.jpg 2048w\" sizes=\"auto, (max-width: 2554px) 100vw, 2554px\" \/><\/div><\/div><\/div><\/div>\n\n\n<div style=\"color:#ddd\" class=\"wp-block-genesis-blocks-gb-spacer gb-block-spacer gb-divider-solid gb-divider-size-1\"><hr style=\"height:30px\"\/><\/div>\n\n\n<div id=\"pl-gb2510-69f2401670d24\"  class=\"panel-layout\" ><div id=\"pg-gb2510-69f2401670d24-0\"  class=\"panel-grid panel-no-style\" ><div id=\"pgc-gb2510-69f2401670d24-0-0\"  class=\"panel-grid-cell panel-grid-cell-empty\" ><\/div><div id=\"pgc-gb2510-69f2401670d24-0-1\"  class=\"panel-grid-cell\" ><div id=\"panel-gb2510-69f2401670d24-0-1-0\" class=\"so-panel widget widget_sow-editor panel-first-child panel-last-child\" data-index=\"0\" ><div\n\t\t\t\n\t\t\tclass=\"so-widget-sow-editor so-widget-sow-editor-base\"\n\t\t\t\n\t\t>\n<div class=\"siteorigin-widget-tinymce textwidget\">\n\t<table style=\"height: 274px; width: 100%; border-collapse: collapse;\" border=\"1\" cellpadding=\"2\">\n<tbody>\n<tr style=\"height: 24px;\">\n<td style=\"width: 15.8421%; height: 24px;\">Project management:<\/td>\n<td style=\"width: 84.1578%; height: 24px;\" colspan=\"2\">Univ.-Prof. Dr. Anton Pelinka<\/td>\n<\/tr>\n<tr style=\"height: 24px;\">\n<td style=\"width: 15.8421%; height: 24px;\">\n<hr \/>\n<\/td>\n<td style=\"width: 31.6662%; height: 24px;\">\n<hr \/>\n<\/td>\n<td style=\"width: 52.4916%; height: 24px;\"><\/td>\n<\/tr>\n<tr style=\"height: 52px;\">\n<td style=\"width: 15.8421%; height: 52px;\">Implementation:<\/td>\n<td style=\"width: 84.1578%; height: 52px;\" colspan=\"2\">Mag. Dr. Stefanie Mayer<sup>a<\/sup> Helga Amesberger<br \/>\nMag. Dr. Stefanie Mayer<sup>a<\/sup> Brigitte Halbmayr<\/td>\n<\/tr>\n<tr style=\"height: 24px;\">\n<td style=\"width: 15.8421%; height: 24px;\">\n<hr \/>\n<\/td>\n<td style=\"width: 31.6662%; height: 24px;\">\n<hr \/>\n<\/td>\n<td style=\"width: 52.4916%; height: 24px;\"><\/td>\n<\/tr>\n<tr style=\"height: 24px;\">\n<td style=\"width: 15.8421%; height: 24px;\">Funded by:<\/td>\n<td style=\"width: 84.1578%; height: 24px;\" colspan=\"2\">Wiener Integrationsfonds<br \/>\nStadt Wien &#8211; MA 18 und MA 57<\/td>\n<\/tr>\n<tr style=\"height: 24px;\">\n<td style=\"width: 15.8421%; height: 24px;\">\n<hr \/>\n<\/td>\n<td style=\"width: 31.6662%; height: 24px;\">\n<hr \/>\n<\/td>\n<td style=\"width: 52.4916%; height: 24px;\"><\/td>\n<\/tr>\n<tr style=\"height: 24px;\">\n<td style=\"width: 15.8421%; height: 24px;\">Completed in:<\/td>\n<td style=\"height: 24px; width: 84.1578%;\" colspan=\"2\">Dezember 2000<\/td>\n<\/tr>\n<tr style=\"height: 24px;\">\n<td style=\"width: 15.8421%; height: 24px;\">\n<hr \/>\n<\/td>\n<td style=\"width: 31.6662%; height: 24px;\">\n<hr \/>\n<\/td>\n<td style=\"width: 52.4916%; height: 24px;\"><\/td>\n<\/tr>\n<tr style=\"height: 28px;\">\n<td style=\"width: 15.8421%; height: 28px;\"><\/td>\n<td style=\"width: 31.6662%; height: 28px;\" valign=\"top\" width=\"80%\"><a href=\"https:\/\/ikf.ac.at\/wp-content\/uploads\/2021\/04\/Projektbericht_Integrationsindikatoren.pdf\" target=\"_blank\" rel=\"noopener\">Final Report (german)<img loading=\"lazy\" decoding=\"async\" src=\"http:\/\/www.ikf.ac.at\/design\/images\/Document%20Folder.png\" width=\"28\" height=\"28\" align=\"left\" \/><\/a><\/td>\n<td style=\"width: 52.4916%; height: 28px;\"><\/td>\n<\/tr>\n<tr style=\"height: 26px;\">\n<td style=\"width: 15.8421%; height: 26px;\"><\/td>\n<td style=\"width: 31.6662%; height: 26px;\" valign=\"top\" width=\"80%\"><a href=\"https:\/\/ikf.ac.at\/wp-content\/uploads\/2021\/04\/Kurzfassung_Integrationsindikatoren.pdf\" target=\"_blank\" rel=\"noopener\">Kurzfassung zum Download<\/a><img loading=\"lazy\" decoding=\"async\" src=\"http:\/\/www.ikf.ac.at\/design\/images\/Document%20Folder.png\" width=\"28\" height=\"28\" align=\"left\" \/><\/td>\n<td style=\"width: 52.4916%; height: 26px;\"><\/td>\n<\/tr>\n<\/tbody>\n<\/table>\n<\/div>\n<\/div><\/div><\/div><\/div><\/div>\n\n\n<div style=\"color:#404168\" class=\"wp-block-genesis-blocks-gb-spacer gb-block-spacer gb-divider-solid gb-spacer-divider gb-divider-size-1\"><hr style=\"height:3px\"\/><\/div>\n\n\n\n<div style=\"color:#404168\" class=\"wp-block-genesis-blocks-gb-spacer gb-block-spacer gb-divider-solid gb-divider-size-1\"><hr style=\"height:10px\"\/><\/div>\n\n\n<div id=\"pl-gb2510-69f24016712ea\"  class=\"panel-layout\" ><div id=\"pg-gb2510-69f24016712ea-0\"  class=\"panel-grid panel-no-style\" ><div id=\"pgc-gb2510-69f24016712ea-0-0\"  class=\"panel-grid-cell panel-grid-cell-empty\" ><\/div><div id=\"pgc-gb2510-69f24016712ea-0-1\"  class=\"panel-grid-cell panel-grid-cell-mobile-last\" ><div id=\"panel-gb2510-69f24016712ea-0-1-0\" class=\"so-panel widget widget_text panel-first-child panel-last-child\" data-index=\"0\" >\t\t\t<div class=\"textwidget\"><p align=\"justify\">Die Integration von ImmigrantInnen in die Gesellschaft des Immigrationslandes wird in der wissenschaftlichen Forschung wie auch in der Politik als wesentliche Voraussetzung f\u00fcr ein m\u00f6glichst konfliktfreies Miteinander-Leben verstanden und ist ein Anspruch, der sich sowohl an die Mehrheitsgesellschaft als auch an die ImmigrantInnen richtet. Aufgabe dieses Projekts war es, Integrationsindikatoren zu erstellen, welche M\u00f6glichkeiten und Notwendigkeiten, aber auch Hindernisse oder Verweigerung von Integration fassbar machen dies nicht nur f\u00fcr eine einmalige Bestandsaufnahme, sondern als Instrumentarium f\u00fcr weitere Untersuchungen und als Orientierungshilfe f\u00fcr die zuk\u00fcnftige Integrationspolitik der Stadt Wien (Zeitreihen). Die Indikatorenerstellung muss zum einen die Bedingungen f\u00fcr Integration, wie sie von der Mehrheitsgesellschaft vorgegeben werden (rechtliche, sozio\u00f6konomische, kulturelle und soziale Rahmenbedingungen) erheben und deren integrationsf\u00f6rdernde bzw. hemmende Auswirkungen ber\u00fccksichtigen; zum anderen sind die beeinflussenden Faktoren auf Seite der ImmigrantInnen\/Ausl\u00e4nderInnen, die Integration erleichtern bzw. erschweren (wie etwa Unterschiede aufgrund des Geschlechts, des Alters, der Generationszugeh\u00f6rigkeit, der Aufenthaltsdauer, des Bildungsstands, etc.), miteinzubeziehen.<\/p>\n<p align=\"justify\">Kernst\u00fcck der Arbeit ist die Auflistung und Diskussion von 67 Integrationsindikatoren. Der Gro\u00dfteil von ihnen sind Indikatoren in der sozio\u00f6konomische Dimension, die auf die Bereiche Familienstruktur, Aufenthalt Einb\u00fcrgerung, Bev\u00f6lkerungsbewegung, (Aus)Bildung, Besch\u00e4ftigung, Einkommen, Armut Armutsgef\u00e4hrdung Wohlstand, Wohnen und Gesundheit entfallen. Partizipationsindikatoren im Bereich Sozialkontakte und politische Partizipation werden erg\u00e4nzt durch Indikatoren der kulturellen Dimension, hier unterteilt in die Bereiche Bewusstseinsbildung, sprachliche Rechte, Medien, Kunst und Kultur sowie Religion. F\u00fcr die rechtliche Dimension wurden der Vollst\u00e4ndigkeit halber rezente Forschungsarbeiten zusammengefasst.<\/p>\n<p align=\"justify\">Die Pr\u00e4sentation der Indikatoren folgt einem einheitlichen Schema, welches folgende Rubriken umfasst: These (welchen Integrationsbereich benennt der Indikator, Diskussion der These, Messleistung, von wem ist Integrationsleistung zu erbringen (von Mehrheitsgesellschaft und\/oder ImmigrantInnen), auf welche Personengruppe ist der Indikator anzuwenden), Differenzierung der Personengruppe, Vergleichsgruppe und schlie\u00dflich die Datenlage zu diesem Indikator, wobei zwischen vorhandenen Daten und zu erhebenden Daten unterschieden wird. Der Datenlage wird zus\u00e4tzlich ein Kapitel gewidmet, in dem die Daten s\u00e4mtlicher relevanter Quellen (Volksz\u00e4hlungsdaten, Mikrozensus, ECHP, Hauptverband der \u00f6sterreichischen Sozialversicherungstr\u00e4ger, Fremdeninformationssystem, etc.) detailliert beschrieben und nach ihrer Aussagekraft bzgl. der Situation von Zugewanderten \u00fcberpr\u00fcft werden. Zur leichteren Handhabung wurde der Bericht farblich gestaltet, wobei jeder Integrationsbereich mit einer \u00dcbersicht \u00fcber die Indikatoren und einem Raster, der bereits die wesentlichen Informationen enth\u00e4lt, beginnt.<\/p>\n<p align=\"justify\">Ergebnis ist eine \u00fcbersichtlich gestaltete Zusammenfassung zu Integrationsbereichen und M\u00f6glichkeiten der Messung von Integration, welches einem Nachschlagwerk gleichkommt. Die Diskussion der Indikatoren gibt Auskunft \u00fcber die Aussagekraft der Indikatoren hinsichtlich Integration wie auch \u00fcber Ein- und Ausschlussmechanismen in einer Gesellschaft und damit auch Auskunft \u00fcber den politischen Handlungsbedarf. Da in die Diskussion aktuelle Daten einbezogen wurden, stellt der Bericht auch einen \u00dcberblick \u00fcber die derzeitige Situation von Zugewanderten in Wien dar. Die Vielzahl der Indikatoren macht zudem die Multidimensionalit\u00e4t von Integration sichtbar. Die Indikatoren zeigen auch deutlich Interdependenzen bzw. verschiedene Kausalit\u00e4ten auf (z.B. niedriges Einkommen hat Auswirkungen auf Wohnsituation, Gesundheit, Bildung, etc.). Schlie\u00dflich verdeutlicht der Bericht, wie es um die Datenlage bestellt ist und in welchen Bereichen zus\u00e4tzlicher Forschungs- und Erhebungsbedarf gegeben ist.<\/p>\n<\/div>\n\t\t<\/div><\/div><div id=\"pgc-gb2510-69f24016712ea-0-2\"  class=\"panel-grid-cell panel-grid-cell-empty\" ><\/div><\/div><\/div>\n\n\n<div style=\"color:#333\" class=\"wp-block-genesis-blocks-gb-spacer gb-block-spacer gb-divider-solid gb-spacer-divider gb-divider-size-1\"><hr style=\"height:100px\"\/><\/div>\n<\/div><\/div><\/div>","protected":false},"excerpt":{"rendered":"","protected":false},"author":2,"featured_media":0,"parent":457,"menu_order":40,"comment_status":"closed","ping_status":"closed","template":"","meta":{"footnotes":""},"class_list":["post-2510","page","type-page","status-publish","hentry","post"],"featured_image_src":null,"featured_image_src_square":null,"_links":{"self":[{"href":"https:\/\/ikf.ac.at\/en\/wp-json\/wp\/v2\/pages\/2510","targetHints":{"allow":["GET"]}}],"collection":[{"href":"https:\/\/ikf.ac.at\/en\/wp-json\/wp\/v2\/pages"}],"about":[{"href":"https:\/\/ikf.ac.at\/en\/wp-json\/wp\/v2\/types\/page"}],"author":[{"embeddable":true,"href":"https:\/\/ikf.ac.at\/en\/wp-json\/wp\/v2\/users\/2"}],"replies":[{"embeddable":true,"href":"https:\/\/ikf.ac.at\/en\/wp-json\/wp\/v2\/comments?post=2510"}],"version-history":[{"count":4,"href":"https:\/\/ikf.ac.at\/en\/wp-json\/wp\/v2\/pages\/2510\/revisions"}],"predecessor-version":[{"id":2514,"href":"https:\/\/ikf.ac.at\/en\/wp-json\/wp\/v2\/pages\/2510\/revisions\/2514"}],"up":[{"embeddable":true,"href":"https:\/\/ikf.ac.at\/en\/wp-json\/wp\/v2\/pages\/457"}],"wp:attachment":[{"href":"https:\/\/ikf.ac.at\/en\/wp-json\/wp\/v2\/media?parent=2510"}],"curies":[{"name":"wp","href":"https:\/\/api.w.org\/{rel}","templated":true}]}}

<div class="wp-block-atomic-blocks-ab-container alignfull ab-block-container"><div class="ab-container-inside"><div class="ab-container-content"><div id="pl-gb2510-69f2401670843"  class="panel-layout" ><div id="pg-gb2510-69f2401670843-0"  class="panel-grid panel-no-style" ><div id="pgc-gb2510-69f2401670843-0-0"  class="panel-grid-cell" ><div id="panel-gb2510-69f2401670843-0-0-0" class="so-panel widget widget_media_image panel-first-child panel-last-child" data-index="0" ><img loading="lazy" decoding="async" width="2554" height="10" src="https://ikf.ac.at/wp-content/uploads/2021/01/linie_IKF.jpg" class="image wp-image-754  attachment-full size-full" alt="" style="max-width: 100%; height: auto;" srcset="https://ikf.ac.at/wp-content/uploads/2021/01/linie_IKF.jpg 2554w, https://ikf.ac.at/wp-content/uploads/2021/01/linie_IKF-300x1.jpg 300w, https://ikf.ac.at/wp-content/uploads/2021/01/linie_IKF-1024x4.jpg 1024w, https://ikf.ac.at/wp-content/uploads/2021/01/linie_IKF-768x3.jpg 768w, https://ikf.ac.at/wp-content/uploads/2021/01/linie_IKF-1536x6.jpg 1536w, https://ikf.ac.at/wp-content/uploads/2021/01/linie_IKF-2048x8.jpg 2048w" sizes="auto, (max-width: 2554px) 100vw, 2554px" /></div></div></div></div>


<div style="color:#ddd" class="wp-block-genesis-blocks-gb-spacer gb-block-spacer gb-divider-solid gb-divider-size-1"><hr style="height:30px"/></div>


<div id="pl-gb2510-69f2401670d24"  class="panel-layout" ><div id="pg-gb2510-69f2401670d24-0"  class="panel-grid panel-no-style" ><div id="pgc-gb2510-69f2401670d24-0-0"  class="panel-grid-cell panel-grid-cell-empty" ></div><div id="pgc-gb2510-69f2401670d24-0-1"  class="panel-grid-cell" ><div id="panel-gb2510-69f2401670d24-0-1-0" class="so-panel widget widget_sow-editor panel-first-child panel-last-child" data-index="0" ><div
			
			class="so-widget-sow-editor so-widget-sow-editor-base"
			
		>
<div class="siteorigin-widget-tinymce textwidget">
	<table style="height: 274px; width: 100%; border-collapse: collapse;" border="1" cellpadding="2">
<tbody>
<tr style="height: 24px;">
<td style="width: 15.8421%; height: 24px;">Project management:</td>
<td style="width: 84.1578%; height: 24px;" colspan="2">Univ.-Prof. Dr. Anton Pelinka</td>
</tr>
<tr style="height: 24px;">
<td style="width: 15.8421%; height: 24px;">
<hr />
</td>
<td style="width: 31.6662%; height: 24px;">
<hr />
</td>
<td style="width: 52.4916%; height: 24px;"></td>
</tr>
<tr style="height: 52px;">
<td style="width: 15.8421%; height: 52px;">Implementation:</td>
<td style="width: 84.1578%; height: 52px;" colspan="2">Mag. Dr. Stefanie Mayer<sup>a</sup> Helga Amesberger<br />
Mag. Dr. Stefanie Mayer<sup>a</sup> Brigitte Halbmayr</td>
</tr>
<tr style="height: 24px;">
<td style="width: 15.8421%; height: 24px;">
<hr />
</td>
<td style="width: 31.6662%; height: 24px;">
<hr />
</td>
<td style="width: 52.4916%; height: 24px;"></td>
</tr>
<tr style="height: 24px;">
<td style="width: 15.8421%; height: 24px;">Funded by:</td>
<td style="width: 84.1578%; height: 24px;" colspan="2">Wiener Integrationsfonds<br />
Stadt Wien &#8211; MA 18 und MA 57</td>
</tr>
<tr style="height: 24px;">
<td style="width: 15.8421%; height: 24px;">
<hr />
</td>
<td style="width: 31.6662%; height: 24px;">
<hr />
</td>
<td style="width: 52.4916%; height: 24px;"></td>
</tr>
<tr style="height: 24px;">
<td style="width: 15.8421%; height: 24px;">Completed in:</td>
<td style="height: 24px; width: 84.1578%;" colspan="2">Dezember 2000</td>
</tr>
<tr style="height: 24px;">
<td style="width: 15.8421%; height: 24px;">
<hr />
</td>
<td style="width: 31.6662%; height: 24px;">
<hr />
</td>
<td style="width: 52.4916%; height: 24px;"></td>
</tr>
<tr style="height: 28px;">
<td style="width: 15.8421%; height: 28px;"></td>
<td style="width: 31.6662%; height: 28px;" valign="top" width="80%"><a href="https://ikf.ac.at/wp-content/uploads/2021/04/Projektbericht_Integrationsindikatoren.pdf" target="_blank" rel="noopener">Final Report (german)<img loading="lazy" decoding="async" src="http://www.ikf.ac.at/design/images/Document%20Folder.png" width="28" height="28" align="left" /></a></td>
<td style="width: 52.4916%; height: 28px;"></td>
</tr>
<tr style="height: 26px;">
<td style="width: 15.8421%; height: 26px;"></td>
<td style="width: 31.6662%; height: 26px;" valign="top" width="80%"><a href="https://ikf.ac.at/wp-content/uploads/2021/04/Kurzfassung_Integrationsindikatoren.pdf" target="_blank" rel="noopener">Kurzfassung zum Download</a><img loading="lazy" decoding="async" src="http://www.ikf.ac.at/design/images/Document%20Folder.png" width="28" height="28" align="left" /></td>
<td style="width: 52.4916%; height: 26px;"></td>
</tr>
</tbody>
</table>
</div>
</div></div></div></div></div>


<div style="color:#404168" class="wp-block-genesis-blocks-gb-spacer gb-block-spacer gb-divider-solid gb-spacer-divider gb-divider-size-1"><hr style="height:3px"/></div>



<div style="color:#404168" class="wp-block-genesis-blocks-gb-spacer gb-block-spacer gb-divider-solid gb-divider-size-1"><hr style="height:10px"/></div>


<div id="pl-gb2510-69f24016712ea"  class="panel-layout" ><div id="pg-gb2510-69f24016712ea-0"  class="panel-grid panel-no-style" ><div id="pgc-gb2510-69f24016712ea-0-0"  class="panel-grid-cell panel-grid-cell-empty" ></div><div id="pgc-gb2510-69f24016712ea-0-1"  class="panel-grid-cell panel-grid-cell-mobile-last" ><div id="panel-gb2510-69f24016712ea-0-1-0" class="so-panel widget widget_text panel-first-child panel-last-child" data-index="0" >			<div class="textwidget"><p align="justify">Die Integration von ImmigrantInnen in die Gesellschaft des Immigrationslandes wird in der wissenschaftlichen Forschung wie auch in der Politik als wesentliche Voraussetzung für ein möglichst konfliktfreies Miteinander-Leben verstanden und ist ein Anspruch, der sich sowohl an die Mehrheitsgesellschaft als auch an die ImmigrantInnen richtet. Aufgabe dieses Projekts war es, Integrationsindikatoren zu erstellen, welche Möglichkeiten und Notwendigkeiten, aber auch Hindernisse oder Verweigerung von Integration fassbar machen dies nicht nur für eine einmalige Bestandsaufnahme, sondern als Instrumentarium für weitere Untersuchungen und als Orientierungshilfe für die zukünftige Integrationspolitik der Stadt Wien (Zeitreihen). Die Indikatorenerstellung muss zum einen die Bedingungen für Integration, wie sie von der Mehrheitsgesellschaft vorgegeben werden (rechtliche, sozioökonomische, kulturelle und soziale Rahmenbedingungen) erheben und deren integrationsfördernde bzw. hemmende Auswirkungen berücksichtigen; zum anderen sind die beeinflussenden Faktoren auf Seite der ImmigrantInnen/AusländerInnen, die Integration erleichtern bzw. erschweren (wie etwa Unterschiede aufgrund des Geschlechts, des Alters, der Generationszugehörigkeit, der Aufenthaltsdauer, des Bildungsstands, etc.), miteinzubeziehen.</p>
<p align="justify">Kernstück der Arbeit ist die Auflistung und Diskussion von 67 Integrationsindikatoren. Der Großteil von ihnen sind Indikatoren in der sozioökonomische Dimension, die auf die Bereiche Familienstruktur, Aufenthalt Einbürgerung, Bevölkerungsbewegung, (Aus)Bildung, Beschäftigung, Einkommen, Armut Armutsgefährdung Wohlstand, Wohnen und Gesundheit entfallen. Partizipationsindikatoren im Bereich Sozialkontakte und politische Partizipation werden ergänzt durch Indikatoren der kulturellen Dimension, hier unterteilt in die Bereiche Bewusstseinsbildung, sprachliche Rechte, Medien, Kunst und Kultur sowie Religion. Für die rechtliche Dimension wurden der Vollständigkeit halber rezente Forschungsarbeiten zusammengefasst.</p>
<p align="justify">Die Präsentation der Indikatoren folgt einem einheitlichen Schema, welches folgende Rubriken umfasst: These (welchen Integrationsbereich benennt der Indikator, Diskussion der These, Messleistung, von wem ist Integrationsleistung zu erbringen (von Mehrheitsgesellschaft und/oder ImmigrantInnen), auf welche Personengruppe ist der Indikator anzuwenden), Differenzierung der Personengruppe, Vergleichsgruppe und schließlich die Datenlage zu diesem Indikator, wobei zwischen vorhandenen Daten und zu erhebenden Daten unterschieden wird. Der Datenlage wird zusätzlich ein Kapitel gewidmet, in dem die Daten sämtlicher relevanter Quellen (Volkszählungsdaten, Mikrozensus, ECHP, Hauptverband der österreichischen Sozialversicherungsträger, Fremdeninformationssystem, etc.) detailliert beschrieben und nach ihrer Aussagekraft bzgl. der Situation von Zugewanderten überprüft werden. Zur leichteren Handhabung wurde der Bericht farblich gestaltet, wobei jeder Integrationsbereich mit einer Übersicht über die Indikatoren und einem Raster, der bereits die wesentlichen Informationen enthält, beginnt.</p>
<p align="justify">Ergebnis ist eine übersichtlich gestaltete Zusammenfassung zu Integrationsbereichen und Möglichkeiten der Messung von Integration, welches einem Nachschlagwerk gleichkommt. Die Diskussion der Indikatoren gibt Auskunft über die Aussagekraft der Indikatoren hinsichtlich Integration wie auch über Ein- und Ausschlussmechanismen in einer Gesellschaft und damit auch Auskunft über den politischen Handlungsbedarf. Da in die Diskussion aktuelle Daten einbezogen wurden, stellt der Bericht auch einen Überblick über die derzeitige Situation von Zugewanderten in Wien dar. Die Vielzahl der Indikatoren macht zudem die Multidimensionalität von Integration sichtbar. Die Indikatoren zeigen auch deutlich Interdependenzen bzw. verschiedene Kausalitäten auf (z.B. niedriges Einkommen hat Auswirkungen auf Wohnsituation, Gesundheit, Bildung, etc.). Schließlich verdeutlicht der Bericht, wie es um die Datenlage bestellt ist und in welchen Bereichen zusätzlicher Forschungs- und Erhebungsbedarf gegeben ist.</p>
</div>
		</div></div><div id="pgc-gb2510-69f24016712ea-0-2"  class="panel-grid-cell panel-grid-cell-empty" ></div></div></div>


<div style="color:#333" class="wp-block-genesis-blocks-gb-spacer gb-block-spacer gb-divider-solid gb-spacer-divider gb-divider-size-1"><hr style="height:100px"/></div>
</div></div></div>
