{"id":2500,"date":"2021-04-08T12:02:49","date_gmt":"2021-04-08T12:02:49","guid":{"rendered":"http:\/\/test-ikf.online\/?page_id=2500"},"modified":"2021-04-08T12:03:10","modified_gmt":"2021-04-08T12:03:10","slug":"2001-tuerkische-imame-in-wien","status":"publish","type":"page","link":"https:\/\/ikf.ac.at\/en\/schwerpunkte\/cleavages\/integration-migration\/2001-tuerkische-imame-in-wien","title":{"rendered":"2001: T\u00fcrkische Imame in Wien"},"content":{"rendered":"<div class=\"wp-block-atomic-blocks-ab-container alignfull ab-block-container\"><div class=\"ab-container-inside\"><div class=\"ab-container-content\"><div id=\"pl-gb2500-69f23f8e0cb11\"  class=\"panel-layout\" ><div id=\"pg-gb2500-69f23f8e0cb11-0\"  class=\"panel-grid panel-no-style\" ><div id=\"pgc-gb2500-69f23f8e0cb11-0-0\"  class=\"panel-grid-cell\" ><div id=\"panel-gb2500-69f23f8e0cb11-0-0-0\" class=\"so-panel widget widget_media_image panel-first-child panel-last-child\" data-index=\"0\" ><img loading=\"lazy\" decoding=\"async\" width=\"2554\" height=\"10\" src=\"https:\/\/ikf.ac.at\/wp-content\/uploads\/2021\/01\/linie_IKF.jpg\" class=\"image wp-image-754  attachment-full size-full\" alt=\"\" style=\"max-width: 100%; height: auto;\" srcset=\"https:\/\/ikf.ac.at\/wp-content\/uploads\/2021\/01\/linie_IKF.jpg 2554w, https:\/\/ikf.ac.at\/wp-content\/uploads\/2021\/01\/linie_IKF-300x1.jpg 300w, https:\/\/ikf.ac.at\/wp-content\/uploads\/2021\/01\/linie_IKF-1024x4.jpg 1024w, https:\/\/ikf.ac.at\/wp-content\/uploads\/2021\/01\/linie_IKF-768x3.jpg 768w, https:\/\/ikf.ac.at\/wp-content\/uploads\/2021\/01\/linie_IKF-1536x6.jpg 1536w, https:\/\/ikf.ac.at\/wp-content\/uploads\/2021\/01\/linie_IKF-2048x8.jpg 2048w\" sizes=\"auto, (max-width: 2554px) 100vw, 2554px\" \/><\/div><\/div><\/div><\/div>\n\n\n<div style=\"color:#ddd\" class=\"wp-block-genesis-blocks-gb-spacer gb-block-spacer gb-divider-solid gb-divider-size-1\"><hr style=\"height:30px\"\/><\/div>\n\n\n<div id=\"pl-gb2500-69f23f8e0d00a\"  class=\"panel-layout\" ><div id=\"pg-gb2500-69f23f8e0d00a-0\"  class=\"panel-grid panel-no-style\" ><div id=\"pgc-gb2500-69f23f8e0d00a-0-0\"  class=\"panel-grid-cell panel-grid-cell-empty\" ><\/div><div id=\"pgc-gb2500-69f23f8e0d00a-0-1\"  class=\"panel-grid-cell\" ><div id=\"panel-gb2500-69f23f8e0d00a-0-1-0\" class=\"so-panel widget widget_sow-editor panel-first-child panel-last-child\" data-index=\"0\" ><div\n\t\t\t\n\t\t\tclass=\"so-widget-sow-editor so-widget-sow-editor-base\"\n\t\t\t\n\t\t>\n<div class=\"siteorigin-widget-tinymce textwidget\">\n\t<table style=\"height: 220px; width: 100%; border-collapse: collapse;\" border=\"1\" cellpadding=\"2\">\n<tbody>\n<tr style=\"height: 24px;\">\n<td style=\"width: 15.8421%; height: 24px;\">Project management:<\/td>\n<td style=\"width: 84.1578%; height: 24px;\" colspan=\"2\">Univ.-Prof. Dr.<sup>in<\/sup> Susanne Heine<\/td>\n<\/tr>\n<tr style=\"height: 24px;\">\n<td style=\"width: 15.8421%; height: 24px;\">\n<hr \/>\n<\/td>\n<td style=\"width: 48.9916%; height: 24px;\">\n<hr \/>\n<\/td>\n<td style=\"width: 35.1662%; height: 24px;\"><\/td>\n<\/tr>\n<tr style=\"height: 24px;\">\n<td style=\"width: 15.8421%; height: 24px;\">Implementation:<\/td>\n<td style=\"width: 84.1578%; height: 24px;\" colspan=\"2\">Mag. Dr. Stefanie Mayer<sup>a<\/sup> Sabine Kroi\u00dfenbrunner<br \/>\nMag. Dr. Stefanie Mayer<sup>a<\/sup> Barbara Liegl<\/td>\n<\/tr>\n<tr style=\"height: 24px;\">\n<td style=\"width: 15.8421%; height: 24px;\">\n<hr \/>\n<\/td>\n<td style=\"width: 48.9916%; height: 24px;\">\n<hr \/>\n<\/td>\n<td style=\"width: 35.1662%; height: 24px;\"><\/td>\n<\/tr>\n<tr style=\"height: 24px;\">\n<td style=\"width: 15.8421%; height: 24px;\">Funded by:<\/td>\n<td style=\"width: 84.1578%; height: 24px;\" colspan=\"2\">Jubil\u00e4umsfonds der Oesterreichischen Nationalbank, Projekt Nr. 7798<\/td>\n<\/tr>\n<tr style=\"height: 24px;\">\n<td style=\"width: 15.8421%; height: 24px;\">\n<hr \/>\n<\/td>\n<td style=\"width: 48.9916%; height: 24px;\">\n<hr \/>\n<\/td>\n<td style=\"width: 35.1662%; height: 24px;\"><\/td>\n<\/tr>\n<tr style=\"height: 24px;\">\n<td style=\"width: 15.8421%; height: 24px;\">Completed in:<\/td>\n<td style=\"height: 24px; width: 84.1578%;\" colspan=\"2\">Mai 2001<\/td>\n<\/tr>\n<\/tbody>\n<\/table>\n<\/div>\n<\/div><\/div><\/div><\/div><\/div>\n\n\n<div style=\"color:#404168\" class=\"wp-block-genesis-blocks-gb-spacer gb-block-spacer gb-divider-solid gb-spacer-divider gb-divider-size-1\"><hr style=\"height:3px\"\/><\/div>\n\n\n\n<div style=\"color:#404168\" class=\"wp-block-genesis-blocks-gb-spacer gb-block-spacer gb-divider-solid gb-divider-size-1\"><hr style=\"height:10px\"\/><\/div>\n\n\n<div id=\"pl-gb2500-69f23f8e0d50c\"  class=\"panel-layout\" ><div id=\"pg-gb2500-69f23f8e0d50c-0\"  class=\"panel-grid panel-no-style\" ><div id=\"pgc-gb2500-69f23f8e0d50c-0-0\"  class=\"panel-grid-cell panel-grid-cell-empty\" ><\/div><div id=\"pgc-gb2500-69f23f8e0d50c-0-1\"  class=\"panel-grid-cell panel-grid-cell-mobile-last\" ><div id=\"panel-gb2500-69f23f8e0d50c-0-1-0\" class=\"so-panel widget widget_text panel-first-child panel-last-child\" data-index=\"0\" >\t\t\t<div class=\"textwidget\"><p align=\"justify\">Das Forschungsprojekt hat die Darstellung und Analyse der Situation und T\u00e4tigkeiten t\u00fcrkischer Imame in Wien zum Ziel. Der Hintergrund des Forschungsinteresses ist in der mangelnden Aufarbeitung des Zusammenhangs zwischen Migration und Religion in Europa, v.a. aber in \u00d6sterreich zu finden. Die Forschungsergebnisse sollen die Untersuchungen \u00fcber sozio-politische Netzwerke, Organisationen und Vereine von t\u00fcrkischen MigrantInnen erg\u00e4nzen bzw. um eine Reihe von Fragestellungen vertiefen. Eine zentrale Fragestellung im Kontext von Migration und Religion ist jene der religi\u00f6sen Betreuung und der religi\u00f6sen F\u00fchrung nach Europa zugewanderter MuslimInnen. Im Islam sind im Kontext der Migration f\u00fcr seine Verk\u00fcndigung, die Unterweisung in religi\u00f6sen Angelegenheiten, die F\u00fchrung im Gebet (um nur einige zentrale Bereiche zu nennen) v.a. die Imame, die sog. &#8220;Vorbeter&#8221; berufen. Die Untersuchung beschr\u00e4nkt sich aus zwei Gr\u00fcnden auf die t\u00fcrkischen Imame in Wien (die Zahlen schwanken dzt. zwischen 20-25): Erstens stellen die t\u00fcrkischen MuslimInnen noch immer die gr\u00f6\u00dfte herkunftshomogene Gruppe der MuslimInnen in \u00d6sterreich und Wien, zweitens ist eine Analyse von Imamen, die einen sehr \u00e4hnlichen Herkunfts- und Bildungshintergrund haben (T\u00fcrkei) bzw. sich um dasselbe Klientel k\u00fcmmern m\u00fcssen, aussagekr\u00e4ftiger. Zehn Imame wurden in Einzel- und Gruppengespr\u00e4chen anhand qualitativer Interviewleitf\u00e4den befragt.<\/p>\n<p align=\"justify\">Projektinhalt ist die Darstellung der Situation, Aufgaben und T\u00e4tigkeiten der Imame in Wien. Diese erfolgt vor dem Hintergrund der Beschreibung der religionsrechtlichen Lage in \u00d6sterreich und ausgew\u00e4hlten europ\u00e4ischen Staaten, einer Debatte \u00fcber die Bedeutung der Imame f\u00fcr die Kategorie &#8220;Muslim Leadership&#8221; und die Entwicklung eines &#8220;europ\u00e4ischen Islam&#8221;, \u00fcber die Entwicklung und Aufgaben der Islamischen Glaubensgemeinschaft in \u00d6sterreich sowie ihre Bedeutung im Kontext der sozio-politischen Netzwerke t\u00fcrkischer MigrantInnen in Wien. Ziel ist es, Empfehlungen zur verbesserten Integration der Imame durch muslimische und \u00f6sterreichische Institutionen zu formulieren.<\/p>\n<p align=\"justify\">In der Europ\u00e4ischen Union sind die gesetzlichen und formalen Rahmenbedingungen der T\u00e4tigkeit t\u00fcrkischer Imame in \u00d6sterreich &#8211; mit der Ausnahme der staatlichen Anerkennung des Islam auch in Belgien &#8211; einzigartig. Dies trifft auf die\u00a0<em>gesetzliche<\/em>\u00a0Anerkennung des Islam zu, die bereits im 19. Jahrhundert bzw. schlie\u00dflich mit dem Islamgesetz 1912 erfolgte, d.h. in \u00d6sterreich nicht Ergebnis der Arbeitsmigration von MuslimInnen seit den 1960er Jahren nach Europa ist. Die\u00a0<em>Institutionalisierung\u00a0<\/em>des Islam in der Islamischen Glaubensgemeinschaft in \u00d6sterreich (IGGi\u00d6), einer \u00f6ffentlich-rechtlichen K\u00f6rperschaft, hingegen ist einerseits Ausfluss dieser gesetzlichen Anerkennung, andererseits aber in Entstehung, Entwicklung und heutiger Situation von eben dieser Migration von MuslimInnen unterschiedlicher Herkunft und Auffassungsrichtungen innerhalb des Islam sowie ihrer Entsendestaaten (T\u00fcrkei et al.) gepr\u00e4gt.<\/p>\n<p align=\"justify\">T\u00e4tigkeitsprofil und Erfolg der Aufgabenerf\u00fcllung durch die Imame h\u00e4ngen ma\u00dfgeblich von diesen Grundlagen (rechtliche Anerkennung, Institutionalisierung des Islam) und ihrer Ausgestaltung ab. In \u00d6sterreich werden diese ma\u00dfgeblich von der IGGi\u00d6, der Vertretung des t\u00fcrkischen Pr\u00e4sidiums f\u00fcr religi\u00f6se Angelegenheiten (Diyanet) in \u00d6sterreich (ATIB) sowie den sozio-politischen Netzwerken und Moschee-Vereinen bestimmt. All diese Institutionen sind vor allem, neben den sozialen und politischen Bedingungen der Einwanderungsgesellschaft, f\u00fcr das Spannungsfeld, in dem sich die Imame bewegen und ihre Aufgaben erf\u00fcllen m\u00fcssen, verantwortlich. Die Studie argumentiert, dass diese Konflikte und ihre Konsequenzen f\u00fcr die Imame und ihre Integration bisher zu sehr vernachl\u00e4ssigt wurden. Weder muslimische noch \u00f6sterreichische Institutionen haben die f\u00fcr die Vermittlung in diesen Spannungen n\u00f6tige Sensibilit\u00e4t gezeigt noch zielf\u00fchrende Anstrengungen unternommen.<\/p>\n<p align=\"justify\">Die t\u00fcrkischen Imame stellen eine wichtige Kategorie in der Vielzahl von Formen der religi\u00f6sen Repr\u00e4sentanz des Islam dar. Aufgrund mangelnder Ausbildungsinstitutionen f\u00fcr Imame in Europa bzw. der oftmals schwierigen Prozesse, die die Entstehung solcher Einrichtungen &#8211; etwa in \u00d6sterreich &#8211; begleiten, und des fehlenden Konsensus innerhalb der islamischen Gemeinschaft(en) ist die Rolle der Imame zu wenig sichtbar, sind Denkstrukturen oder Forderungen f\u00fcr bzw. gegen Integration zu wenig deutlich wahrnehmbar. Die pers\u00f6nliche Situation der Imame (soziale und berufliche Infrastruktur, Einkommen, Familiennachzug, Wohnungssituation, Sprach- und Landeskenntnisse etc.), ihre Vertrags- und Arbeitsbedingungen sind nach wie vor uneinheitlich, intransparent und unzufriedenstellend geregelt. Ihre eigentliche Aufgabenbeschreibung, die Erwartungen an sie und die tats\u00e4chlichen M\u00f6glichkeiten, diese zu erf\u00fcllen, stellen die Imame vor zahlreiche Probleme. Die bestehenden muslimischen Organisationen haben sich noch nicht ausreichend dieser Situation angenommen, und \u00f6sterreichische Institutionen haben diese Situation gr\u00f6\u00dftenteils bisher negiert.<\/p>\n<p align=\"justify\">Anhand der Kategorie von &#8220;Muslim Space&#8221; beschreibt und analysiert die Studie Aufgaben, Funktionen und Bew\u00e4ltigungsstrategien der Imame in ihrer eigenen Gemeinde, ihren Moschee-Vereinen und in der \u00f6sterreichischen Gesellschaft. Der in der Heimat vorgefundene &#8220;Muslim Space&#8221; (Gemeinde, Moschee etc.) ist hier v\u00f6llig anders gestaltet. Die Imame, so eine Schlussfolgerung der Studie, sind in der Migration in ihrem Aktivit\u00e4tsradius erheblich &#8220;limitiert&#8221;, obwohl die Anforderungen an sie &#8211; im Gegensatz zur Situation in der Heimat &#8211; zunehmen.<\/p>\n<p align=\"justify\">Schlie\u00dflich befasst sich die Studie mit dem &#8220;Dialog&#8221; zwischen den Religionen, wobei dieser Begriff sehr weit gefasst wird und die Auseinandersetzung der Imame und ihre Strategien im Umgang mit der \u00f6sterreichischen Gesellschaft als Individuen bzw. im Rahmen ihrer Institutionen inkludiert. &#8220;Dialog&#8221; bedeutet hier auch den Umgang mit Problemen, die aus der Situation der Diaspora f\u00fcr Mitglieder ihrer Gemeinde entstehen (in Ehe, Familie, Beruf, Schule etc.). Die Studie gibt zu den oben erw\u00e4hnten Kategorien Empfehlungen f\u00fcr eine aktivere und direkte Einbeziehung der Imame in den gesellschaftlichen und inter-religi\u00f6sen Dialog. Die entsprechenden Institutionen werden aufgefordert, gem\u00e4\u00df ihren Schwerpunkten die Imame als Partner direkt anzusprechen.<\/p>\n<\/div>\n\t\t<\/div><\/div><div id=\"pgc-gb2500-69f23f8e0d50c-0-2\"  class=\"panel-grid-cell panel-grid-cell-empty\" ><\/div><\/div><\/div>\n\n\n<div style=\"color:#333\" class=\"wp-block-genesis-blocks-gb-spacer gb-block-spacer gb-divider-solid gb-spacer-divider gb-divider-size-1\"><hr style=\"height:100px\"\/><\/div>\n<\/div><\/div><\/div>","protected":false},"excerpt":{"rendered":"","protected":false},"author":2,"featured_media":0,"parent":457,"menu_order":38,"comment_status":"closed","ping_status":"closed","template":"","meta":{"footnotes":""},"class_list":["post-2500","page","type-page","status-publish","hentry","post"],"featured_image_src":null,"featured_image_src_square":null,"_links":{"self":[{"href":"https:\/\/ikf.ac.at\/en\/wp-json\/wp\/v2\/pages\/2500","targetHints":{"allow":["GET"]}}],"collection":[{"href":"https:\/\/ikf.ac.at\/en\/wp-json\/wp\/v2\/pages"}],"about":[{"href":"https:\/\/ikf.ac.at\/en\/wp-json\/wp\/v2\/types\/page"}],"author":[{"embeddable":true,"href":"https:\/\/ikf.ac.at\/en\/wp-json\/wp\/v2\/users\/2"}],"replies":[{"embeddable":true,"href":"https:\/\/ikf.ac.at\/en\/wp-json\/wp\/v2\/comments?post=2500"}],"version-history":[{"count":3,"href":"https:\/\/ikf.ac.at\/en\/wp-json\/wp\/v2\/pages\/2500\/revisions"}],"predecessor-version":[{"id":2503,"href":"https:\/\/ikf.ac.at\/en\/wp-json\/wp\/v2\/pages\/2500\/revisions\/2503"}],"up":[{"embeddable":true,"href":"https:\/\/ikf.ac.at\/en\/wp-json\/wp\/v2\/pages\/457"}],"wp:attachment":[{"href":"https:\/\/ikf.ac.at\/en\/wp-json\/wp\/v2\/media?parent=2500"}],"curies":[{"name":"wp","href":"https:\/\/api.w.org\/{rel}","templated":true}]}}

2001: Türkische Imame in Wien

<div class="wp-block-atomic-blocks-ab-container alignfull ab-block-container"><div class="ab-container-inside"><div class="ab-container-content"><div id="pl-gb2500-69f23f8e0cb11"  class="panel-layout" ><div id="pg-gb2500-69f23f8e0cb11-0"  class="panel-grid panel-no-style" ><div id="pgc-gb2500-69f23f8e0cb11-0-0"  class="panel-grid-cell" ><div id="panel-gb2500-69f23f8e0cb11-0-0-0" class="so-panel widget widget_media_image panel-first-child panel-last-child" data-index="0" ><img loading="lazy" decoding="async" width="2554" height="10" src="https://ikf.ac.at/wp-content/uploads/2021/01/linie_IKF.jpg" class="image wp-image-754  attachment-full size-full" alt="" style="max-width: 100%; height: auto;" srcset="https://ikf.ac.at/wp-content/uploads/2021/01/linie_IKF.jpg 2554w, https://ikf.ac.at/wp-content/uploads/2021/01/linie_IKF-300x1.jpg 300w, https://ikf.ac.at/wp-content/uploads/2021/01/linie_IKF-1024x4.jpg 1024w, https://ikf.ac.at/wp-content/uploads/2021/01/linie_IKF-768x3.jpg 768w, https://ikf.ac.at/wp-content/uploads/2021/01/linie_IKF-1536x6.jpg 1536w, https://ikf.ac.at/wp-content/uploads/2021/01/linie_IKF-2048x8.jpg 2048w" sizes="auto, (max-width: 2554px) 100vw, 2554px" /></div></div></div></div>


<div style="color:#ddd" class="wp-block-genesis-blocks-gb-spacer gb-block-spacer gb-divider-solid gb-divider-size-1"><hr style="height:30px"/></div>


<div id="pl-gb2500-69f23f8e0d00a"  class="panel-layout" ><div id="pg-gb2500-69f23f8e0d00a-0"  class="panel-grid panel-no-style" ><div id="pgc-gb2500-69f23f8e0d00a-0-0"  class="panel-grid-cell panel-grid-cell-empty" ></div><div id="pgc-gb2500-69f23f8e0d00a-0-1"  class="panel-grid-cell" ><div id="panel-gb2500-69f23f8e0d00a-0-1-0" class="so-panel widget widget_sow-editor panel-first-child panel-last-child" data-index="0" ><div
			
			class="so-widget-sow-editor so-widget-sow-editor-base"
			
		>
<div class="siteorigin-widget-tinymce textwidget">
	<table style="height: 220px; width: 100%; border-collapse: collapse;" border="1" cellpadding="2">
<tbody>
<tr style="height: 24px;">
<td style="width: 15.8421%; height: 24px;">Project management:</td>
<td style="width: 84.1578%; height: 24px;" colspan="2">Univ.-Prof. Dr.<sup>in</sup> Susanne Heine</td>
</tr>
<tr style="height: 24px;">
<td style="width: 15.8421%; height: 24px;">
<hr />
</td>
<td style="width: 48.9916%; height: 24px;">
<hr />
</td>
<td style="width: 35.1662%; height: 24px;"></td>
</tr>
<tr style="height: 24px;">
<td style="width: 15.8421%; height: 24px;">Implementation:</td>
<td style="width: 84.1578%; height: 24px;" colspan="2">Mag. Dr. Stefanie Mayer<sup>a</sup> Sabine Kroißenbrunner<br />
Mag. Dr. Stefanie Mayer<sup>a</sup> Barbara Liegl</td>
</tr>
<tr style="height: 24px;">
<td style="width: 15.8421%; height: 24px;">
<hr />
</td>
<td style="width: 48.9916%; height: 24px;">
<hr />
</td>
<td style="width: 35.1662%; height: 24px;"></td>
</tr>
<tr style="height: 24px;">
<td style="width: 15.8421%; height: 24px;">Funded by:</td>
<td style="width: 84.1578%; height: 24px;" colspan="2">Jubiläumsfonds der Oesterreichischen Nationalbank, Projekt Nr. 7798</td>
</tr>
<tr style="height: 24px;">
<td style="width: 15.8421%; height: 24px;">
<hr />
</td>
<td style="width: 48.9916%; height: 24px;">
<hr />
</td>
<td style="width: 35.1662%; height: 24px;"></td>
</tr>
<tr style="height: 24px;">
<td style="width: 15.8421%; height: 24px;">Completed in:</td>
<td style="height: 24px; width: 84.1578%;" colspan="2">Mai 2001</td>
</tr>
</tbody>
</table>
</div>
</div></div></div></div></div>


<div style="color:#404168" class="wp-block-genesis-blocks-gb-spacer gb-block-spacer gb-divider-solid gb-spacer-divider gb-divider-size-1"><hr style="height:3px"/></div>



<div style="color:#404168" class="wp-block-genesis-blocks-gb-spacer gb-block-spacer gb-divider-solid gb-divider-size-1"><hr style="height:10px"/></div>


<div id="pl-gb2500-69f23f8e0d50c"  class="panel-layout" ><div id="pg-gb2500-69f23f8e0d50c-0"  class="panel-grid panel-no-style" ><div id="pgc-gb2500-69f23f8e0d50c-0-0"  class="panel-grid-cell panel-grid-cell-empty" ></div><div id="pgc-gb2500-69f23f8e0d50c-0-1"  class="panel-grid-cell panel-grid-cell-mobile-last" ><div id="panel-gb2500-69f23f8e0d50c-0-1-0" class="so-panel widget widget_text panel-first-child panel-last-child" data-index="0" >			<div class="textwidget"><p align="justify">Das Forschungsprojekt hat die Darstellung und Analyse der Situation und Tätigkeiten türkischer Imame in Wien zum Ziel. Der Hintergrund des Forschungsinteresses ist in der mangelnden Aufarbeitung des Zusammenhangs zwischen Migration und Religion in Europa, v.a. aber in Österreich zu finden. Die Forschungsergebnisse sollen die Untersuchungen über sozio-politische Netzwerke, Organisationen und Vereine von türkischen MigrantInnen ergänzen bzw. um eine Reihe von Fragestellungen vertiefen. Eine zentrale Fragestellung im Kontext von Migration und Religion ist jene der religiösen Betreuung und der religiösen Führung nach Europa zugewanderter MuslimInnen. Im Islam sind im Kontext der Migration für seine Verkündigung, die Unterweisung in religiösen Angelegenheiten, die Führung im Gebet (um nur einige zentrale Bereiche zu nennen) v.a. die Imame, die sog. &#8220;Vorbeter&#8221; berufen. Die Untersuchung beschränkt sich aus zwei Gründen auf die türkischen Imame in Wien (die Zahlen schwanken dzt. zwischen 20-25): Erstens stellen die türkischen MuslimInnen noch immer die größte herkunftshomogene Gruppe der MuslimInnen in Österreich und Wien, zweitens ist eine Analyse von Imamen, die einen sehr ähnlichen Herkunfts- und Bildungshintergrund haben (Türkei) bzw. sich um dasselbe Klientel kümmern müssen, aussagekräftiger. Zehn Imame wurden in Einzel- und Gruppengesprächen anhand qualitativer Interviewleitfäden befragt.</p>
<p align="justify">Projektinhalt ist die Darstellung der Situation, Aufgaben und Tätigkeiten der Imame in Wien. Diese erfolgt vor dem Hintergrund der Beschreibung der religionsrechtlichen Lage in Österreich und ausgewählten europäischen Staaten, einer Debatte über die Bedeutung der Imame für die Kategorie &#8220;Muslim Leadership&#8221; und die Entwicklung eines &#8220;europäischen Islam&#8221;, über die Entwicklung und Aufgaben der Islamischen Glaubensgemeinschaft in Österreich sowie ihre Bedeutung im Kontext der sozio-politischen Netzwerke türkischer MigrantInnen in Wien. Ziel ist es, Empfehlungen zur verbesserten Integration der Imame durch muslimische und österreichische Institutionen zu formulieren.</p>
<p align="justify">In der Europäischen Union sind die gesetzlichen und formalen Rahmenbedingungen der Tätigkeit türkischer Imame in Österreich &#8211; mit der Ausnahme der staatlichen Anerkennung des Islam auch in Belgien &#8211; einzigartig. Dies trifft auf die <em>gesetzliche</em> Anerkennung des Islam zu, die bereits im 19. Jahrhundert bzw. schließlich mit dem Islamgesetz 1912 erfolgte, d.h. in Österreich nicht Ergebnis der Arbeitsmigration von MuslimInnen seit den 1960er Jahren nach Europa ist. Die <em>Institutionalisierung </em>des Islam in der Islamischen Glaubensgemeinschaft in Österreich (IGGiÖ), einer öffentlich-rechtlichen Körperschaft, hingegen ist einerseits Ausfluss dieser gesetzlichen Anerkennung, andererseits aber in Entstehung, Entwicklung und heutiger Situation von eben dieser Migration von MuslimInnen unterschiedlicher Herkunft und Auffassungsrichtungen innerhalb des Islam sowie ihrer Entsendestaaten (Türkei et al.) geprägt.</p>
<p align="justify">Tätigkeitsprofil und Erfolg der Aufgabenerfüllung durch die Imame hängen maßgeblich von diesen Grundlagen (rechtliche Anerkennung, Institutionalisierung des Islam) und ihrer Ausgestaltung ab. In Österreich werden diese maßgeblich von der IGGiÖ, der Vertretung des türkischen Präsidiums für religiöse Angelegenheiten (Diyanet) in Österreich (ATIB) sowie den sozio-politischen Netzwerken und Moschee-Vereinen bestimmt. All diese Institutionen sind vor allem, neben den sozialen und politischen Bedingungen der Einwanderungsgesellschaft, für das Spannungsfeld, in dem sich die Imame bewegen und ihre Aufgaben erfüllen müssen, verantwortlich. Die Studie argumentiert, dass diese Konflikte und ihre Konsequenzen für die Imame und ihre Integration bisher zu sehr vernachlässigt wurden. Weder muslimische noch österreichische Institutionen haben die für die Vermittlung in diesen Spannungen nötige Sensibilität gezeigt noch zielführende Anstrengungen unternommen.</p>
<p align="justify">Die türkischen Imame stellen eine wichtige Kategorie in der Vielzahl von Formen der religiösen Repräsentanz des Islam dar. Aufgrund mangelnder Ausbildungsinstitutionen für Imame in Europa bzw. der oftmals schwierigen Prozesse, die die Entstehung solcher Einrichtungen &#8211; etwa in Österreich &#8211; begleiten, und des fehlenden Konsensus innerhalb der islamischen Gemeinschaft(en) ist die Rolle der Imame zu wenig sichtbar, sind Denkstrukturen oder Forderungen für bzw. gegen Integration zu wenig deutlich wahrnehmbar. Die persönliche Situation der Imame (soziale und berufliche Infrastruktur, Einkommen, Familiennachzug, Wohnungssituation, Sprach- und Landeskenntnisse etc.), ihre Vertrags- und Arbeitsbedingungen sind nach wie vor uneinheitlich, intransparent und unzufriedenstellend geregelt. Ihre eigentliche Aufgabenbeschreibung, die Erwartungen an sie und die tatsächlichen Möglichkeiten, diese zu erfüllen, stellen die Imame vor zahlreiche Probleme. Die bestehenden muslimischen Organisationen haben sich noch nicht ausreichend dieser Situation angenommen, und österreichische Institutionen haben diese Situation größtenteils bisher negiert.</p>
<p align="justify">Anhand der Kategorie von &#8220;Muslim Space&#8221; beschreibt und analysiert die Studie Aufgaben, Funktionen und Bewältigungsstrategien der Imame in ihrer eigenen Gemeinde, ihren Moschee-Vereinen und in der österreichischen Gesellschaft. Der in der Heimat vorgefundene &#8220;Muslim Space&#8221; (Gemeinde, Moschee etc.) ist hier völlig anders gestaltet. Die Imame, so eine Schlussfolgerung der Studie, sind in der Migration in ihrem Aktivitätsradius erheblich &#8220;limitiert&#8221;, obwohl die Anforderungen an sie &#8211; im Gegensatz zur Situation in der Heimat &#8211; zunehmen.</p>
<p align="justify">Schließlich befasst sich die Studie mit dem &#8220;Dialog&#8221; zwischen den Religionen, wobei dieser Begriff sehr weit gefasst wird und die Auseinandersetzung der Imame und ihre Strategien im Umgang mit der österreichischen Gesellschaft als Individuen bzw. im Rahmen ihrer Institutionen inkludiert. &#8220;Dialog&#8221; bedeutet hier auch den Umgang mit Problemen, die aus der Situation der Diaspora für Mitglieder ihrer Gemeinde entstehen (in Ehe, Familie, Beruf, Schule etc.). Die Studie gibt zu den oben erwähnten Kategorien Empfehlungen für eine aktivere und direkte Einbeziehung der Imame in den gesellschaftlichen und inter-religiösen Dialog. Die entsprechenden Institutionen werden aufgefordert, gemäß ihren Schwerpunkten die Imame als Partner direkt anzusprechen.</p>
</div>
		</div></div><div id="pgc-gb2500-69f23f8e0d50c-0-2"  class="panel-grid-cell panel-grid-cell-empty" ></div></div></div>


<div style="color:#333" class="wp-block-genesis-blocks-gb-spacer gb-block-spacer gb-divider-solid gb-spacer-divider gb-divider-size-1"><hr style="height:100px"/></div>
</div></div></div>
