{"id":2496,"date":"2021-04-08T11:36:26","date_gmt":"2021-04-08T11:36:26","guid":{"rendered":"http:\/\/test-ikf.online\/?page_id=2496"},"modified":"2021-04-08T11:47:21","modified_gmt":"2021-04-08T11:47:21","slug":"2001-zugewanderte-patientinnen-im-wiener-gesundheitssystem","status":"publish","type":"page","link":"https:\/\/ikf.ac.at\/en\/schwerpunkte\/cleavages\/integration-migration\/2001-zugewanderte-patientinnen-im-wiener-gesundheitssystem","title":{"rendered":"2001: Zugewanderte PatientInnen im Wiener Gesundheitssystem"},"content":{"rendered":"<div class=\"wp-block-atomic-blocks-ab-container alignfull ab-block-container\"><div class=\"ab-container-inside\"><div class=\"ab-container-content\"><div id=\"pl-gb2496-69f2547b5e41b\"  class=\"panel-layout\" ><div id=\"pg-gb2496-69f2547b5e41b-0\"  class=\"panel-grid panel-no-style\" ><div id=\"pgc-gb2496-69f2547b5e41b-0-0\"  class=\"panel-grid-cell\" ><div id=\"panel-gb2496-69f2547b5e41b-0-0-0\" class=\"so-panel widget widget_media_image panel-first-child panel-last-child\" data-index=\"0\" ><img loading=\"lazy\" decoding=\"async\" width=\"2554\" height=\"10\" src=\"https:\/\/ikf.ac.at\/wp-content\/uploads\/2021\/01\/linie_IKF.jpg\" class=\"image wp-image-754  attachment-full size-full\" alt=\"\" style=\"max-width: 100%; height: auto;\" srcset=\"https:\/\/ikf.ac.at\/wp-content\/uploads\/2021\/01\/linie_IKF.jpg 2554w, https:\/\/ikf.ac.at\/wp-content\/uploads\/2021\/01\/linie_IKF-300x1.jpg 300w, https:\/\/ikf.ac.at\/wp-content\/uploads\/2021\/01\/linie_IKF-1024x4.jpg 1024w, https:\/\/ikf.ac.at\/wp-content\/uploads\/2021\/01\/linie_IKF-768x3.jpg 768w, https:\/\/ikf.ac.at\/wp-content\/uploads\/2021\/01\/linie_IKF-1536x6.jpg 1536w, https:\/\/ikf.ac.at\/wp-content\/uploads\/2021\/01\/linie_IKF-2048x8.jpg 2048w\" sizes=\"auto, (max-width: 2554px) 100vw, 2554px\" \/><\/div><\/div><\/div><\/div>\n\n\n<div style=\"color:#ddd\" class=\"wp-block-genesis-blocks-gb-spacer gb-block-spacer gb-divider-solid gb-divider-size-1\"><hr style=\"height:30px\"\/><\/div>\n\n\n<div id=\"pl-gb2496-69f2547b5ebb2\"  class=\"panel-layout\" ><div id=\"pg-gb2496-69f2547b5ebb2-0\"  class=\"panel-grid panel-no-style\" ><div id=\"pgc-gb2496-69f2547b5ebb2-0-0\"  class=\"panel-grid-cell panel-grid-cell-empty\" ><\/div><div id=\"pgc-gb2496-69f2547b5ebb2-0-1\"  class=\"panel-grid-cell\" ><div id=\"panel-gb2496-69f2547b5ebb2-0-1-0\" class=\"so-panel widget widget_sow-editor panel-first-child panel-last-child\" data-index=\"0\" ><div\n\t\t\t\n\t\t\tclass=\"so-widget-sow-editor so-widget-sow-editor-base\"\n\t\t\t\n\t\t>\n<div class=\"siteorigin-widget-tinymce textwidget\">\n\t<table style=\"height: 100px; width: 100%; border-collapse: collapse;\" border=\"1\" cellpadding=\"2\">\n<tbody>\n<tr style=\"height: 24px;\">\n<td style=\"width: 15.8421%; height: 24px;\">Project management:<\/td>\n<td style=\"width: 25.2042%;\" valign=\"top\" width=\"20%\">\u00a0Univ.-Prof. Dr. Anton Pelinka<\/td>\n<td style=\"width: 74.7958%;\" valign=\"top\" width=\"80%\"><\/td>\n<\/tr>\n<tr>\n<td style=\"width: 15.8421%;\">\n<hr \/>\n<\/td>\n<td style=\"width: 25.2042%;\">\n<hr \/>\n<\/td>\n<td style=\"width: 74.7958%; height: 24px;\"><\/td>\n<\/tr>\n<tr>\n<td style=\"width: 15.8421%;\">Implementation:<\/td>\n<td style=\"width: 25.2042%;\" valign=\"top\" width=\"20%\">Mag. Dr. Stefanie Mayer<sup>a<\/sup> Helga Amesberger<br \/>\nMag. Dr. Stefanie Mayer<sup>a<\/sup> Katrin Auer<br \/>\nMag. Dr. Stefanie Mayer<sup>a<\/sup> Brigitte Halbmayr<\/td>\n<td style=\"width: 74.7958%;\" valign=\"top\" width=\"80%\"><\/td>\n<\/tr>\n<tr>\n<td style=\"width: 15.8421%;\">\n<hr \/>\n<\/td>\n<td style=\"width: 25.2042%;\">\n<hr \/>\n<\/td>\n<td style=\"width: 74.7958%;\"><\/td>\n<\/tr>\n<tr>\n<td style=\"width: 15.8421%;\">Funded by:<\/td>\n<td style=\"width: 100%;\" colspan=\"2\">Stadt Wien &#8211; MA-L<br \/>\nWiener Krankenanstaltenverbund<\/td>\n<\/tr>\n<tr>\n<td style=\"width: 15.8421%;\">\n<hr \/>\n<\/td>\n<td style=\"width: 25.2042%;\">\n<hr \/>\n<\/td>\n<td style=\"width: 74.7958%; height: 24px;\"><\/td>\n<\/tr>\n<tr style=\"height: 24px;\">\n<td style=\"width: 15.8421%; height: 24px;\">Completed in:<\/td>\n<td style=\"height: 24px; width: 100%;\" colspan=\"2\">J\u00e4nner 2001<\/td>\n<\/tr>\n<\/tbody>\n<\/table>\n<\/div>\n<\/div><\/div><\/div><\/div><\/div>\n\n\n<div style=\"color:#404168\" class=\"wp-block-genesis-blocks-gb-spacer gb-block-spacer gb-divider-solid gb-spacer-divider gb-divider-size-1\"><hr style=\"height:3px\"\/><\/div>\n\n\n\n<div style=\"color:#404168\" class=\"wp-block-genesis-blocks-gb-spacer gb-block-spacer gb-divider-solid gb-divider-size-1\"><hr style=\"height:10px\"\/><\/div>\n\n\n<div id=\"pl-gb2496-69f2547b5f273\"  class=\"panel-layout\" ><div id=\"pg-gb2496-69f2547b5f273-0\"  class=\"panel-grid panel-no-style\" ><div id=\"pgc-gb2496-69f2547b5f273-0-0\"  class=\"panel-grid-cell panel-grid-cell-empty\" ><\/div><div id=\"pgc-gb2496-69f2547b5f273-0-1\"  class=\"panel-grid-cell panel-grid-cell-mobile-last\" ><div id=\"panel-gb2496-69f2547b5f273-0-1-0\" class=\"so-panel widget widget_text panel-first-child panel-last-child\" data-index=\"0\" >\t\t\t<div class=\"textwidget\"><p align=\"justify\">In der\u00a0<em>Ottawa-Charta<\/em>\u00a0(WHO 1986) wird der Begriff Gesundheitsf\u00f6rderung folgenderma\u00dfen definiert: &#8220;Gesundheitsf\u00f6rderung ist auf Chancengleichheit auf dem Gebiet der Gesundheit gerichtet. Gesundheitsf\u00f6rderndes Handeln bem\u00fcht sich darum, bestehende soziale Unterschiede des Gesundheitszustandes zu verringern sowie gleiche M\u00f6glichkeiten und Voraussetzungen zu schaffen, damit alle Menschen bef\u00e4higt werden, ihr gr\u00f6\u00dftm\u00f6gliches Gesundheitspotential zu verwirklichen.&#8221;<\/p>\n<p align=\"justify\">Die gesundheitliche Situation und Versorgung von ImmigrantInnen ist von komplexen Wechselwirkungen kulturspezifischer, migrationsbedingter sowie sozial\u00f6kologischer Faktoren beeinflusst, ebenso von Schichtzugeh\u00f6rigkeit und gesellschaftlichem Status. Gesundheitliche Risiken, Krankheit und Lebenserwartung sind in allen Gesellschaften sozial ungleich verteilt, aber auch von pers\u00f6nlichen und sozialen Ressourcen determiniert. In der Literatur werden in Zusammenhang mit Immigration Sprachbarrieren, das kulturell unterschiedliche Verst\u00e4ndnis von Gesundheit, K\u00f6rper und Krankheit sowie der schlechte Informationsstand \u00fcber Gesundheitsangebote bzw. das Gesundheitssystem als die gr\u00f6\u00dften Herausforderungen f\u00fcr das Gesundheitssystem angesehen. Doch auch aufenthaltsrechtliche Bedingungen und\/oder ein fremdenfeindliches gesellschaftliches Klima um nur einige migrationsspezifische Determinanten zu nennen k\u00f6nnen bei Gesundheitsst\u00f6rungen und Krankheitsverl\u00e4ufen von ImmigrantInnen eine wesentliche Rolle spielen.<\/p>\n<p align=\"justify\">Die m\u00f6glichen Folgen von Versorgungsschw\u00e4chen aufgrund von Zugangsbarrieren f\u00fcr Menschen ausl\u00e4ndischer Herkunft k\u00f6nnen ebenfalls zahlreich sein: Vergabe von Medikamenten aus Hilflosigkeit, Fehldiagnosen, Chronifizierungen, Endlosdiagnostik, versp\u00e4tet einsetzende Therapie, verl\u00e4ngerte Verweildauer in Krankenh\u00e4usern, etc. Letztendlich k\u00f6nnen diese Faktoren enorme Mehrkosten verursachen.<\/p>\n<p align=\"justify\">Die Studie beleuchtet die Thematik von mehreren Seiten. Die Repr\u00e4sentativumfrage unter der Wiener Bev\u00f6lkerung (durchgef\u00fchrt von IFES) erhob u.a. die Akzeptanz von zugewanderten PatientInnen bei Arztkonsultationen, negative Erfahrungen mit \u00c4rztInnen im niedergelassenen und im Spitalsbereich sowie die Kriterien f\u00fcr eine Arztwahl. Weiters wurden rund 40 Personen, die im Gesundheitswesen t\u00e4tig sind, mittels eines halbstandardisierten Interviewleitfadens befragt, wovon die H\u00e4lfte der Befragten (\u00c4rztInnen und Ordinationshilfen) in Arztpraxen, die andere H\u00e4lfte in Krankh\u00e4usern bzw. Pflegeheimen (\u00c4rztInnen und Pflegepersonal) t\u00e4tig ist. Diese Befunde werden durch explorative Interviews mit Expertinnen erg\u00e4nzt, die mit den Thematiken Gesundheit und\/oder Migration besch\u00e4ftigt sind. Im Mittelpunkt der beiden letztgenannten Erhebungen standen die Wahrnehmung von ImmigrantInnen als Klientel mit spezifischen Bed\u00fcrfnissen, Diskriminierung von und Vorurteile gegen\u00fcber zugewanderten PatientInnen und medizinischem Personal durch die verschiedenen AkteurInnen im Gesundheitswesen (einschlie\u00dflich PatientInnen) sowie Folgewirkungen von Zuwanderung auf die Arbeit im Gesundheitswesen. Einen Schwerpunkt in den Befragungen bildeten auch Ma\u00dfnahmen und Empfehlungen zur Verbesserung der Situation von zugewanderten PatientInnen und der Arbeit im Gesundheitssystem.<\/p>\n<\/div>\n\t\t<\/div><\/div><div id=\"pgc-gb2496-69f2547b5f273-0-2\"  class=\"panel-grid-cell panel-grid-cell-empty\" ><\/div><\/div><\/div>\n\n\n<div style=\"color:#333\" class=\"wp-block-genesis-blocks-gb-spacer gb-block-spacer gb-divider-solid gb-spacer-divider gb-divider-size-1\"><hr style=\"height:100px\"\/><\/div>\n<\/div><\/div><\/div>","protected":false},"excerpt":{"rendered":"","protected":false},"author":2,"featured_media":0,"parent":457,"menu_order":37,"comment_status":"closed","ping_status":"closed","template":"","meta":{"footnotes":""},"class_list":["post-2496","page","type-page","status-publish","hentry","post"],"featured_image_src":null,"featured_image_src_square":null,"_links":{"self":[{"href":"https:\/\/ikf.ac.at\/en\/wp-json\/wp\/v2\/pages\/2496","targetHints":{"allow":["GET"]}}],"collection":[{"href":"https:\/\/ikf.ac.at\/en\/wp-json\/wp\/v2\/pages"}],"about":[{"href":"https:\/\/ikf.ac.at\/en\/wp-json\/wp\/v2\/types\/page"}],"author":[{"embeddable":true,"href":"https:\/\/ikf.ac.at\/en\/wp-json\/wp\/v2\/users\/2"}],"replies":[{"embeddable":true,"href":"https:\/\/ikf.ac.at\/en\/wp-json\/wp\/v2\/comments?post=2496"}],"version-history":[{"count":2,"href":"https:\/\/ikf.ac.at\/en\/wp-json\/wp\/v2\/pages\/2496\/revisions"}],"predecessor-version":[{"id":2498,"href":"https:\/\/ikf.ac.at\/en\/wp-json\/wp\/v2\/pages\/2496\/revisions\/2498"}],"up":[{"embeddable":true,"href":"https:\/\/ikf.ac.at\/en\/wp-json\/wp\/v2\/pages\/457"}],"wp:attachment":[{"href":"https:\/\/ikf.ac.at\/en\/wp-json\/wp\/v2\/media?parent=2496"}],"curies":[{"name":"wp","href":"https:\/\/api.w.org\/{rel}","templated":true}]}}

<div class="wp-block-atomic-blocks-ab-container alignfull ab-block-container"><div class="ab-container-inside"><div class="ab-container-content"><div id="pl-gb2496-69f2547b5e41b"  class="panel-layout" ><div id="pg-gb2496-69f2547b5e41b-0"  class="panel-grid panel-no-style" ><div id="pgc-gb2496-69f2547b5e41b-0-0"  class="panel-grid-cell" ><div id="panel-gb2496-69f2547b5e41b-0-0-0" class="so-panel widget widget_media_image panel-first-child panel-last-child" data-index="0" ><img loading="lazy" decoding="async" width="2554" height="10" src="https://ikf.ac.at/wp-content/uploads/2021/01/linie_IKF.jpg" class="image wp-image-754  attachment-full size-full" alt="" style="max-width: 100%; height: auto;" srcset="https://ikf.ac.at/wp-content/uploads/2021/01/linie_IKF.jpg 2554w, https://ikf.ac.at/wp-content/uploads/2021/01/linie_IKF-300x1.jpg 300w, https://ikf.ac.at/wp-content/uploads/2021/01/linie_IKF-1024x4.jpg 1024w, https://ikf.ac.at/wp-content/uploads/2021/01/linie_IKF-768x3.jpg 768w, https://ikf.ac.at/wp-content/uploads/2021/01/linie_IKF-1536x6.jpg 1536w, https://ikf.ac.at/wp-content/uploads/2021/01/linie_IKF-2048x8.jpg 2048w" sizes="auto, (max-width: 2554px) 100vw, 2554px" /></div></div></div></div>


<div style="color:#ddd" class="wp-block-genesis-blocks-gb-spacer gb-block-spacer gb-divider-solid gb-divider-size-1"><hr style="height:30px"/></div>


<div id="pl-gb2496-69f2547b5ebb2"  class="panel-layout" ><div id="pg-gb2496-69f2547b5ebb2-0"  class="panel-grid panel-no-style" ><div id="pgc-gb2496-69f2547b5ebb2-0-0"  class="panel-grid-cell panel-grid-cell-empty" ></div><div id="pgc-gb2496-69f2547b5ebb2-0-1"  class="panel-grid-cell" ><div id="panel-gb2496-69f2547b5ebb2-0-1-0" class="so-panel widget widget_sow-editor panel-first-child panel-last-child" data-index="0" ><div
			
			class="so-widget-sow-editor so-widget-sow-editor-base"
			
		>
<div class="siteorigin-widget-tinymce textwidget">
	<table style="height: 100px; width: 100%; border-collapse: collapse;" border="1" cellpadding="2">
<tbody>
<tr style="height: 24px;">
<td style="width: 15.8421%; height: 24px;">Project management:</td>
<td style="width: 25.2042%;" valign="top" width="20%"> Univ.-Prof. Dr. Anton Pelinka</td>
<td style="width: 74.7958%;" valign="top" width="80%"></td>
</tr>
<tr>
<td style="width: 15.8421%;">
<hr />
</td>
<td style="width: 25.2042%;">
<hr />
</td>
<td style="width: 74.7958%; height: 24px;"></td>
</tr>
<tr>
<td style="width: 15.8421%;">Implementation:</td>
<td style="width: 25.2042%;" valign="top" width="20%">Mag. Dr. Stefanie Mayer<sup>a</sup> Helga Amesberger<br />
Mag. Dr. Stefanie Mayer<sup>a</sup> Katrin Auer<br />
Mag. Dr. Stefanie Mayer<sup>a</sup> Brigitte Halbmayr</td>
<td style="width: 74.7958%;" valign="top" width="80%"></td>
</tr>
<tr>
<td style="width: 15.8421%;">
<hr />
</td>
<td style="width: 25.2042%;">
<hr />
</td>
<td style="width: 74.7958%;"></td>
</tr>
<tr>
<td style="width: 15.8421%;">Funded by:</td>
<td style="width: 100%;" colspan="2">Stadt Wien &#8211; MA-L<br />
Wiener Krankenanstaltenverbund</td>
</tr>
<tr>
<td style="width: 15.8421%;">
<hr />
</td>
<td style="width: 25.2042%;">
<hr />
</td>
<td style="width: 74.7958%; height: 24px;"></td>
</tr>
<tr style="height: 24px;">
<td style="width: 15.8421%; height: 24px;">Completed in:</td>
<td style="height: 24px; width: 100%;" colspan="2">Jänner 2001</td>
</tr>
</tbody>
</table>
</div>
</div></div></div></div></div>


<div style="color:#404168" class="wp-block-genesis-blocks-gb-spacer gb-block-spacer gb-divider-solid gb-spacer-divider gb-divider-size-1"><hr style="height:3px"/></div>



<div style="color:#404168" class="wp-block-genesis-blocks-gb-spacer gb-block-spacer gb-divider-solid gb-divider-size-1"><hr style="height:10px"/></div>


<div id="pl-gb2496-69f2547b5f273"  class="panel-layout" ><div id="pg-gb2496-69f2547b5f273-0"  class="panel-grid panel-no-style" ><div id="pgc-gb2496-69f2547b5f273-0-0"  class="panel-grid-cell panel-grid-cell-empty" ></div><div id="pgc-gb2496-69f2547b5f273-0-1"  class="panel-grid-cell panel-grid-cell-mobile-last" ><div id="panel-gb2496-69f2547b5f273-0-1-0" class="so-panel widget widget_text panel-first-child panel-last-child" data-index="0" >			<div class="textwidget"><p align="justify">In der <em>Ottawa-Charta</em> (WHO 1986) wird der Begriff Gesundheitsförderung folgendermaßen definiert: &#8220;Gesundheitsförderung ist auf Chancengleichheit auf dem Gebiet der Gesundheit gerichtet. Gesundheitsförderndes Handeln bemüht sich darum, bestehende soziale Unterschiede des Gesundheitszustandes zu verringern sowie gleiche Möglichkeiten und Voraussetzungen zu schaffen, damit alle Menschen befähigt werden, ihr größtmögliches Gesundheitspotential zu verwirklichen.&#8221;</p>
<p align="justify">Die gesundheitliche Situation und Versorgung von ImmigrantInnen ist von komplexen Wechselwirkungen kulturspezifischer, migrationsbedingter sowie sozialökologischer Faktoren beeinflusst, ebenso von Schichtzugehörigkeit und gesellschaftlichem Status. Gesundheitliche Risiken, Krankheit und Lebenserwartung sind in allen Gesellschaften sozial ungleich verteilt, aber auch von persönlichen und sozialen Ressourcen determiniert. In der Literatur werden in Zusammenhang mit Immigration Sprachbarrieren, das kulturell unterschiedliche Verständnis von Gesundheit, Körper und Krankheit sowie der schlechte Informationsstand über Gesundheitsangebote bzw. das Gesundheitssystem als die größten Herausforderungen für das Gesundheitssystem angesehen. Doch auch aufenthaltsrechtliche Bedingungen und/oder ein fremdenfeindliches gesellschaftliches Klima um nur einige migrationsspezifische Determinanten zu nennen können bei Gesundheitsstörungen und Krankheitsverläufen von ImmigrantInnen eine wesentliche Rolle spielen.</p>
<p align="justify">Die möglichen Folgen von Versorgungsschwächen aufgrund von Zugangsbarrieren für Menschen ausländischer Herkunft können ebenfalls zahlreich sein: Vergabe von Medikamenten aus Hilflosigkeit, Fehldiagnosen, Chronifizierungen, Endlosdiagnostik, verspätet einsetzende Therapie, verlängerte Verweildauer in Krankenhäusern, etc. Letztendlich können diese Faktoren enorme Mehrkosten verursachen.</p>
<p align="justify">Die Studie beleuchtet die Thematik von mehreren Seiten. Die Repräsentativumfrage unter der Wiener Bevölkerung (durchgeführt von IFES) erhob u.a. die Akzeptanz von zugewanderten PatientInnen bei Arztkonsultationen, negative Erfahrungen mit ÄrztInnen im niedergelassenen und im Spitalsbereich sowie die Kriterien für eine Arztwahl. Weiters wurden rund 40 Personen, die im Gesundheitswesen tätig sind, mittels eines halbstandardisierten Interviewleitfadens befragt, wovon die Hälfte der Befragten (ÄrztInnen und Ordinationshilfen) in Arztpraxen, die andere Hälfte in Krankhäusern bzw. Pflegeheimen (ÄrztInnen und Pflegepersonal) tätig ist. Diese Befunde werden durch explorative Interviews mit Expertinnen ergänzt, die mit den Thematiken Gesundheit und/oder Migration beschäftigt sind. Im Mittelpunkt der beiden letztgenannten Erhebungen standen die Wahrnehmung von ImmigrantInnen als Klientel mit spezifischen Bedürfnissen, Diskriminierung von und Vorurteile gegenüber zugewanderten PatientInnen und medizinischem Personal durch die verschiedenen AkteurInnen im Gesundheitswesen (einschließlich PatientInnen) sowie Folgewirkungen von Zuwanderung auf die Arbeit im Gesundheitswesen. Einen Schwerpunkt in den Befragungen bildeten auch Maßnahmen und Empfehlungen zur Verbesserung der Situation von zugewanderten PatientInnen und der Arbeit im Gesundheitssystem.</p>
</div>
		</div></div><div id="pgc-gb2496-69f2547b5f273-0-2"  class="panel-grid-cell panel-grid-cell-empty" ></div></div></div>


<div style="color:#333" class="wp-block-genesis-blocks-gb-spacer gb-block-spacer gb-divider-solid gb-spacer-divider gb-divider-size-1"><hr style="height:100px"/></div>
</div></div></div>
