{"id":2492,"date":"2021-04-08T10:22:28","date_gmt":"2021-04-08T10:22:28","guid":{"rendered":"http:\/\/test-ikf.online\/?page_id=2492"},"modified":"2021-04-08T10:23:30","modified_gmt":"2021-04-08T10:23:30","slug":"2002-handbuch-bericht-ueber-migration-und-integration-in-oesterreich-kapitel-8","status":"publish","type":"page","link":"https:\/\/ikf.ac.at\/en\/schwerpunkte\/cleavages\/integration-migration\/2002-handbuch-bericht-ueber-migration-und-integration-in-oesterreich-kapitel-8","title":{"rendered":"2002: Handbuch &#8220;Bericht \u00fcber Migration und Integration in \u00d6sterreich&#8221; Kapitel 8: Gesundheit und medizinische Versorgung von MigrantInnen"},"content":{"rendered":"<div class=\"wp-block-atomic-blocks-ab-container alignfull ab-block-container\"><div class=\"ab-container-inside\"><div class=\"ab-container-content\"><div id=\"pl-gb2492-69f25480806b5\"  class=\"panel-layout\" ><div id=\"pg-gb2492-69f25480806b5-0\"  class=\"panel-grid panel-no-style\" ><div id=\"pgc-gb2492-69f25480806b5-0-0\"  class=\"panel-grid-cell\" ><div id=\"panel-gb2492-69f25480806b5-0-0-0\" class=\"so-panel widget widget_media_image panel-first-child panel-last-child\" data-index=\"0\" ><img loading=\"lazy\" decoding=\"async\" width=\"2554\" height=\"10\" src=\"https:\/\/ikf.ac.at\/wp-content\/uploads\/2021\/01\/linie_IKF.jpg\" class=\"image wp-image-754  attachment-full size-full\" alt=\"\" style=\"max-width: 100%; height: auto;\" srcset=\"https:\/\/ikf.ac.at\/wp-content\/uploads\/2021\/01\/linie_IKF.jpg 2554w, https:\/\/ikf.ac.at\/wp-content\/uploads\/2021\/01\/linie_IKF-300x1.jpg 300w, https:\/\/ikf.ac.at\/wp-content\/uploads\/2021\/01\/linie_IKF-1024x4.jpg 1024w, https:\/\/ikf.ac.at\/wp-content\/uploads\/2021\/01\/linie_IKF-768x3.jpg 768w, https:\/\/ikf.ac.at\/wp-content\/uploads\/2021\/01\/linie_IKF-1536x6.jpg 1536w, https:\/\/ikf.ac.at\/wp-content\/uploads\/2021\/01\/linie_IKF-2048x8.jpg 2048w\" sizes=\"auto, (max-width: 2554px) 100vw, 2554px\" \/><\/div><\/div><\/div><\/div>\n\n\n<div style=\"color:#ddd\" class=\"wp-block-genesis-blocks-gb-spacer gb-block-spacer gb-divider-solid gb-divider-size-1\"><hr style=\"height:30px\"\/><\/div>\n\n\n<div id=\"pl-gb2492-69f2548080b55\"  class=\"panel-layout\" ><div id=\"pg-gb2492-69f2548080b55-0\"  class=\"panel-grid panel-no-style\" ><div id=\"pgc-gb2492-69f2548080b55-0-0\"  class=\"panel-grid-cell panel-grid-cell-empty\" ><\/div><div id=\"pgc-gb2492-69f2548080b55-0-1\"  class=\"panel-grid-cell\" ><div id=\"panel-gb2492-69f2548080b55-0-1-0\" class=\"so-panel widget widget_sow-editor panel-first-child panel-last-child\" data-index=\"0\" ><div\n\t\t\t\n\t\t\tclass=\"so-widget-sow-editor so-widget-sow-editor-base\"\n\t\t\t\n\t\t>\n<div class=\"siteorigin-widget-tinymce textwidget\">\n\t<table style=\"height: 100px; width: 100%; border-collapse: collapse;\" border=\"1\" cellpadding=\"2\">\n<tbody>\n<tr style=\"height: 24px;\">\n<td style=\"width: 15.8421%; height: 24px;\">Project management:<\/td>\n<td style=\"width: 84.1578%; height: 24px;\" colspan=\"2\">Mag. Dr. Stefanie Mayer<sup>a<\/sup> Helga Amesberger<\/td>\n<\/tr>\n<tr>\n<td style=\"width: 15.8421%;\">\n<hr \/>\n<\/td>\n<td style=\"width: 38.2538%;\">\n<hr \/>\n<\/td>\n<td style=\"width: 45.904%; height: 24px;\"><\/td>\n<\/tr>\n<tr>\n<td style=\"width: 15.8421%;\">Implementation:<\/td>\n<td style=\"width: 84.1578%;\" colspan=\"2\">Mag. Dr. Stefanie Mayer<sup>a<\/sup> Helga Amesberger<br \/>\nMag. Dr. Stefanie Mayer<sup>a<\/sup> Brigitte Halbmayr<br \/>\nMag. Dr. Stefanie Mayer<sup>a<\/sup> Barbara Liegl<\/td>\n<\/tr>\n<tr>\n<td style=\"width: 15.8421%;\">\n<hr \/>\n<\/td>\n<td style=\"width: 38.2538%;\">\n<hr \/>\n<\/td>\n<td style=\"width: 45.904%;\"><\/td>\n<\/tr>\n<tr>\n<td style=\"width: 15.8421%;\">Funded by:<\/td>\n<td style=\"width: 38.2538%;\" valign=\"top\" width=\"80%\">International Centre for Migration Policy Development (ICMPD)<\/td>\n<td style=\"width: 45.904%;\"><\/td>\n<\/tr>\n<tr>\n<td style=\"width: 15.8421%;\">\n<hr \/>\n<\/td>\n<td style=\"width: 38.2538%;\">\n<hr \/>\n<\/td>\n<td style=\"width: 45.904%; height: 24px;\"><\/td>\n<\/tr>\n<tr style=\"height: 24px;\">\n<td style=\"width: 15.8421%; height: 24px;\">Completed in:<\/td>\n<td style=\"height: 24px; width: 84.1578%;\" colspan=\"2\">Juni 20002<\/td>\n<\/tr>\n<\/tbody>\n<\/table>\n<\/div>\n<\/div><\/div><\/div><\/div><\/div>\n\n\n<div style=\"color:#404168\" class=\"wp-block-genesis-blocks-gb-spacer gb-block-spacer gb-divider-solid gb-spacer-divider gb-divider-size-1\"><hr style=\"height:3px\"\/><\/div>\n\n\n\n<div style=\"color:#404168\" class=\"wp-block-genesis-blocks-gb-spacer gb-block-spacer gb-divider-solid gb-divider-size-1\"><hr style=\"height:10px\"\/><\/div>\n\n\n<div id=\"pl-gb2492-69f2548080f7d\"  class=\"panel-layout\" ><div id=\"pg-gb2492-69f2548080f7d-0\"  class=\"panel-grid panel-no-style\" ><div id=\"pgc-gb2492-69f2548080f7d-0-0\"  class=\"panel-grid-cell panel-grid-cell-empty\" ><\/div><div id=\"pgc-gb2492-69f2548080f7d-0-1\"  class=\"panel-grid-cell panel-grid-cell-mobile-last\" ><div id=\"panel-gb2492-69f2548080f7d-0-1-0\" class=\"so-panel widget widget_text panel-first-child panel-last-child\" data-index=\"0\" >\t\t\t<div class=\"textwidget\"><p align=\"justify\">Wie diverse Studien zeigen, haben ImmigrantInnen nicht andere Anspr\u00fcche an das Gesundheitssystem als Nicht-Immigrierte, sondern bei ihnen werden M\u00e4ngel des Gesundheitssystems deutlicher sichtbar. Im Zentrum des Berichts steht die gesundheitliche Situation und medizinische Versorgung von Zugewanderten in \u00d6sterreich, wobei hier insbesondere dem Gesundheitszustand, dem Gesundheitsverhalten und der Gesundheitsversorgung nachgegangen wird und spezifisch die Situation f\u00fcr Frauen und \u00e4ltere ImmigrantInnen analysiert wird. Die Basis f\u00fcr die Analyse bilden vorwiegend das Sonderprogramm des Mikrozensus 3\/1999 zur Gesundheit und qualitative wie quantitative empirische Studien. Zum Abschluss des Berichts werden Empfehlungen zur Verbesserung der gesundheitlichen Situation von Zugewanderten formuliert.<\/p>\n<\/div>\n\t\t<\/div><\/div><div id=\"pgc-gb2492-69f2548080f7d-0-2\"  class=\"panel-grid-cell panel-grid-cell-empty\" ><\/div><\/div><\/div>\n\n\n<div style=\"color:#333\" class=\"wp-block-genesis-blocks-gb-spacer gb-block-spacer gb-divider-solid gb-spacer-divider gb-divider-size-1\"><hr style=\"height:100px\"\/><\/div>\n<\/div><\/div><\/div>","protected":false},"excerpt":{"rendered":"","protected":false},"author":2,"featured_media":0,"parent":457,"menu_order":36,"comment_status":"closed","ping_status":"closed","template":"","meta":{"footnotes":""},"class_list":["post-2492","page","type-page","status-publish","hentry","post"],"featured_image_src":null,"featured_image_src_square":null,"_links":{"self":[{"href":"https:\/\/ikf.ac.at\/en\/wp-json\/wp\/v2\/pages\/2492","targetHints":{"allow":["GET"]}}],"collection":[{"href":"https:\/\/ikf.ac.at\/en\/wp-json\/wp\/v2\/pages"}],"about":[{"href":"https:\/\/ikf.ac.at\/en\/wp-json\/wp\/v2\/types\/page"}],"author":[{"embeddable":true,"href":"https:\/\/ikf.ac.at\/en\/wp-json\/wp\/v2\/users\/2"}],"replies":[{"embeddable":true,"href":"https:\/\/ikf.ac.at\/en\/wp-json\/wp\/v2\/comments?post=2492"}],"version-history":[{"count":3,"href":"https:\/\/ikf.ac.at\/en\/wp-json\/wp\/v2\/pages\/2492\/revisions"}],"predecessor-version":[{"id":2495,"href":"https:\/\/ikf.ac.at\/en\/wp-json\/wp\/v2\/pages\/2492\/revisions\/2495"}],"up":[{"embeddable":true,"href":"https:\/\/ikf.ac.at\/en\/wp-json\/wp\/v2\/pages\/457"}],"wp:attachment":[{"href":"https:\/\/ikf.ac.at\/en\/wp-json\/wp\/v2\/media?parent=2492"}],"curies":[{"name":"wp","href":"https:\/\/api.w.org\/{rel}","templated":true}]}}

2002: Handbuch &#8220;Bericht über Migration und Integration in Österreich&#8221; Kapitel 8: Gesundheit und medizinische Versorgung von MigrantInnen

<div class="wp-block-atomic-blocks-ab-container alignfull ab-block-container"><div class="ab-container-inside"><div class="ab-container-content"><div id="pl-gb2492-69f25480806b5"  class="panel-layout" ><div id="pg-gb2492-69f25480806b5-0"  class="panel-grid panel-no-style" ><div id="pgc-gb2492-69f25480806b5-0-0"  class="panel-grid-cell" ><div id="panel-gb2492-69f25480806b5-0-0-0" class="so-panel widget widget_media_image panel-first-child panel-last-child" data-index="0" ><img loading="lazy" decoding="async" width="2554" height="10" src="https://ikf.ac.at/wp-content/uploads/2021/01/linie_IKF.jpg" class="image wp-image-754  attachment-full size-full" alt="" style="max-width: 100%; height: auto;" srcset="https://ikf.ac.at/wp-content/uploads/2021/01/linie_IKF.jpg 2554w, https://ikf.ac.at/wp-content/uploads/2021/01/linie_IKF-300x1.jpg 300w, https://ikf.ac.at/wp-content/uploads/2021/01/linie_IKF-1024x4.jpg 1024w, https://ikf.ac.at/wp-content/uploads/2021/01/linie_IKF-768x3.jpg 768w, https://ikf.ac.at/wp-content/uploads/2021/01/linie_IKF-1536x6.jpg 1536w, https://ikf.ac.at/wp-content/uploads/2021/01/linie_IKF-2048x8.jpg 2048w" sizes="auto, (max-width: 2554px) 100vw, 2554px" /></div></div></div></div>


<div style="color:#ddd" class="wp-block-genesis-blocks-gb-spacer gb-block-spacer gb-divider-solid gb-divider-size-1"><hr style="height:30px"/></div>


<div id="pl-gb2492-69f2548080b55"  class="panel-layout" ><div id="pg-gb2492-69f2548080b55-0"  class="panel-grid panel-no-style" ><div id="pgc-gb2492-69f2548080b55-0-0"  class="panel-grid-cell panel-grid-cell-empty" ></div><div id="pgc-gb2492-69f2548080b55-0-1"  class="panel-grid-cell" ><div id="panel-gb2492-69f2548080b55-0-1-0" class="so-panel widget widget_sow-editor panel-first-child panel-last-child" data-index="0" ><div
			
			class="so-widget-sow-editor so-widget-sow-editor-base"
			
		>
<div class="siteorigin-widget-tinymce textwidget">
	<table style="height: 100px; width: 100%; border-collapse: collapse;" border="1" cellpadding="2">
<tbody>
<tr style="height: 24px;">
<td style="width: 15.8421%; height: 24px;">Project management:</td>
<td style="width: 84.1578%; height: 24px;" colspan="2">Mag. Dr. Stefanie Mayer<sup>a</sup> Helga Amesberger</td>
</tr>
<tr>
<td style="width: 15.8421%;">
<hr />
</td>
<td style="width: 38.2538%;">
<hr />
</td>
<td style="width: 45.904%; height: 24px;"></td>
</tr>
<tr>
<td style="width: 15.8421%;">Implementation:</td>
<td style="width: 84.1578%;" colspan="2">Mag. Dr. Stefanie Mayer<sup>a</sup> Helga Amesberger<br />
Mag. Dr. Stefanie Mayer<sup>a</sup> Brigitte Halbmayr<br />
Mag. Dr. Stefanie Mayer<sup>a</sup> Barbara Liegl</td>
</tr>
<tr>
<td style="width: 15.8421%;">
<hr />
</td>
<td style="width: 38.2538%;">
<hr />
</td>
<td style="width: 45.904%;"></td>
</tr>
<tr>
<td style="width: 15.8421%;">Funded by:</td>
<td style="width: 38.2538%;" valign="top" width="80%">International Centre for Migration Policy Development (ICMPD)</td>
<td style="width: 45.904%;"></td>
</tr>
<tr>
<td style="width: 15.8421%;">
<hr />
</td>
<td style="width: 38.2538%;">
<hr />
</td>
<td style="width: 45.904%; height: 24px;"></td>
</tr>
<tr style="height: 24px;">
<td style="width: 15.8421%; height: 24px;">Completed in:</td>
<td style="height: 24px; width: 84.1578%;" colspan="2">Juni 20002</td>
</tr>
</tbody>
</table>
</div>
</div></div></div></div></div>


<div style="color:#404168" class="wp-block-genesis-blocks-gb-spacer gb-block-spacer gb-divider-solid gb-spacer-divider gb-divider-size-1"><hr style="height:3px"/></div>



<div style="color:#404168" class="wp-block-genesis-blocks-gb-spacer gb-block-spacer gb-divider-solid gb-divider-size-1"><hr style="height:10px"/></div>


<div id="pl-gb2492-69f2548080f7d"  class="panel-layout" ><div id="pg-gb2492-69f2548080f7d-0"  class="panel-grid panel-no-style" ><div id="pgc-gb2492-69f2548080f7d-0-0"  class="panel-grid-cell panel-grid-cell-empty" ></div><div id="pgc-gb2492-69f2548080f7d-0-1"  class="panel-grid-cell panel-grid-cell-mobile-last" ><div id="panel-gb2492-69f2548080f7d-0-1-0" class="so-panel widget widget_text panel-first-child panel-last-child" data-index="0" >			<div class="textwidget"><p align="justify">Wie diverse Studien zeigen, haben ImmigrantInnen nicht andere Ansprüche an das Gesundheitssystem als Nicht-Immigrierte, sondern bei ihnen werden Mängel des Gesundheitssystems deutlicher sichtbar. Im Zentrum des Berichts steht die gesundheitliche Situation und medizinische Versorgung von Zugewanderten in Österreich, wobei hier insbesondere dem Gesundheitszustand, dem Gesundheitsverhalten und der Gesundheitsversorgung nachgegangen wird und spezifisch die Situation für Frauen und ältere ImmigrantInnen analysiert wird. Die Basis für die Analyse bilden vorwiegend das Sonderprogramm des Mikrozensus 3/1999 zur Gesundheit und qualitative wie quantitative empirische Studien. Zum Abschluss des Berichts werden Empfehlungen zur Verbesserung der gesundheitlichen Situation von Zugewanderten formuliert.</p>
</div>
		</div></div><div id="pgc-gb2492-69f2548080f7d-0-2"  class="panel-grid-cell panel-grid-cell-empty" ></div></div></div>


<div style="color:#333" class="wp-block-genesis-blocks-gb-spacer gb-block-spacer gb-divider-solid gb-spacer-divider gb-divider-size-1"><hr style="height:100px"/></div>
</div></div></div>
