{"id":2478,"date":"2021-04-07T13:23:26","date_gmt":"2021-04-07T13:23:26","guid":{"rendered":"http:\/\/test-ikf.online\/?page_id=2478"},"modified":"2021-04-07T13:23:46","modified_gmt":"2021-04-07T13:23:46","slug":"2006-integration-als-kommunales-politikfeld","status":"publish","type":"page","link":"https:\/\/ikf.ac.at\/en\/schwerpunkte\/cleavages\/integration-migration\/2006-integration-als-kommunales-politikfeld","title":{"rendered":"2006: Integration als kommunales Politikfeld"},"content":{"rendered":"<div class=\"wp-block-atomic-blocks-ab-container alignfull ab-block-container\"><div class=\"ab-container-inside\"><div class=\"ab-container-content\"><div id=\"pl-gb2478-69f23ff8b9316\"  class=\"panel-layout\" ><div id=\"pg-gb2478-69f23ff8b9316-0\"  class=\"panel-grid panel-no-style\" ><div id=\"pgc-gb2478-69f23ff8b9316-0-0\"  class=\"panel-grid-cell\" ><div id=\"panel-gb2478-69f23ff8b9316-0-0-0\" class=\"so-panel widget widget_media_image panel-first-child panel-last-child\" data-index=\"0\" ><img loading=\"lazy\" decoding=\"async\" width=\"2554\" height=\"10\" src=\"https:\/\/ikf.ac.at\/wp-content\/uploads\/2021\/01\/linie_IKF.jpg\" class=\"image wp-image-754  attachment-full size-full\" alt=\"\" style=\"max-width: 100%; height: auto;\" srcset=\"https:\/\/ikf.ac.at\/wp-content\/uploads\/2021\/01\/linie_IKF.jpg 2554w, https:\/\/ikf.ac.at\/wp-content\/uploads\/2021\/01\/linie_IKF-300x1.jpg 300w, https:\/\/ikf.ac.at\/wp-content\/uploads\/2021\/01\/linie_IKF-1024x4.jpg 1024w, https:\/\/ikf.ac.at\/wp-content\/uploads\/2021\/01\/linie_IKF-768x3.jpg 768w, https:\/\/ikf.ac.at\/wp-content\/uploads\/2021\/01\/linie_IKF-1536x6.jpg 1536w, https:\/\/ikf.ac.at\/wp-content\/uploads\/2021\/01\/linie_IKF-2048x8.jpg 2048w\" sizes=\"auto, (max-width: 2554px) 100vw, 2554px\" \/><\/div><\/div><\/div><\/div>\n\n\n<div style=\"color:#ddd\" class=\"wp-block-genesis-blocks-gb-spacer gb-block-spacer gb-divider-solid gb-divider-size-1\"><hr style=\"height:30px\"\/><\/div>\n\n\n<div id=\"pl-gb2478-69f23ff8b99c6\"  class=\"panel-layout\" ><div id=\"pg-gb2478-69f23ff8b99c6-0\"  class=\"panel-grid panel-no-style\" ><div id=\"pgc-gb2478-69f23ff8b99c6-0-0\"  class=\"panel-grid-cell panel-grid-cell-empty\" ><\/div><div id=\"pgc-gb2478-69f23ff8b99c6-0-1\"  class=\"panel-grid-cell\" ><div id=\"panel-gb2478-69f23ff8b99c6-0-1-0\" class=\"so-panel widget widget_sow-editor panel-first-child panel-last-child\" data-index=\"0\" ><div\n\t\t\t\n\t\t\tclass=\"so-widget-sow-editor so-widget-sow-editor-base\"\n\t\t\t\n\t\t>\n<div class=\"siteorigin-widget-tinymce textwidget\">\n\t<table style=\"height: 100px; width: 100%; border-collapse: collapse;\" border=\"1\" cellpadding=\"2\">\n<tbody>\n<tr style=\"height: 24px;\">\n<td style=\"width: 15.8421%; height: 24px;\">Project management:<\/td>\n<td style=\"width: 84.1578%; height: 24px;\" colspan=\"2\" class=\"translation-block\"><span style=\"font-size: x-large\">Mag. Dr. Brigitte Halbmayr<\/span><\/td>\n<\/tr>\n<tr>\n<td style=\"width: 15.8421%;\">\n<hr \/>\n<\/td>\n<td style=\"width: 38.2537%;\">\n<hr \/>\n<\/td>\n<td style=\"width: 45.9041%; height: 24px;\"><\/td>\n<\/tr>\n<tr>\n<td style=\"width: 15.8421%;\">Implementation:<\/td>\n<td style=\"width: 84.1578%;\" colspan=\"2\">Mag. Dr. Stefanie Mayer<sup>a<\/sup> Karin Bischof<br \/>\nMag. Dr. Stefanie Mayer<sup>a<\/sup> Dr.<sup>in<\/sup> Brigitte Halbmayr<br \/>\nMag. Dr. Stefanie Mayer<sup>a<\/sup> Kerstin Lercher<br \/>\nMag. Dr. Stefanie Mayer<sup>a<\/sup> Barbara Liegl<\/td>\n<\/tr>\n<tr>\n<td style=\"width: 15.8421%;\">\n<hr \/>\n<\/td>\n<td style=\"width: 38.2537%;\">\n<hr \/>\n<\/td>\n<td style=\"width: 45.9041%;\"><\/td>\n<\/tr>\n<tr>\n<td style=\"width: 15.8421%;\">Funded by:<\/td>\n<td style=\"width: 84.1578%;\" colspan=\"2\">Bundesministerium f\u00fcr Bildung, Wissenschaft und Kultur<\/td>\n<\/tr>\n<tr>\n<td style=\"width: 15.8421%;\">\n<hr \/>\n<\/td>\n<td style=\"width: 38.2537%;\">\n<hr \/>\n<\/td>\n<td style=\"width: 45.9041%; height: 24px;\"><\/td>\n<\/tr>\n<tr style=\"height: 24px;\">\n<td style=\"width: 15.8421%; height: 24px;\">Completed in:<\/td>\n<td style=\"height: 24px; width: 84.1578%;\" colspan=\"2\">Dezember 2006<\/td>\n<\/tr>\n<\/tbody>\n<\/table>\n<\/div>\n<\/div><\/div><\/div><\/div><\/div>\n\n\n<div style=\"color:#404168\" class=\"wp-block-genesis-blocks-gb-spacer gb-block-spacer gb-divider-solid gb-spacer-divider gb-divider-size-1\"><hr style=\"height:3px\"\/><\/div>\n\n\n\n<div style=\"color:#404168\" class=\"wp-block-genesis-blocks-gb-spacer gb-block-spacer gb-divider-solid gb-divider-size-1\"><hr style=\"height:10px\"\/><\/div>\n\n\n<div id=\"pl-gb2478-69f23ff8ba02c\"  class=\"panel-layout\" ><div id=\"pg-gb2478-69f23ff8ba02c-0\"  class=\"panel-grid panel-no-style\" ><div id=\"pgc-gb2478-69f23ff8ba02c-0-0\"  class=\"panel-grid-cell panel-grid-cell-empty\" ><\/div><div id=\"pgc-gb2478-69f23ff8ba02c-0-1\"  class=\"panel-grid-cell panel-grid-cell-mobile-last\" ><div id=\"panel-gb2478-69f23ff8ba02c-0-1-0\" class=\"so-panel widget widget_text panel-first-child panel-last-child\" data-index=\"0\" >\t\t\t<div class=\"textwidget\"><p align=\"justify\">Ausgangspunkt f\u00fcr die Forschungsarbeit zu Integration als kommunales Politikfeld war eine Fragebogenerhebung in s\u00e4mtlichen nieder\u00f6sterreichischen Gemeinden (nach M\u00f6glichkeit bei B\u00fcrgermeisterInnen) in Bezug auf Problem- und Bed\u00fcrfnislagen hinsichtlich der Integration von Zugewanderten. Diese Erhebung (mit einer R\u00fccklaufquote von 43 Prozent) wurde im Zuge des EQUAL-Projekts \u201eVerschiedene Herkunft &#8211; gemeinsame Zukunft\u201c durchgef\u00fchrt, das insgesamt einen kommunalpolitischen Schwerpunkt aufwies (Ziel dieses Projekts war die Leitbildentwicklung zur Integration von Zugewanderten in den vier nieder\u00f6sterreichischen Modellgemeinden Guntramsdorf, Hainburg, Krems und Traismauer). Die statistische Auswertung der Umfrage in allen Gemeinden konzentrierte sich auf Unterschiede im Integrationsverst\u00e4ndnis, Problemsicht, Konflikth\u00e4ufigkeit, Problemursachen und konkreten Unterst\u00fctzungsbedarf von Seiten des Landes Nieder\u00f6sterreich.<\/p>\n<p align=\"justify\">In einem zweiten Schritt wurden die Ergebnisse dieser Erhebung an konkrete Bedingungen in den einzelnen Gemeinden r\u00fcckgebunden, wie etwa die politischen Verh\u00e4ltnisse im Gemeinderat, den Ausl\u00e4nderInnenanteil in der Gemeinde (deren Gr\u00f6\u00dfe und nationale Zusammensetzung), soziodemographische Daten der GemeindebewohnerInnen, Wirtschaftsstruktur der Gemeinde, Erwerbsquote der Ausl\u00e4nderInnen, Religionszugeh\u00f6rigkeit etc.<\/p>\n<p align=\"justify\">Die Ergebnisse der Auswertung wurden schlie\u00dflich mit den Erfahrungen des EQUAL-Leitbildentwicklungsprozesses in den Gemeinden in Beziehung gesetzt und in dem Artikel \u201eIntegration als kommunales Politikfeld &#8211; Notwendigkeiten, Problemlagen und Modelle\u201c analysiert.<\/p>\n<p align=\"justify\">Der Artikel versucht, Integration als kommunales Politikfeld n\u00e4her zu beleuchten und dessen m\u00f6gliche zuk\u00fcnftige Bedeutung zu skizzieren. Ausgehend von einem Verst\u00e4ndnis von Integration als zweiseitigem Prozess wird vor allem auf Leistungen der Aufnahmegesellschaft fokussiert, welche als notwendige Voraussetzung f\u00fcr die (aktive) Integration der Zugewanderten gesehen werden. Daher wird gefragt, wie Kommunen gestalterisch t\u00e4tig werden, um den Zielen Chancengleichheit, rechtliche Gleichstellung und einem ressourcenbetonten Verst\u00e4ndnis von Vielfalt\/ Diversit\u00e4t n\u00e4her zu kommen. Auch die Wahrnehmung von Zugewanderten durch die Gemeinderepr\u00e4sentantInnen ist Gegenstand des Artikels. Hier bitte noch ein Satz zu Schlussfolgerungen des Artikels! Basierend auf diesen Daten und den Erfahrungen aus der Leitbildentwicklung kommen die Autorinnen zur Einsch\u00e4tzung , dass Integration als neues und wesentliches Politikfeld auf kommunaler Ebene bei der \u00dcberwindung von Ausgrenzung und Diskriminierung von Zugewanderten zunehmend an Bedeutung gewinnen wird.<\/p>\n<\/div>\n\t\t<\/div><\/div><div id=\"pgc-gb2478-69f23ff8ba02c-0-2\"  class=\"panel-grid-cell panel-grid-cell-empty\" ><\/div><\/div><\/div>\n\n\n<div style=\"color:#333\" class=\"wp-block-genesis-blocks-gb-spacer gb-block-spacer gb-divider-solid gb-spacer-divider gb-divider-size-1\"><hr style=\"height:100px\"\/><\/div>\n<\/div><\/div><\/div>","protected":false},"excerpt":{"rendered":"","protected":false},"author":2,"featured_media":0,"parent":457,"menu_order":32,"comment_status":"closed","ping_status":"closed","template":"","meta":{"footnotes":""},"class_list":["post-2478","page","type-page","status-publish","hentry","post"],"featured_image_src":null,"featured_image_src_square":null,"_links":{"self":[{"href":"https:\/\/ikf.ac.at\/en\/wp-json\/wp\/v2\/pages\/2478","targetHints":{"allow":["GET"]}}],"collection":[{"href":"https:\/\/ikf.ac.at\/en\/wp-json\/wp\/v2\/pages"}],"about":[{"href":"https:\/\/ikf.ac.at\/en\/wp-json\/wp\/v2\/types\/page"}],"author":[{"embeddable":true,"href":"https:\/\/ikf.ac.at\/en\/wp-json\/wp\/v2\/users\/2"}],"replies":[{"embeddable":true,"href":"https:\/\/ikf.ac.at\/en\/wp-json\/wp\/v2\/comments?post=2478"}],"version-history":[{"count":3,"href":"https:\/\/ikf.ac.at\/en\/wp-json\/wp\/v2\/pages\/2478\/revisions"}],"predecessor-version":[{"id":2481,"href":"https:\/\/ikf.ac.at\/en\/wp-json\/wp\/v2\/pages\/2478\/revisions\/2481"}],"up":[{"embeddable":true,"href":"https:\/\/ikf.ac.at\/en\/wp-json\/wp\/v2\/pages\/457"}],"wp:attachment":[{"href":"https:\/\/ikf.ac.at\/en\/wp-json\/wp\/v2\/media?parent=2478"}],"curies":[{"name":"wp","href":"https:\/\/api.w.org\/{rel}","templated":true}]}}

<div class="wp-block-atomic-blocks-ab-container alignfull ab-block-container"><div class="ab-container-inside"><div class="ab-container-content"><div id="pl-gb2478-69f23ff8b9316"  class="panel-layout" ><div id="pg-gb2478-69f23ff8b9316-0"  class="panel-grid panel-no-style" ><div id="pgc-gb2478-69f23ff8b9316-0-0"  class="panel-grid-cell" ><div id="panel-gb2478-69f23ff8b9316-0-0-0" class="so-panel widget widget_media_image panel-first-child panel-last-child" data-index="0" ><img loading="lazy" decoding="async" width="2554" height="10" src="https://ikf.ac.at/wp-content/uploads/2021/01/linie_IKF.jpg" class="image wp-image-754  attachment-full size-full" alt="" style="max-width: 100%; height: auto;" srcset="https://ikf.ac.at/wp-content/uploads/2021/01/linie_IKF.jpg 2554w, https://ikf.ac.at/wp-content/uploads/2021/01/linie_IKF-300x1.jpg 300w, https://ikf.ac.at/wp-content/uploads/2021/01/linie_IKF-1024x4.jpg 1024w, https://ikf.ac.at/wp-content/uploads/2021/01/linie_IKF-768x3.jpg 768w, https://ikf.ac.at/wp-content/uploads/2021/01/linie_IKF-1536x6.jpg 1536w, https://ikf.ac.at/wp-content/uploads/2021/01/linie_IKF-2048x8.jpg 2048w" sizes="auto, (max-width: 2554px) 100vw, 2554px" /></div></div></div></div>


<div style="color:#ddd" class="wp-block-genesis-blocks-gb-spacer gb-block-spacer gb-divider-solid gb-divider-size-1"><hr style="height:30px"/></div>


<div id="pl-gb2478-69f23ff8b99c6"  class="panel-layout" ><div id="pg-gb2478-69f23ff8b99c6-0"  class="panel-grid panel-no-style" ><div id="pgc-gb2478-69f23ff8b99c6-0-0"  class="panel-grid-cell panel-grid-cell-empty" ></div><div id="pgc-gb2478-69f23ff8b99c6-0-1"  class="panel-grid-cell" ><div id="panel-gb2478-69f23ff8b99c6-0-1-0" class="so-panel widget widget_sow-editor panel-first-child panel-last-child" data-index="0" ><div
			
			class="so-widget-sow-editor so-widget-sow-editor-base"
			
		>
<div class="siteorigin-widget-tinymce textwidget">
	<table style="height: 100px; width: 100%; border-collapse: collapse;" border="1" cellpadding="2">
<tbody>
<tr style="height: 24px;">
<td style="width: 15.8421%; height: 24px;">Project management:</td>
<td style="width: 84.1578%; height: 24px;" colspan="2" class="translation-block"><span style="font-size: x-large">Mag. Dr. Brigitte Halbmayr</span></td>
</tr>
<tr>
<td style="width: 15.8421%;">
<hr />
</td>
<td style="width: 38.2537%;">
<hr />
</td>
<td style="width: 45.9041%; height: 24px;"></td>
</tr>
<tr>
<td style="width: 15.8421%;">Implementation:</td>
<td style="width: 84.1578%;" colspan="2">Mag. Dr. Stefanie Mayer<sup>a</sup> Karin Bischof<br />
Mag. Dr. Stefanie Mayer<sup>a</sup> Dr.<sup>in</sup> Brigitte Halbmayr<br />
Mag. Dr. Stefanie Mayer<sup>a</sup> Kerstin Lercher<br />
Mag. Dr. Stefanie Mayer<sup>a</sup> Barbara Liegl</td>
</tr>
<tr>
<td style="width: 15.8421%;">
<hr />
</td>
<td style="width: 38.2537%;">
<hr />
</td>
<td style="width: 45.9041%;"></td>
</tr>
<tr>
<td style="width: 15.8421%;">Funded by:</td>
<td style="width: 84.1578%;" colspan="2">Bundesministerium für Bildung, Wissenschaft und Kultur</td>
</tr>
<tr>
<td style="width: 15.8421%;">
<hr />
</td>
<td style="width: 38.2537%;">
<hr />
</td>
<td style="width: 45.9041%; height: 24px;"></td>
</tr>
<tr style="height: 24px;">
<td style="width: 15.8421%; height: 24px;">Completed in:</td>
<td style="height: 24px; width: 84.1578%;" colspan="2">Dezember 2006</td>
</tr>
</tbody>
</table>
</div>
</div></div></div></div></div>


<div style="color:#404168" class="wp-block-genesis-blocks-gb-spacer gb-block-spacer gb-divider-solid gb-spacer-divider gb-divider-size-1"><hr style="height:3px"/></div>



<div style="color:#404168" class="wp-block-genesis-blocks-gb-spacer gb-block-spacer gb-divider-solid gb-divider-size-1"><hr style="height:10px"/></div>


<div id="pl-gb2478-69f23ff8ba02c"  class="panel-layout" ><div id="pg-gb2478-69f23ff8ba02c-0"  class="panel-grid panel-no-style" ><div id="pgc-gb2478-69f23ff8ba02c-0-0"  class="panel-grid-cell panel-grid-cell-empty" ></div><div id="pgc-gb2478-69f23ff8ba02c-0-1"  class="panel-grid-cell panel-grid-cell-mobile-last" ><div id="panel-gb2478-69f23ff8ba02c-0-1-0" class="so-panel widget widget_text panel-first-child panel-last-child" data-index="0" >			<div class="textwidget"><p align="justify">Ausgangspunkt für die Forschungsarbeit zu Integration als kommunales Politikfeld war eine Fragebogenerhebung in sämtlichen niederösterreichischen Gemeinden (nach Möglichkeit bei BürgermeisterInnen) in Bezug auf Problem- und Bedürfnislagen hinsichtlich der Integration von Zugewanderten. Diese Erhebung (mit einer Rücklaufquote von 43 Prozent) wurde im Zuge des EQUAL-Projekts „Verschiedene Herkunft &#8211; gemeinsame Zukunft“ durchgeführt, das insgesamt einen kommunalpolitischen Schwerpunkt aufwies (Ziel dieses Projekts war die Leitbildentwicklung zur Integration von Zugewanderten in den vier niederösterreichischen Modellgemeinden Guntramsdorf, Hainburg, Krems und Traismauer). Die statistische Auswertung der Umfrage in allen Gemeinden konzentrierte sich auf Unterschiede im Integrationsverständnis, Problemsicht, Konflikthäufigkeit, Problemursachen und konkreten Unterstützungsbedarf von Seiten des Landes Niederösterreich.</p>
<p align="justify">In einem zweiten Schritt wurden die Ergebnisse dieser Erhebung an konkrete Bedingungen in den einzelnen Gemeinden rückgebunden, wie etwa die politischen Verhältnisse im Gemeinderat, den AusländerInnenanteil in der Gemeinde (deren Größe und nationale Zusammensetzung), soziodemographische Daten der GemeindebewohnerInnen, Wirtschaftsstruktur der Gemeinde, Erwerbsquote der AusländerInnen, Religionszugehörigkeit etc.</p>
<p align="justify">Die Ergebnisse der Auswertung wurden schließlich mit den Erfahrungen des EQUAL-Leitbildentwicklungsprozesses in den Gemeinden in Beziehung gesetzt und in dem Artikel „Integration als kommunales Politikfeld &#8211; Notwendigkeiten, Problemlagen und Modelle“ analysiert.</p>
<p align="justify">Der Artikel versucht, Integration als kommunales Politikfeld näher zu beleuchten und dessen mögliche zukünftige Bedeutung zu skizzieren. Ausgehend von einem Verständnis von Integration als zweiseitigem Prozess wird vor allem auf Leistungen der Aufnahmegesellschaft fokussiert, welche als notwendige Voraussetzung für die (aktive) Integration der Zugewanderten gesehen werden. Daher wird gefragt, wie Kommunen gestalterisch tätig werden, um den Zielen Chancengleichheit, rechtliche Gleichstellung und einem ressourcenbetonten Verständnis von Vielfalt/ Diversität näher zu kommen. Auch die Wahrnehmung von Zugewanderten durch die GemeinderepräsentantInnen ist Gegenstand des Artikels. Hier bitte noch ein Satz zu Schlussfolgerungen des Artikels! Basierend auf diesen Daten und den Erfahrungen aus der Leitbildentwicklung kommen die Autorinnen zur Einschätzung , dass Integration als neues und wesentliches Politikfeld auf kommunaler Ebene bei der Überwindung von Ausgrenzung und Diskriminierung von Zugewanderten zunehmend an Bedeutung gewinnen wird.</p>
</div>
		</div></div><div id="pgc-gb2478-69f23ff8ba02c-0-2"  class="panel-grid-cell panel-grid-cell-empty" ></div></div></div>


<div style="color:#333" class="wp-block-genesis-blocks-gb-spacer gb-block-spacer gb-divider-solid gb-spacer-divider gb-divider-size-1"><hr style="height:100px"/></div>
</div></div></div>
