{"id":2475,"date":"2021-04-07T13:17:21","date_gmt":"2021-04-07T13:17:21","guid":{"rendered":"http:\/\/test-ikf.online\/?page_id=2475"},"modified":"2021-04-07T13:18:02","modified_gmt":"2021-04-07T13:18:02","slug":"2007-integrationsleitbild-niederoesterreich","status":"publish","type":"page","link":"https:\/\/ikf.ac.at\/en\/schwerpunkte\/cleavages\/integration-migration\/2007-integrationsleitbild-niederoesterreich","title":{"rendered":"2007: Integrationsleitbild Nieder\u00f6sterreich \u2013 Evaluierung und Grundlagenerhebung"},"content":{"rendered":"<div class=\"wp-block-atomic-blocks-ab-container alignfull ab-block-container\"><div class=\"ab-container-inside\"><div class=\"ab-container-content\"><div id=\"pl-gb2475-69f23fdb86f14\"  class=\"panel-layout\" ><div id=\"pg-gb2475-69f23fdb86f14-0\"  class=\"panel-grid panel-no-style\" ><div id=\"pgc-gb2475-69f23fdb86f14-0-0\"  class=\"panel-grid-cell\" ><div id=\"panel-gb2475-69f23fdb86f14-0-0-0\" class=\"so-panel widget widget_media_image panel-first-child panel-last-child\" data-index=\"0\" ><img loading=\"lazy\" decoding=\"async\" width=\"2554\" height=\"10\" src=\"https:\/\/ikf.ac.at\/wp-content\/uploads\/2021\/01\/linie_IKF.jpg\" class=\"image wp-image-754  attachment-full size-full\" alt=\"\" style=\"max-width: 100%; height: auto;\" srcset=\"https:\/\/ikf.ac.at\/wp-content\/uploads\/2021\/01\/linie_IKF.jpg 2554w, https:\/\/ikf.ac.at\/wp-content\/uploads\/2021\/01\/linie_IKF-300x1.jpg 300w, https:\/\/ikf.ac.at\/wp-content\/uploads\/2021\/01\/linie_IKF-1024x4.jpg 1024w, https:\/\/ikf.ac.at\/wp-content\/uploads\/2021\/01\/linie_IKF-768x3.jpg 768w, https:\/\/ikf.ac.at\/wp-content\/uploads\/2021\/01\/linie_IKF-1536x6.jpg 1536w, https:\/\/ikf.ac.at\/wp-content\/uploads\/2021\/01\/linie_IKF-2048x8.jpg 2048w\" sizes=\"auto, (max-width: 2554px) 100vw, 2554px\" \/><\/div><\/div><\/div><\/div>\n\n\n<div style=\"color:#ddd\" class=\"wp-block-genesis-blocks-gb-spacer gb-block-spacer gb-divider-solid gb-divider-size-1\"><hr style=\"height:30px\"\/><\/div>\n\n\n<div id=\"pl-gb2475-69f23fdb875b0\"  class=\"panel-layout\" ><div id=\"pg-gb2475-69f23fdb875b0-0\"  class=\"panel-grid panel-no-style\" ><div id=\"pgc-gb2475-69f23fdb875b0-0-0\"  class=\"panel-grid-cell panel-grid-cell-empty\" ><\/div><div id=\"pgc-gb2475-69f23fdb875b0-0-1\"  class=\"panel-grid-cell\" ><div id=\"panel-gb2475-69f23fdb875b0-0-1-0\" class=\"so-panel widget widget_sow-editor panel-first-child panel-last-child\" data-index=\"0\" ><div\n\t\t\t\n\t\t\tclass=\"so-widget-sow-editor so-widget-sow-editor-base\"\n\t\t\t\n\t\t>\n<div class=\"siteorigin-widget-tinymce textwidget\">\n\t<table style=\"height: 100px; width: 100%; border-collapse: collapse;\" border=\"1\" cellpadding=\"2\">\n<tbody>\n<tr style=\"height: 24px;\">\n<td style=\"width: 15.8421%; height: 24px;\">Project management:<\/td>\n<td style=\"width: 84.1578%; height: 24px;\" colspan=\"2\" class=\"translation-block\"><span style=\"font-size: x-large\">Mag. Dr. Brigitte Halbmayr<\/span><\/td>\n<\/tr>\n<tr>\n<td style=\"width: 15.8421%;\">\n<hr \/>\n<\/td>\n<td style=\"width: 30.7439%;\">\n<hr \/>\n<\/td>\n<td style=\"width: 53.4139%; height: 24px;\"><\/td>\n<\/tr>\n<tr>\n<td style=\"width: 15.8421%;\">Implementation:<\/td>\n<td style=\"width: 84.1578%;\" colspan=\"2\">Mag. Dr. Stefanie Mayer<sup>a<\/sup> Karin Bischof<br \/>\nMag. Dr. Stefanie Mayer<sup>a<\/sup> Dr.<sup>in<\/sup> Brigitte Halbmayr<\/td>\n<\/tr>\n<tr>\n<td style=\"width: 15.8421%;\">\n<hr \/>\n<\/td>\n<td style=\"width: 30.7439%;\">\n<hr \/>\n<\/td>\n<td style=\"width: 53.4139%;\"><\/td>\n<\/tr>\n<tr>\n<td style=\"width: 15.8421%;\">Funded by:<\/td>\n<td style=\"width: 84.1578%;\" colspan=\"2\">Soziallandesr\u00e4tin der N\u00d6 Landesregierung<\/td>\n<\/tr>\n<tr>\n<td style=\"width: 15.8421%;\">\n<hr \/>\n<\/td>\n<td style=\"width: 30.7439%;\">\n<hr \/>\n<\/td>\n<td style=\"width: 53.4139%; height: 24px;\"><\/td>\n<\/tr>\n<tr style=\"height: 24px;\">\n<td style=\"width: 15.8421%; height: 24px;\">Completed in:<\/td>\n<td style=\"height: 24px; width: 84.1578%;\" colspan=\"2\">Oktober 2007<\/td>\n<\/tr>\n<\/tbody>\n<\/table>\n<\/div>\n<\/div><\/div><\/div><\/div><\/div>\n\n\n<div style=\"color:#404168\" class=\"wp-block-genesis-blocks-gb-spacer gb-block-spacer gb-divider-solid gb-spacer-divider gb-divider-size-1\"><hr style=\"height:3px\"\/><\/div>\n\n\n\n<div style=\"color:#404168\" class=\"wp-block-genesis-blocks-gb-spacer gb-block-spacer gb-divider-solid gb-divider-size-1\"><hr style=\"height:10px\"\/><\/div>\n\n\n<div id=\"pl-gb2475-69f23fdb87b8c\"  class=\"panel-layout\" ><div id=\"pg-gb2475-69f23fdb87b8c-0\"  class=\"panel-grid panel-no-style\" ><div id=\"pgc-gb2475-69f23fdb87b8c-0-0\"  class=\"panel-grid-cell panel-grid-cell-empty\" ><\/div><div id=\"pgc-gb2475-69f23fdb87b8c-0-1\"  class=\"panel-grid-cell panel-grid-cell-mobile-last\" ><div id=\"panel-gb2475-69f23fdb87b8c-0-1-0\" class=\"so-panel widget widget_text panel-first-child panel-last-child\" data-index=\"0\" >\t\t\t<div class=\"textwidget\"><p>In Zusammenarbeit mit dem Interkulturellen Zentrum, der Donau-Universit\u00e4t Krems und der \u00d6AR Regionalberatung wurde im Rahmen dieses Projekts die Entwicklung eines Integrationsleitbildes f\u00fcr das Land Nieder\u00f6sterreich beratend begleitet.<\/p>\n<p>Der Beitrag des IKF bestand zum einen in einer Aufbereitung von vorwiegend statistischen Daten, um den Status quo in Bezug auf Integration in Schl\u00fcsselbereichen darzustellen und mithilfe dieser Ergebnisse eine Grundlage f\u00fcr die Erarbeitung von Integrationsma\u00dfnahmen in verschiedenen Projektarbeitsgruppen zu schaffen. Der Fokus in der Aufbereitung dieser Daten lag auf den Bereichen Arbeitsmarkt (inklusive \u00f6ffentlicher Dienst), Bildung und Wohnen f\u00fcr die Landes- und soweit m\u00f6glich auch f\u00fcr die Bezirksebene.<\/p>\n<p>Zum anderen wurde eine Evaluierung der Leitbildentwicklung durchgef\u00fchrt. Diese konzentrierte sich vorwiegend auf ergebnisorientierte Aspekte, insbesondere die Erreichung der Projektziele. Soweit das aber auf Basis des erhobenen Datenmaterials, wie etwa standardisierten Protokollen verschiedener Sitzungen aus allen Projektmodulen und Arbeitsphasen, Memos, Diskussionsergebnissen etc. m\u00f6glich war, wurden auch prozessorientierte Komponenten wie etwa die Beteiligungsstruktur oder erkennbare, f\u00fcr den Projektverlauf hemmende und f\u00f6rdernde Faktoren ber\u00fccksichtigt.<\/p>\n<\/div>\n\t\t<\/div><\/div><div id=\"pgc-gb2475-69f23fdb87b8c-0-2\"  class=\"panel-grid-cell panel-grid-cell-empty\" ><\/div><\/div><\/div>\n\n\n<div style=\"color:#333\" class=\"wp-block-genesis-blocks-gb-spacer gb-block-spacer gb-divider-solid gb-spacer-divider gb-divider-size-1\"><hr style=\"height:100px\"\/><\/div>\n<\/div><\/div><\/div>","protected":false},"excerpt":{"rendered":"","protected":false},"author":2,"featured_media":0,"parent":457,"menu_order":31,"comment_status":"closed","ping_status":"closed","template":"","meta":{"footnotes":""},"class_list":["post-2475","page","type-page","status-publish","hentry","post"],"featured_image_src":null,"featured_image_src_square":null,"_links":{"self":[{"href":"https:\/\/ikf.ac.at\/en\/wp-json\/wp\/v2\/pages\/2475","targetHints":{"allow":["GET"]}}],"collection":[{"href":"https:\/\/ikf.ac.at\/en\/wp-json\/wp\/v2\/pages"}],"about":[{"href":"https:\/\/ikf.ac.at\/en\/wp-json\/wp\/v2\/types\/page"}],"author":[{"embeddable":true,"href":"https:\/\/ikf.ac.at\/en\/wp-json\/wp\/v2\/users\/2"}],"replies":[{"embeddable":true,"href":"https:\/\/ikf.ac.at\/en\/wp-json\/wp\/v2\/comments?post=2475"}],"version-history":[{"count":2,"href":"https:\/\/ikf.ac.at\/en\/wp-json\/wp\/v2\/pages\/2475\/revisions"}],"predecessor-version":[{"id":2477,"href":"https:\/\/ikf.ac.at\/en\/wp-json\/wp\/v2\/pages\/2475\/revisions\/2477"}],"up":[{"embeddable":true,"href":"https:\/\/ikf.ac.at\/en\/wp-json\/wp\/v2\/pages\/457"}],"wp:attachment":[{"href":"https:\/\/ikf.ac.at\/en\/wp-json\/wp\/v2\/media?parent=2475"}],"curies":[{"name":"wp","href":"https:\/\/api.w.org\/{rel}","templated":true}]}}

2007: Integrationsleitbild Niederösterreich – Evaluierung und Grundlagenerhebung

<div class="wp-block-atomic-blocks-ab-container alignfull ab-block-container"><div class="ab-container-inside"><div class="ab-container-content"><div id="pl-gb2475-69f23fdb86f14"  class="panel-layout" ><div id="pg-gb2475-69f23fdb86f14-0"  class="panel-grid panel-no-style" ><div id="pgc-gb2475-69f23fdb86f14-0-0"  class="panel-grid-cell" ><div id="panel-gb2475-69f23fdb86f14-0-0-0" class="so-panel widget widget_media_image panel-first-child panel-last-child" data-index="0" ><img loading="lazy" decoding="async" width="2554" height="10" src="https://ikf.ac.at/wp-content/uploads/2021/01/linie_IKF.jpg" class="image wp-image-754  attachment-full size-full" alt="" style="max-width: 100%; height: auto;" srcset="https://ikf.ac.at/wp-content/uploads/2021/01/linie_IKF.jpg 2554w, https://ikf.ac.at/wp-content/uploads/2021/01/linie_IKF-300x1.jpg 300w, https://ikf.ac.at/wp-content/uploads/2021/01/linie_IKF-1024x4.jpg 1024w, https://ikf.ac.at/wp-content/uploads/2021/01/linie_IKF-768x3.jpg 768w, https://ikf.ac.at/wp-content/uploads/2021/01/linie_IKF-1536x6.jpg 1536w, https://ikf.ac.at/wp-content/uploads/2021/01/linie_IKF-2048x8.jpg 2048w" sizes="auto, (max-width: 2554px) 100vw, 2554px" /></div></div></div></div>


<div style="color:#ddd" class="wp-block-genesis-blocks-gb-spacer gb-block-spacer gb-divider-solid gb-divider-size-1"><hr style="height:30px"/></div>


<div id="pl-gb2475-69f23fdb875b0"  class="panel-layout" ><div id="pg-gb2475-69f23fdb875b0-0"  class="panel-grid panel-no-style" ><div id="pgc-gb2475-69f23fdb875b0-0-0"  class="panel-grid-cell panel-grid-cell-empty" ></div><div id="pgc-gb2475-69f23fdb875b0-0-1"  class="panel-grid-cell" ><div id="panel-gb2475-69f23fdb875b0-0-1-0" class="so-panel widget widget_sow-editor panel-first-child panel-last-child" data-index="0" ><div
			
			class="so-widget-sow-editor so-widget-sow-editor-base"
			
		>
<div class="siteorigin-widget-tinymce textwidget">
	<table style="height: 100px; width: 100%; border-collapse: collapse;" border="1" cellpadding="2">
<tbody>
<tr style="height: 24px;">
<td style="width: 15.8421%; height: 24px;">Project management:</td>
<td style="width: 84.1578%; height: 24px;" colspan="2" class="translation-block"><span style="font-size: x-large">Mag. Dr. Brigitte Halbmayr</span></td>
</tr>
<tr>
<td style="width: 15.8421%;">
<hr />
</td>
<td style="width: 30.7439%;">
<hr />
</td>
<td style="width: 53.4139%; height: 24px;"></td>
</tr>
<tr>
<td style="width: 15.8421%;">Implementation:</td>
<td style="width: 84.1578%;" colspan="2">Mag. Dr. Stefanie Mayer<sup>a</sup> Karin Bischof<br />
Mag. Dr. Stefanie Mayer<sup>a</sup> Dr.<sup>in</sup> Brigitte Halbmayr</td>
</tr>
<tr>
<td style="width: 15.8421%;">
<hr />
</td>
<td style="width: 30.7439%;">
<hr />
</td>
<td style="width: 53.4139%;"></td>
</tr>
<tr>
<td style="width: 15.8421%;">Funded by:</td>
<td style="width: 84.1578%;" colspan="2">Soziallandesrätin der NÖ Landesregierung</td>
</tr>
<tr>
<td style="width: 15.8421%;">
<hr />
</td>
<td style="width: 30.7439%;">
<hr />
</td>
<td style="width: 53.4139%; height: 24px;"></td>
</tr>
<tr style="height: 24px;">
<td style="width: 15.8421%; height: 24px;">Completed in:</td>
<td style="height: 24px; width: 84.1578%;" colspan="2">Oktober 2007</td>
</tr>
</tbody>
</table>
</div>
</div></div></div></div></div>


<div style="color:#404168" class="wp-block-genesis-blocks-gb-spacer gb-block-spacer gb-divider-solid gb-spacer-divider gb-divider-size-1"><hr style="height:3px"/></div>



<div style="color:#404168" class="wp-block-genesis-blocks-gb-spacer gb-block-spacer gb-divider-solid gb-divider-size-1"><hr style="height:10px"/></div>


<div id="pl-gb2475-69f23fdb87b8c"  class="panel-layout" ><div id="pg-gb2475-69f23fdb87b8c-0"  class="panel-grid panel-no-style" ><div id="pgc-gb2475-69f23fdb87b8c-0-0"  class="panel-grid-cell panel-grid-cell-empty" ></div><div id="pgc-gb2475-69f23fdb87b8c-0-1"  class="panel-grid-cell panel-grid-cell-mobile-last" ><div id="panel-gb2475-69f23fdb87b8c-0-1-0" class="so-panel widget widget_text panel-first-child panel-last-child" data-index="0" >			<div class="textwidget"><p>In Zusammenarbeit mit dem Interkulturellen Zentrum, der Donau-Universität Krems und der ÖAR Regionalberatung wurde im Rahmen dieses Projekts die Entwicklung eines Integrationsleitbildes für das Land Niederösterreich beratend begleitet.</p>
<p>Der Beitrag des IKF bestand zum einen in einer Aufbereitung von vorwiegend statistischen Daten, um den Status quo in Bezug auf Integration in Schlüsselbereichen darzustellen und mithilfe dieser Ergebnisse eine Grundlage für die Erarbeitung von Integrationsmaßnahmen in verschiedenen Projektarbeitsgruppen zu schaffen. Der Fokus in der Aufbereitung dieser Daten lag auf den Bereichen Arbeitsmarkt (inklusive öffentlicher Dienst), Bildung und Wohnen für die Landes- und soweit möglich auch für die Bezirksebene.</p>
<p>Zum anderen wurde eine Evaluierung der Leitbildentwicklung durchgeführt. Diese konzentrierte sich vorwiegend auf ergebnisorientierte Aspekte, insbesondere die Erreichung der Projektziele. Soweit das aber auf Basis des erhobenen Datenmaterials, wie etwa standardisierten Protokollen verschiedener Sitzungen aus allen Projektmodulen und Arbeitsphasen, Memos, Diskussionsergebnissen etc. möglich war, wurden auch prozessorientierte Komponenten wie etwa die Beteiligungsstruktur oder erkennbare, für den Projektverlauf hemmende und fördernde Faktoren berücksichtigt.</p>
</div>
		</div></div><div id="pgc-gb2475-69f23fdb87b8c-0-2"  class="panel-grid-cell panel-grid-cell-empty" ></div></div></div>


<div style="color:#333" class="wp-block-genesis-blocks-gb-spacer gb-block-spacer gb-divider-solid gb-spacer-divider gb-divider-size-1"><hr style="height:100px"/></div>
</div></div></div>
