{"id":2473,"date":"2021-04-07T13:12:50","date_gmt":"2021-04-07T13:12:50","guid":{"rendered":"http:\/\/test-ikf.online\/?page_id=2473"},"modified":"2021-07-01T11:27:41","modified_gmt":"2021-07-01T11:27:41","slug":"2009-beratungsangebot-szenarioentwicklung-kommunale-integrationspolitik","status":"publish","type":"page","link":"https:\/\/ikf.ac.at\/en\/schwerpunkte\/cleavages\/integration-migration\/2009-beratungsangebot-szenarioentwicklung-kommunale-integrationspolitik","title":{"rendered":"2009: (Szenario:i) Ein Beratungsangebot zur Szenarioentwicklung in der kommunalen Integrationspolitik"},"content":{"rendered":"<div class=\"wp-block-atomic-blocks-ab-container alignfull ab-block-container\"><div class=\"ab-container-inside\"><div class=\"ab-container-content\"><div id=\"pl-gb2473-69f2548138d9c\"  class=\"panel-layout\" ><div id=\"pg-gb2473-69f2548138d9c-0\"  class=\"panel-grid panel-no-style\" ><div id=\"pgc-gb2473-69f2548138d9c-0-0\"  class=\"panel-grid-cell\" ><div id=\"panel-gb2473-69f2548138d9c-0-0-0\" class=\"so-panel widget widget_media_image panel-first-child panel-last-child\" data-index=\"0\" ><img loading=\"lazy\" decoding=\"async\" width=\"2554\" height=\"10\" src=\"https:\/\/ikf.ac.at\/wp-content\/uploads\/2021\/01\/linie_IKF.jpg\" class=\"image wp-image-754  attachment-full size-full\" alt=\"\" style=\"max-width: 100%; height: auto;\" srcset=\"https:\/\/ikf.ac.at\/wp-content\/uploads\/2021\/01\/linie_IKF.jpg 2554w, https:\/\/ikf.ac.at\/wp-content\/uploads\/2021\/01\/linie_IKF-300x1.jpg 300w, https:\/\/ikf.ac.at\/wp-content\/uploads\/2021\/01\/linie_IKF-1024x4.jpg 1024w, https:\/\/ikf.ac.at\/wp-content\/uploads\/2021\/01\/linie_IKF-768x3.jpg 768w, https:\/\/ikf.ac.at\/wp-content\/uploads\/2021\/01\/linie_IKF-1536x6.jpg 1536w, https:\/\/ikf.ac.at\/wp-content\/uploads\/2021\/01\/linie_IKF-2048x8.jpg 2048w\" sizes=\"auto, (max-width: 2554px) 100vw, 2554px\" \/><\/div><\/div><\/div><\/div>\n\n\n<div style=\"color:#ddd\" class=\"wp-block-genesis-blocks-gb-spacer gb-block-spacer gb-divider-solid gb-divider-size-1\"><hr style=\"height:5px\"\/><\/div>\n\n\n<div id=\"pl-gb2473-69f254813922c\"  class=\"panel-layout\" ><div id=\"pg-gb2473-69f254813922c-0\"  class=\"panel-grid panel-no-style\" ><div id=\"pgc-gb2473-69f254813922c-0-0\"  class=\"panel-grid-cell panel-grid-cell-empty\" ><\/div><div id=\"pgc-gb2473-69f254813922c-0-1\"  class=\"panel-grid-cell\" ><div id=\"panel-gb2473-69f254813922c-0-1-0\" class=\"so-panel widget widget_sow-editor panel-first-child panel-last-child\" data-index=\"0\" ><div\n\t\t\t\n\t\t\tclass=\"so-widget-sow-editor so-widget-sow-editor-base\"\n\t\t\t\n\t\t>\n<div class=\"siteorigin-widget-tinymce textwidget\">\n\t<table style=\"height: 246px; width: 100%; border-collapse: collapse;\" border=\"1\" cellpadding=\"2\">\n<tbody>\n<tr style=\"height: 24px;\">\n<td style=\"width: 15.8421%; height: 24px;\">Projektleitung<\/td>\n<td style=\"height: 24px; width: 84.1578%;\" colspan=\"2\">Mag. Dr. Stefanie Mayer<sup>a<\/sup> Karin Bischof<\/td>\n<\/tr>\n<tr style=\"height: 26px;\">\n<td style=\"width: 15.8421%; height: 26px;\">und Durchf\u00fchrung:<\/td>\n<td style=\"width: 84.1578%; height: 26px;\" colspan=\"2\" class=\"translation-block\"><span style=\"font-size: x-large\">Mag. Dr. Brigitte Halbmayr<\/span><\/td>\n<\/tr>\n<tr style=\"height: 24px;\">\n<td style=\"width: 15.8421%; height: 24px;\">\n<hr \/>\n<\/td>\n<td style=\"width: 35.2235%; height: 24px;\">\n<hr \/>\n<\/td>\n<td style=\"width: 48.9343%; height: 24px;\"><\/td>\n<\/tr>\n<tr style=\"height: 24px;\">\n<td style=\"width: 15.8421%; height: 24px;\">ProjektpartnerInnen:<\/td>\n<td style=\"width: 84.1578%; height: 24px;\" colspan=\"2\">Mag. Franjo Steiner (Interkulturelles Zentrum Wien)<br \/>\nMag. Dr. Stefanie Mayer<sup>a<\/sup> Sabine Aydt (Donauuniversit\u00e4t Krems)<br \/>\nLeo Baumfeld (\u00d6AR-Regionalberatung)<\/td>\n<\/tr>\n<tr style=\"height: 24px;\">\n<td style=\"width: 15.8421%; height: 24px;\">\n<hr \/>\n<\/td>\n<td style=\"width: 35.2235%; height: 24px;\">\n<hr \/>\n<\/td>\n<td style=\"width: 48.9343%; height: 24px;\"><\/td>\n<\/tr>\n<tr style=\"height: 24px;\">\n<td style=\"width: 15.8421%; height: 24px;\">Funded by:<\/td>\n<td style=\"width: 84.1578%; height: 24px;\" colspan=\"2\">Europ\u00e4ischer Integrationsfonds (EIF)<br \/>\nFederal Ministry of the Interior<\/td>\n<\/tr>\n<tr style=\"height: 24px;\">\n<td style=\"width: 15.8421%; height: 24px;\">\n<hr \/>\n<\/td>\n<td style=\"width: 35.2235%; height: 24px;\">\n<hr \/>\n<\/td>\n<td style=\"width: 48.9343%; height: 24px;\"><\/td>\n<\/tr>\n<tr style=\"height: 24px;\">\n<td style=\"width: 15.8421%; height: 24px;\">Completed in:<\/td>\n<td style=\"height: 24px; width: 84.1578%;\" colspan=\"2\">Dezember 2009<\/td>\n<\/tr>\n<\/tbody>\n<\/table>\n<\/div>\n<\/div><\/div><\/div><\/div><\/div>\n\n\n<div style=\"color:#404168\" class=\"wp-block-genesis-blocks-gb-spacer gb-block-spacer gb-divider-solid gb-spacer-divider gb-divider-size-1\"><hr style=\"height:3px\"\/><\/div>\n\n\n\n<div style=\"color:#404168\" class=\"wp-block-genesis-blocks-gb-spacer gb-block-spacer gb-divider-solid gb-divider-size-1\"><hr style=\"height:10px\"\/><\/div>\n\n\n<div id=\"pl-gb2473-69f2548139650\"  class=\"panel-layout\" ><div id=\"pg-gb2473-69f2548139650-0\"  class=\"panel-grid panel-no-style\" ><div id=\"pgc-gb2473-69f2548139650-0-0\"  class=\"panel-grid-cell panel-grid-cell-empty\" ><\/div><div id=\"pgc-gb2473-69f2548139650-0-1\"  class=\"panel-grid-cell panel-grid-cell-mobile-last\" ><div id=\"panel-gb2473-69f2548139650-0-1-0\" class=\"so-panel widget widget_text panel-first-child panel-last-child\" data-index=\"0\" >\t\t\t<div class=\"textwidget\"><p align=\"justify\">Das Projekt, das im EIF-Schwerpunkt Integration auf kommunaler Ebene gef\u00f6rdert wurde, setzt in erster Linie auf der Ebene der Entscheidungstr\u00e4gerInnen in der Gemeinde an, um konkrete integrationspolitische Ziele zu erarbeiten, die integrationspolitischen Aktivit\u00e4ten l\u00e4ngerfristig und strategisch zu planen, m\u00f6glichst detailliert vorzubereiten und gleichzeitig eine Sensibilisierung dieser Personengruppe zu erreichen.<\/p>\n<p align=\"justify\">Mithilfe methodischer Tools aus der Organisationsberatung Szenario-Methode, Einflussmatrix etc.), den Ergebnissen einer Status quo-Erhebung und der Aufbereitung anderer wissenschaftlicher Materialien wurden im Rahmen von f\u00fcnf Workshops in je drei \u00f6sterreichischen Gemeinden (Wr. Neustadt, Kapfenberg, Bruck\/ Mur) Schritt f\u00fcr Schritt die wichtigsten Herausforderungen f\u00fcr die Gemeinden erarbeitet, das Handlungsfeld, seine wichtigsten AkteurInnen und vorhandene Handlungsspielr\u00e4ume analysiert, zentrale Einflussfaktoren ermittelt und unter Einbeziehung der wesentlichen AkteurInnen (im Bereich Wohnen etwa Genossenschaften u.\u00c4.) konkrete Ma\u00dfnahmen in Form von &#8220;Integrationspartnerschaften&#8221; ausgearbeitet, die nach Projektende im Gemeinderat der drei Gemeinden beschlossen werden.<\/p>\n<p align=\"justify\">Parallel dazu wurde ein &#8220;Integrations-Selbstcheck&#8221; f\u00fcr Gemeinden entwickelt, der eine Selbsteinsch\u00e4tzung der kommunalen Integrationspolitik erm\u00f6glichte und f\u00fcr die teilnehmenden Gemeinden dar\u00fcber hinaus in einer \u00f6sterreichweiten Konferenz Grundlage f\u00fcr einen Erfahrungsaustausch sowie l\u00e4ngerfristige Vernetzung zum Thema kommunale Integrationspolitik war.<\/p>\n<\/div>\n\t\t<\/div><\/div><div id=\"pgc-gb2473-69f2548139650-0-2\"  class=\"panel-grid-cell panel-grid-cell-empty\" ><\/div><\/div><\/div>\n\n\n<div style=\"color:#333\" class=\"wp-block-genesis-blocks-gb-spacer gb-block-spacer gb-divider-solid gb-spacer-divider gb-divider-size-1\"><hr style=\"height:100px\"\/><\/div>\n<\/div><\/div><\/div>","protected":false},"excerpt":{"rendered":"","protected":false},"author":2,"featured_media":0,"parent":457,"menu_order":30,"comment_status":"closed","ping_status":"closed","template":"","meta":{"footnotes":""},"class_list":["post-2473","page","type-page","status-publish","hentry","post"],"featured_image_src":null,"featured_image_src_square":null,"_links":{"self":[{"href":"https:\/\/ikf.ac.at\/en\/wp-json\/wp\/v2\/pages\/2473","targetHints":{"allow":["GET"]}}],"collection":[{"href":"https:\/\/ikf.ac.at\/en\/wp-json\/wp\/v2\/pages"}],"about":[{"href":"https:\/\/ikf.ac.at\/en\/wp-json\/wp\/v2\/types\/page"}],"author":[{"embeddable":true,"href":"https:\/\/ikf.ac.at\/en\/wp-json\/wp\/v2\/users\/2"}],"replies":[{"embeddable":true,"href":"https:\/\/ikf.ac.at\/en\/wp-json\/wp\/v2\/comments?post=2473"}],"version-history":[{"count":3,"href":"https:\/\/ikf.ac.at\/en\/wp-json\/wp\/v2\/pages\/2473\/revisions"}],"predecessor-version":[{"id":3144,"href":"https:\/\/ikf.ac.at\/en\/wp-json\/wp\/v2\/pages\/2473\/revisions\/3144"}],"up":[{"embeddable":true,"href":"https:\/\/ikf.ac.at\/en\/wp-json\/wp\/v2\/pages\/457"}],"wp:attachment":[{"href":"https:\/\/ikf.ac.at\/en\/wp-json\/wp\/v2\/media?parent=2473"}],"curies":[{"name":"wp","href":"https:\/\/api.w.org\/{rel}","templated":true}]}}

<div class="wp-block-atomic-blocks-ab-container alignfull ab-block-container"><div class="ab-container-inside"><div class="ab-container-content"><div id="pl-gb2473-69f2548138d9c"  class="panel-layout" ><div id="pg-gb2473-69f2548138d9c-0"  class="panel-grid panel-no-style" ><div id="pgc-gb2473-69f2548138d9c-0-0"  class="panel-grid-cell" ><div id="panel-gb2473-69f2548138d9c-0-0-0" class="so-panel widget widget_media_image panel-first-child panel-last-child" data-index="0" ><img loading="lazy" decoding="async" width="2554" height="10" src="https://ikf.ac.at/wp-content/uploads/2021/01/linie_IKF.jpg" class="image wp-image-754  attachment-full size-full" alt="" style="max-width: 100%; height: auto;" srcset="https://ikf.ac.at/wp-content/uploads/2021/01/linie_IKF.jpg 2554w, https://ikf.ac.at/wp-content/uploads/2021/01/linie_IKF-300x1.jpg 300w, https://ikf.ac.at/wp-content/uploads/2021/01/linie_IKF-1024x4.jpg 1024w, https://ikf.ac.at/wp-content/uploads/2021/01/linie_IKF-768x3.jpg 768w, https://ikf.ac.at/wp-content/uploads/2021/01/linie_IKF-1536x6.jpg 1536w, https://ikf.ac.at/wp-content/uploads/2021/01/linie_IKF-2048x8.jpg 2048w" sizes="auto, (max-width: 2554px) 100vw, 2554px" /></div></div></div></div>


<div style="color:#ddd" class="wp-block-genesis-blocks-gb-spacer gb-block-spacer gb-divider-solid gb-divider-size-1"><hr style="height:5px"/></div>


<div id="pl-gb2473-69f254813922c"  class="panel-layout" ><div id="pg-gb2473-69f254813922c-0"  class="panel-grid panel-no-style" ><div id="pgc-gb2473-69f254813922c-0-0"  class="panel-grid-cell panel-grid-cell-empty" ></div><div id="pgc-gb2473-69f254813922c-0-1"  class="panel-grid-cell" ><div id="panel-gb2473-69f254813922c-0-1-0" class="so-panel widget widget_sow-editor panel-first-child panel-last-child" data-index="0" ><div
			
			class="so-widget-sow-editor so-widget-sow-editor-base"
			
		>
<div class="siteorigin-widget-tinymce textwidget">
	<table style="height: 246px; width: 100%; border-collapse: collapse;" border="1" cellpadding="2">
<tbody>
<tr style="height: 24px;">
<td style="width: 15.8421%; height: 24px;">Projektleitung</td>
<td style="height: 24px; width: 84.1578%;" colspan="2">Mag. Dr. Stefanie Mayer<sup>a</sup> Karin Bischof</td>
</tr>
<tr style="height: 26px;">
<td style="width: 15.8421%; height: 26px;">und Durchführung:</td>
<td style="width: 84.1578%; height: 26px;" colspan="2" class="translation-block"><span style="font-size: x-large">Mag. Dr. Brigitte Halbmayr</span></td>
</tr>
<tr style="height: 24px;">
<td style="width: 15.8421%; height: 24px;">
<hr />
</td>
<td style="width: 35.2235%; height: 24px;">
<hr />
</td>
<td style="width: 48.9343%; height: 24px;"></td>
</tr>
<tr style="height: 24px;">
<td style="width: 15.8421%; height: 24px;">ProjektpartnerInnen:</td>
<td style="width: 84.1578%; height: 24px;" colspan="2">Mag. Franjo Steiner (Interkulturelles Zentrum Wien)<br />
Mag. Dr. Stefanie Mayer<sup>a</sup> Sabine Aydt (Donauuniversität Krems)<br />
Leo Baumfeld (ÖAR-Regionalberatung)</td>
</tr>
<tr style="height: 24px;">
<td style="width: 15.8421%; height: 24px;">
<hr />
</td>
<td style="width: 35.2235%; height: 24px;">
<hr />
</td>
<td style="width: 48.9343%; height: 24px;"></td>
</tr>
<tr style="height: 24px;">
<td style="width: 15.8421%; height: 24px;">Funded by:</td>
<td style="width: 84.1578%; height: 24px;" colspan="2">Europäischer Integrationsfonds (EIF)<br />
Federal Ministry of the Interior</td>
</tr>
<tr style="height: 24px;">
<td style="width: 15.8421%; height: 24px;">
<hr />
</td>
<td style="width: 35.2235%; height: 24px;">
<hr />
</td>
<td style="width: 48.9343%; height: 24px;"></td>
</tr>
<tr style="height: 24px;">
<td style="width: 15.8421%; height: 24px;">Completed in:</td>
<td style="height: 24px; width: 84.1578%;" colspan="2">Dezember 2009</td>
</tr>
</tbody>
</table>
</div>
</div></div></div></div></div>


<div style="color:#404168" class="wp-block-genesis-blocks-gb-spacer gb-block-spacer gb-divider-solid gb-spacer-divider gb-divider-size-1"><hr style="height:3px"/></div>



<div style="color:#404168" class="wp-block-genesis-blocks-gb-spacer gb-block-spacer gb-divider-solid gb-divider-size-1"><hr style="height:10px"/></div>


<div id="pl-gb2473-69f2548139650"  class="panel-layout" ><div id="pg-gb2473-69f2548139650-0"  class="panel-grid panel-no-style" ><div id="pgc-gb2473-69f2548139650-0-0"  class="panel-grid-cell panel-grid-cell-empty" ></div><div id="pgc-gb2473-69f2548139650-0-1"  class="panel-grid-cell panel-grid-cell-mobile-last" ><div id="panel-gb2473-69f2548139650-0-1-0" class="so-panel widget widget_text panel-first-child panel-last-child" data-index="0" >			<div class="textwidget"><p align="justify">Das Projekt, das im EIF-Schwerpunkt Integration auf kommunaler Ebene gefördert wurde, setzt in erster Linie auf der Ebene der EntscheidungsträgerInnen in der Gemeinde an, um konkrete integrationspolitische Ziele zu erarbeiten, die integrationspolitischen Aktivitäten längerfristig und strategisch zu planen, möglichst detailliert vorzubereiten und gleichzeitig eine Sensibilisierung dieser Personengruppe zu erreichen.</p>
<p align="justify">Mithilfe methodischer Tools aus der Organisationsberatung Szenario-Methode, Einflussmatrix etc.), den Ergebnissen einer Status quo-Erhebung und der Aufbereitung anderer wissenschaftlicher Materialien wurden im Rahmen von fünf Workshops in je drei österreichischen Gemeinden (Wr. Neustadt, Kapfenberg, Bruck/ Mur) Schritt für Schritt die wichtigsten Herausforderungen für die Gemeinden erarbeitet, das Handlungsfeld, seine wichtigsten AkteurInnen und vorhandene Handlungsspielräume analysiert, zentrale Einflussfaktoren ermittelt und unter Einbeziehung der wesentlichen AkteurInnen (im Bereich Wohnen etwa Genossenschaften u.Ä.) konkrete Maßnahmen in Form von &#8220;Integrationspartnerschaften&#8221; ausgearbeitet, die nach Projektende im Gemeinderat der drei Gemeinden beschlossen werden.</p>
<p align="justify">Parallel dazu wurde ein &#8220;Integrations-Selbstcheck&#8221; für Gemeinden entwickelt, der eine Selbsteinschätzung der kommunalen Integrationspolitik ermöglichte und für die teilnehmenden Gemeinden darüber hinaus in einer österreichweiten Konferenz Grundlage für einen Erfahrungsaustausch sowie längerfristige Vernetzung zum Thema kommunale Integrationspolitik war.</p>
</div>
		</div></div><div id="pgc-gb2473-69f2548139650-0-2"  class="panel-grid-cell panel-grid-cell-empty" ></div></div></div>


<div style="color:#333" class="wp-block-genesis-blocks-gb-spacer gb-block-spacer gb-divider-solid gb-spacer-divider gb-divider-size-1"><hr style="height:100px"/></div>
</div></div></div>
