{"id":2466,"date":"2021-04-07T13:00:21","date_gmt":"2021-04-07T13:00:21","guid":{"rendered":"http:\/\/test-ikf.online\/?page_id=2466"},"modified":"2021-04-07T13:01:15","modified_gmt":"2021-04-07T13:01:15","slug":"2010-integration-and-diversity-in-education-in-europe","status":"publish","type":"page","link":"https:\/\/ikf.ac.at\/en\/schwerpunkte\/cleavages\/integration-migration\/2010-integration-and-diversity-in-education-in-europe","title":{"rendered":"2010: &#8220;Integration and Diversity in Education in Europe&#8221; \u2013 International Overview"},"content":{"rendered":"<div class=\"wp-block-atomic-blocks-ab-container alignfull ab-block-container\"><div class=\"ab-container-inside\"><div class=\"ab-container-content\"><div id=\"pl-gb2466-69f25288e0217\"  class=\"panel-layout\" ><div id=\"pg-gb2466-69f25288e0217-0\"  class=\"panel-grid panel-no-style\" ><div id=\"pgc-gb2466-69f25288e0217-0-0\"  class=\"panel-grid-cell\" ><div id=\"panel-gb2466-69f25288e0217-0-0-0\" class=\"so-panel widget widget_media_image panel-first-child panel-last-child\" data-index=\"0\" ><img loading=\"lazy\" decoding=\"async\" width=\"2554\" height=\"10\" src=\"https:\/\/ikf.ac.at\/wp-content\/uploads\/2021\/01\/linie_IKF.jpg\" class=\"image wp-image-754  attachment-full size-full\" alt=\"\" style=\"max-width: 100%; height: auto;\" srcset=\"https:\/\/ikf.ac.at\/wp-content\/uploads\/2021\/01\/linie_IKF.jpg 2554w, https:\/\/ikf.ac.at\/wp-content\/uploads\/2021\/01\/linie_IKF-300x1.jpg 300w, https:\/\/ikf.ac.at\/wp-content\/uploads\/2021\/01\/linie_IKF-1024x4.jpg 1024w, https:\/\/ikf.ac.at\/wp-content\/uploads\/2021\/01\/linie_IKF-768x3.jpg 768w, https:\/\/ikf.ac.at\/wp-content\/uploads\/2021\/01\/linie_IKF-1536x6.jpg 1536w, https:\/\/ikf.ac.at\/wp-content\/uploads\/2021\/01\/linie_IKF-2048x8.jpg 2048w\" sizes=\"auto, (max-width: 2554px) 100vw, 2554px\" \/><\/div><\/div><\/div><\/div>\n\n\n<div style=\"color:#ddd\" class=\"wp-block-genesis-blocks-gb-spacer gb-block-spacer gb-divider-solid gb-divider-size-1\"><hr style=\"height:30px\"\/><\/div>\n\n\n<div id=\"pl-gb2466-69f25288e066f\"  class=\"panel-layout\" ><div id=\"pg-gb2466-69f25288e066f-0\"  class=\"panel-grid panel-no-style\" ><div id=\"pgc-gb2466-69f25288e066f-0-0\"  class=\"panel-grid-cell panel-grid-cell-empty\" ><\/div><div id=\"pgc-gb2466-69f25288e066f-0-1\"  class=\"panel-grid-cell\" ><div id=\"panel-gb2466-69f25288e066f-0-1-0\" class=\"so-panel widget widget_sow-editor panel-first-child panel-last-child\" data-index=\"0\" ><div\n\t\t\t\n\t\t\tclass=\"so-widget-sow-editor so-widget-sow-editor-base\"\n\t\t\t\n\t\t>\n<div class=\"siteorigin-widget-tinymce textwidget\">\n\t<table style=\"height: 244px; width: 100%; border-collapse: collapse;\" border=\"1\" cellpadding=\"2\">\n<tbody>\n<tr style=\"height: 24px;\">\n<td style=\"width: 15.8421%; height: 24px;\">Projektleitung<\/td>\n<td style=\"height: 24px; width: 84.1578%;\" colspan=\"2\"><\/td>\n<\/tr>\n<tr style=\"height: 24px;\">\n<td style=\"width: 15.8421%; height: 24px;\">und Durchf\u00fchrung:<\/td>\n<td style=\"width: 84.1578%; height: 24px;\" colspan=\"2\" class=\"translation-block\"><span style=\"font-size: x-large\">Mag. Dr. Brigitte Halbmayr<\/span><\/td>\n<\/tr>\n<tr style=\"height: 24px;\">\n<td style=\"width: 15.8421%; height: 24px;\">\n<hr \/>\n<\/td>\n<td style=\"width: 30.7439%; height: 24px;\">\n<hr \/>\n<\/td>\n<td style=\"width: 53.4139%; height: 24px;\"><\/td>\n<\/tr>\n<tr style=\"height: 24px;\">\n<td style=\"width: 15.8421%; height: 24px;\">Funded by:<\/td>\n<td style=\"width: 84.1578%; height: 24px;\" colspan=\"2\">Open Society Foundations London<\/td>\n<\/tr>\n<tr style=\"height: 24px;\">\n<td style=\"width: 15.8421%; height: 24px;\">\n<hr \/>\n<\/td>\n<td style=\"width: 30.7439%; height: 24px;\">\n<hr \/>\n<\/td>\n<td style=\"width: 53.4139%; height: 24px;\"><\/td>\n<\/tr>\n<tr style=\"height: 24px;\">\n<td style=\"width: 15.8421%; height: 24px;\">Completed in:<\/td>\n<td style=\"height: 24px; width: 84.1578%;\" colspan=\"2\">Dezember 2010<\/td>\n<\/tr>\n<\/tbody>\n<\/table>\n<\/div>\n<\/div><\/div><\/div><\/div><\/div>\n\n\n<div style=\"color:#404168\" class=\"wp-block-genesis-blocks-gb-spacer gb-block-spacer gb-divider-solid gb-spacer-divider gb-divider-size-1\"><hr style=\"height:3px\"\/><\/div>\n\n\n\n<div style=\"color:#404168\" class=\"wp-block-genesis-blocks-gb-spacer gb-block-spacer gb-divider-solid gb-divider-size-1\"><hr style=\"height:10px\"\/><\/div>\n\n\n<div id=\"pl-gb2466-69f25288e0aa9\"  class=\"panel-layout\" ><div id=\"pg-gb2466-69f25288e0aa9-0\"  class=\"panel-grid panel-no-style\" ><div id=\"pgc-gb2466-69f25288e0aa9-0-0\"  class=\"panel-grid-cell panel-grid-cell-empty\" ><\/div><div id=\"pgc-gb2466-69f25288e0aa9-0-1\"  class=\"panel-grid-cell panel-grid-cell-mobile-last\" ><div id=\"panel-gb2466-69f25288e0aa9-0-1-0\" class=\"so-panel widget widget_text panel-first-child panel-last-child\" data-index=\"0\" >\t\t\t<div class=\"textwidget\"><p align=\"justify\">Im Projekt &#8220;Integration and Diversity in Education in Europe&#8221;, kurz IDEE, kooperierten NGOs aus f\u00fcnf europ\u00e4ischen L\u00e4ndern: Integrated Education Fund (IEF) und Northern Ireland Council for Integrated Education (NICIE) in Belfast (Gro\u00dfbritannien), das Interkulturelle Zentrum (IZ) in Wien (\u00d6sterreich), LIFE e.V. in Berlin (Deutschland),\u00a0Nad\u00e1cia \u0160kola dokor\u00e1n (Wide Open School Foundation) in \u017diar nad Hronom (Slowakei) sowie die Reading and Writing for Critical Thinking Association (RWCT) in Cluj-Naboca (Rum\u00e4nien). Diese Organisationen sind seit vielen Jahren im Bildungsbereich t\u00e4tig und engagieren sich u.a. in der F\u00f6rderung von Jugendlichen, die marginalisierten Minderheiten (hier insbesondere Roma-Jugendliche in der Slowakei und Rum\u00e4nien) bzw. zugewanderten Bev\u00f6lkerungsgruppen (insb. Drittstaatenangeh\u00f6rige in den anderen europ\u00e4ischen L\u00e4ndern) angeh\u00f6ren.<\/p>\n<p align=\"justify\">In dem vom OSF London und der EACEA (Education, Audiovisiual &amp; Culture Executive Agency) kofinanzierten Projekt im Rahmen des &#8220;Europa f\u00fcr B\u00fcrgerinnen und B\u00fcrger&#8221; F\u00f6rderprogramms der EU ging es darum, die angesprochenen Jugendlichen zu einem Reflexionsprozess \u00fcber ihre Lebens- und v.a. Bildungssituation zu motivieren. In einem Austauschprozess zwischen Jugendlichen auf der einen Seite und ExpertInnen, Schul- und lokalen Verwaltungsautorit\u00e4ten sowie PolitikerInnen auf der anderen Seite wurden Formen der politischen Beteiligung erprobt. Daf\u00fcr wurden sog. &#8220;B\u00fcrgerInnenforen&#8221; eingesetzt, die allerdings \u2013 entsprechend der spezifischen Zielgruppe und der Themenstellung \u2013 als Methode einige wesentliche Adaptationen erfuhren. Ziel war es, das B\u00fcrgerInnenforum als Instrument direkter partizipativer Demokratie und als empowerment-Aktivit\u00e4t bestm\u00f6glich zu nutzen. In der Umsetzung auf lokaler Ebene wurde, soweit m\u00f6glich, die regionale und europ\u00e4ische Dimension einbezogen.<\/p>\n<p align=\"justify\">Dem Institut f\u00fcr Konfliktforschung oblag es, diese methodischen Anpassungen zu erarbeiten, die Durchf\u00fchrungs- und Dokumentationsvorlagen zu erstellen und auf Grundlage der schriftlichen Unterlagen der Partnerinnen einen internationalen und komparativen \u00dcberblick zu Vorbereitung, Ablauf, Zielsetzungen und lokale Besonderheiten der B\u00fcrgerInnenforen zu verfassen. Dabei zeigte sich, dass sowohl die Jugendlichen als auch die Stakeholder diese Form des Austauschs als sehr inspirierend und fruchtbringend f\u00fcr das gegenseitige Verst\u00e4ndnis einsch\u00e4tzten. Vielfach wurde der Wunsch nach einer Weiterf\u00fchrung dieser Begegnungen ge\u00e4u\u00dfert. Gerade die Jugendlichen betonten die vielfach neue Erfahrung, hinsichtlich ihrer eigenen Lebenssituation als &#8220;Experte&#8221; bzw. &#8220;Expertin&#8221; befragt zu werden und W\u00fcnsche und Ideen zur Verbesserung ihrer Lage einbringen zu k\u00f6nnen. Auf der Agenda der B\u00fcrgerInnenforen standen v.a. die Themen Segregation in Schulen bzw. Forderung nach inklusiver Bildung, Sprachprobleme bzw. der Wunsch nach mehr Sprachf\u00f6rderung, Diskriminierungserfahrungen und die Notwendigkeit von Anti-Diskriminierungsma\u00dfnahmen auch in Schulen, die Bedeutung von interkultureller Kompetenz des Lehrpersonals, (Self-)Empowerment und Mentoring, Kooperation mit Medien und Netzwerkbildung. Die Ergebnisse wurden in der Projekt-Abschlusskonferenz in Br\u00fcssel im November 2010 der KollegInnenschaft und einem interessierten Fachpublikum pr\u00e4sentiert.<\/p>\n<\/div>\n\t\t<\/div><\/div><div id=\"pgc-gb2466-69f25288e0aa9-0-2\"  class=\"panel-grid-cell panel-grid-cell-empty\" ><\/div><\/div><\/div>\n\n\n<div style=\"color:#333\" class=\"wp-block-genesis-blocks-gb-spacer gb-block-spacer gb-divider-solid gb-spacer-divider gb-divider-size-1\"><hr style=\"height:100px\"\/><\/div>\n<\/div><\/div><\/div>","protected":false},"excerpt":{"rendered":"","protected":false},"author":2,"featured_media":0,"parent":457,"menu_order":28,"comment_status":"closed","ping_status":"closed","template":"","meta":{"footnotes":""},"class_list":["post-2466","page","type-page","status-publish","hentry","post"],"featured_image_src":null,"featured_image_src_square":null,"_links":{"self":[{"href":"https:\/\/ikf.ac.at\/en\/wp-json\/wp\/v2\/pages\/2466","targetHints":{"allow":["GET"]}}],"collection":[{"href":"https:\/\/ikf.ac.at\/en\/wp-json\/wp\/v2\/pages"}],"about":[{"href":"https:\/\/ikf.ac.at\/en\/wp-json\/wp\/v2\/types\/page"}],"author":[{"embeddable":true,"href":"https:\/\/ikf.ac.at\/en\/wp-json\/wp\/v2\/users\/2"}],"replies":[{"embeddable":true,"href":"https:\/\/ikf.ac.at\/en\/wp-json\/wp\/v2\/comments?post=2466"}],"version-history":[{"count":2,"href":"https:\/\/ikf.ac.at\/en\/wp-json\/wp\/v2\/pages\/2466\/revisions"}],"predecessor-version":[{"id":2468,"href":"https:\/\/ikf.ac.at\/en\/wp-json\/wp\/v2\/pages\/2466\/revisions\/2468"}],"up":[{"embeddable":true,"href":"https:\/\/ikf.ac.at\/en\/wp-json\/wp\/v2\/pages\/457"}],"wp:attachment":[{"href":"https:\/\/ikf.ac.at\/en\/wp-json\/wp\/v2\/media?parent=2466"}],"curies":[{"name":"wp","href":"https:\/\/api.w.org\/{rel}","templated":true}]}}

<div class="wp-block-atomic-blocks-ab-container alignfull ab-block-container"><div class="ab-container-inside"><div class="ab-container-content"><div id="pl-gb2466-69f25288e0217"  class="panel-layout" ><div id="pg-gb2466-69f25288e0217-0"  class="panel-grid panel-no-style" ><div id="pgc-gb2466-69f25288e0217-0-0"  class="panel-grid-cell" ><div id="panel-gb2466-69f25288e0217-0-0-0" class="so-panel widget widget_media_image panel-first-child panel-last-child" data-index="0" ><img loading="lazy" decoding="async" width="2554" height="10" src="https://ikf.ac.at/wp-content/uploads/2021/01/linie_IKF.jpg" class="image wp-image-754  attachment-full size-full" alt="" style="max-width: 100%; height: auto;" srcset="https://ikf.ac.at/wp-content/uploads/2021/01/linie_IKF.jpg 2554w, https://ikf.ac.at/wp-content/uploads/2021/01/linie_IKF-300x1.jpg 300w, https://ikf.ac.at/wp-content/uploads/2021/01/linie_IKF-1024x4.jpg 1024w, https://ikf.ac.at/wp-content/uploads/2021/01/linie_IKF-768x3.jpg 768w, https://ikf.ac.at/wp-content/uploads/2021/01/linie_IKF-1536x6.jpg 1536w, https://ikf.ac.at/wp-content/uploads/2021/01/linie_IKF-2048x8.jpg 2048w" sizes="auto, (max-width: 2554px) 100vw, 2554px" /></div></div></div></div>


<div style="color:#ddd" class="wp-block-genesis-blocks-gb-spacer gb-block-spacer gb-divider-solid gb-divider-size-1"><hr style="height:30px"/></div>


<div id="pl-gb2466-69f25288e066f"  class="panel-layout" ><div id="pg-gb2466-69f25288e066f-0"  class="panel-grid panel-no-style" ><div id="pgc-gb2466-69f25288e066f-0-0"  class="panel-grid-cell panel-grid-cell-empty" ></div><div id="pgc-gb2466-69f25288e066f-0-1"  class="panel-grid-cell" ><div id="panel-gb2466-69f25288e066f-0-1-0" class="so-panel widget widget_sow-editor panel-first-child panel-last-child" data-index="0" ><div
			
			class="so-widget-sow-editor so-widget-sow-editor-base"
			
		>
<div class="siteorigin-widget-tinymce textwidget">
	<table style="height: 244px; width: 100%; border-collapse: collapse;" border="1" cellpadding="2">
<tbody>
<tr style="height: 24px;">
<td style="width: 15.8421%; height: 24px;">Projektleitung</td>
<td style="height: 24px; width: 84.1578%;" colspan="2"></td>
</tr>
<tr style="height: 24px;">
<td style="width: 15.8421%; height: 24px;">und Durchführung:</td>
<td style="width: 84.1578%; height: 24px;" colspan="2" class="translation-block"><span style="font-size: x-large">Mag. Dr. Brigitte Halbmayr</span></td>
</tr>
<tr style="height: 24px;">
<td style="width: 15.8421%; height: 24px;">
<hr />
</td>
<td style="width: 30.7439%; height: 24px;">
<hr />
</td>
<td style="width: 53.4139%; height: 24px;"></td>
</tr>
<tr style="height: 24px;">
<td style="width: 15.8421%; height: 24px;">Funded by:</td>
<td style="width: 84.1578%; height: 24px;" colspan="2">Open Society Foundations London</td>
</tr>
<tr style="height: 24px;">
<td style="width: 15.8421%; height: 24px;">
<hr />
</td>
<td style="width: 30.7439%; height: 24px;">
<hr />
</td>
<td style="width: 53.4139%; height: 24px;"></td>
</tr>
<tr style="height: 24px;">
<td style="width: 15.8421%; height: 24px;">Completed in:</td>
<td style="height: 24px; width: 84.1578%;" colspan="2">Dezember 2010</td>
</tr>
</tbody>
</table>
</div>
</div></div></div></div></div>


<div style="color:#404168" class="wp-block-genesis-blocks-gb-spacer gb-block-spacer gb-divider-solid gb-spacer-divider gb-divider-size-1"><hr style="height:3px"/></div>



<div style="color:#404168" class="wp-block-genesis-blocks-gb-spacer gb-block-spacer gb-divider-solid gb-divider-size-1"><hr style="height:10px"/></div>


<div id="pl-gb2466-69f25288e0aa9"  class="panel-layout" ><div id="pg-gb2466-69f25288e0aa9-0"  class="panel-grid panel-no-style" ><div id="pgc-gb2466-69f25288e0aa9-0-0"  class="panel-grid-cell panel-grid-cell-empty" ></div><div id="pgc-gb2466-69f25288e0aa9-0-1"  class="panel-grid-cell panel-grid-cell-mobile-last" ><div id="panel-gb2466-69f25288e0aa9-0-1-0" class="so-panel widget widget_text panel-first-child panel-last-child" data-index="0" >			<div class="textwidget"><p align="justify">Im Projekt &#8220;Integration and Diversity in Education in Europe&#8221;, kurz IDEE, kooperierten NGOs aus fünf europäischen Ländern: Integrated Education Fund (IEF) und Northern Ireland Council for Integrated Education (NICIE) in Belfast (Großbritannien), das Interkulturelle Zentrum (IZ) in Wien (Österreich), LIFE e.V. in Berlin (Deutschland), Nadácia Škola dokorán (Wide Open School Foundation) in Žiar nad Hronom (Slowakei) sowie die Reading and Writing for Critical Thinking Association (RWCT) in Cluj-Naboca (Rumänien). Diese Organisationen sind seit vielen Jahren im Bildungsbereich tätig und engagieren sich u.a. in der Förderung von Jugendlichen, die marginalisierten Minderheiten (hier insbesondere Roma-Jugendliche in der Slowakei und Rumänien) bzw. zugewanderten Bevölkerungsgruppen (insb. Drittstaatenangehörige in den anderen europäischen Ländern) angehören.</p>
<p align="justify">In dem vom OSF London und der EACEA (Education, Audiovisiual &amp; Culture Executive Agency) kofinanzierten Projekt im Rahmen des &#8220;Europa für Bürgerinnen und Bürger&#8221; Förderprogramms der EU ging es darum, die angesprochenen Jugendlichen zu einem Reflexionsprozess über ihre Lebens- und v.a. Bildungssituation zu motivieren. In einem Austauschprozess zwischen Jugendlichen auf der einen Seite und ExpertInnen, Schul- und lokalen Verwaltungsautoritäten sowie PolitikerInnen auf der anderen Seite wurden Formen der politischen Beteiligung erprobt. Dafür wurden sog. &#8220;BürgerInnenforen&#8221; eingesetzt, die allerdings – entsprechend der spezifischen Zielgruppe und der Themenstellung – als Methode einige wesentliche Adaptationen erfuhren. Ziel war es, das BürgerInnenforum als Instrument direkter partizipativer Demokratie und als empowerment-Aktivität bestmöglich zu nutzen. In der Umsetzung auf lokaler Ebene wurde, soweit möglich, die regionale und europäische Dimension einbezogen.</p>
<p align="justify">Dem Institut für Konfliktforschung oblag es, diese methodischen Anpassungen zu erarbeiten, die Durchführungs- und Dokumentationsvorlagen zu erstellen und auf Grundlage der schriftlichen Unterlagen der Partnerinnen einen internationalen und komparativen Überblick zu Vorbereitung, Ablauf, Zielsetzungen und lokale Besonderheiten der BürgerInnenforen zu verfassen. Dabei zeigte sich, dass sowohl die Jugendlichen als auch die Stakeholder diese Form des Austauschs als sehr inspirierend und fruchtbringend für das gegenseitige Verständnis einschätzten. Vielfach wurde der Wunsch nach einer Weiterführung dieser Begegnungen geäußert. Gerade die Jugendlichen betonten die vielfach neue Erfahrung, hinsichtlich ihrer eigenen Lebenssituation als &#8220;Experte&#8221; bzw. &#8220;Expertin&#8221; befragt zu werden und Wünsche und Ideen zur Verbesserung ihrer Lage einbringen zu können. Auf der Agenda der BürgerInnenforen standen v.a. die Themen Segregation in Schulen bzw. Forderung nach inklusiver Bildung, Sprachprobleme bzw. der Wunsch nach mehr Sprachförderung, Diskriminierungserfahrungen und die Notwendigkeit von Anti-Diskriminierungsmaßnahmen auch in Schulen, die Bedeutung von interkultureller Kompetenz des Lehrpersonals, (Self-)Empowerment und Mentoring, Kooperation mit Medien und Netzwerkbildung. Die Ergebnisse wurden in der Projekt-Abschlusskonferenz in Brüssel im November 2010 der KollegInnenschaft und einem interessierten Fachpublikum präsentiert.</p>
</div>
		</div></div><div id="pgc-gb2466-69f25288e0aa9-0-2"  class="panel-grid-cell panel-grid-cell-empty" ></div></div></div>


<div style="color:#333" class="wp-block-genesis-blocks-gb-spacer gb-block-spacer gb-divider-solid gb-spacer-divider gb-divider-size-1"><hr style="height:100px"/></div>
</div></div></div>
