{"id":2462,"date":"2021-04-07T12:55:21","date_gmt":"2021-04-07T12:55:21","guid":{"rendered":"http:\/\/test-ikf.online\/?page_id=2462"},"modified":"2021-04-07T12:56:20","modified_gmt":"2021-04-07T12:56:20","slug":"2011-communities-in-dialogue","status":"publish","type":"page","link":"https:\/\/ikf.ac.at\/en\/schwerpunkte\/cleavages\/integration-migration\/2011-communities-in-dialogue","title":{"rendered":"2011: Communities in Dialogue: How to bring People at the Margins into Policy Making"},"content":{"rendered":"<div class=\"wp-block-atomic-blocks-ab-container alignfull ab-block-container\"><div class=\"ab-container-inside\"><div class=\"ab-container-content\"><div id=\"pl-gb2462-69f23f8bd0bad\"  class=\"panel-layout\" ><div id=\"pg-gb2462-69f23f8bd0bad-0\"  class=\"panel-grid panel-no-style\" ><div id=\"pgc-gb2462-69f23f8bd0bad-0-0\"  class=\"panel-grid-cell\" ><div id=\"panel-gb2462-69f23f8bd0bad-0-0-0\" class=\"so-panel widget widget_media_image panel-first-child panel-last-child\" data-index=\"0\" ><img loading=\"lazy\" decoding=\"async\" width=\"2554\" height=\"10\" src=\"https:\/\/ikf.ac.at\/wp-content\/uploads\/2021\/01\/linie_IKF.jpg\" class=\"image wp-image-754  attachment-full size-full\" alt=\"\" style=\"max-width: 100%; height: auto;\" srcset=\"https:\/\/ikf.ac.at\/wp-content\/uploads\/2021\/01\/linie_IKF.jpg 2554w, https:\/\/ikf.ac.at\/wp-content\/uploads\/2021\/01\/linie_IKF-300x1.jpg 300w, https:\/\/ikf.ac.at\/wp-content\/uploads\/2021\/01\/linie_IKF-1024x4.jpg 1024w, https:\/\/ikf.ac.at\/wp-content\/uploads\/2021\/01\/linie_IKF-768x3.jpg 768w, https:\/\/ikf.ac.at\/wp-content\/uploads\/2021\/01\/linie_IKF-1536x6.jpg 1536w, https:\/\/ikf.ac.at\/wp-content\/uploads\/2021\/01\/linie_IKF-2048x8.jpg 2048w\" sizes=\"auto, (max-width: 2554px) 100vw, 2554px\" \/><\/div><\/div><\/div><\/div>\n\n\n<div style=\"color:#ddd\" class=\"wp-block-genesis-blocks-gb-spacer gb-block-spacer gb-divider-solid gb-divider-size-1\"><hr style=\"height:30px\"\/><\/div>\n\n\n<div id=\"pl-gb2462-69f23f8bd13e0\"  class=\"panel-layout\" ><div id=\"pg-gb2462-69f23f8bd13e0-0\"  class=\"panel-grid panel-no-style\" ><div id=\"pgc-gb2462-69f23f8bd13e0-0-0\"  class=\"panel-grid-cell panel-grid-cell-empty\" ><\/div><div id=\"pgc-gb2462-69f23f8bd13e0-0-1\"  class=\"panel-grid-cell\" ><div id=\"panel-gb2462-69f23f8bd13e0-0-1-0\" class=\"so-panel widget widget_sow-editor panel-first-child panel-last-child\" data-index=\"0\" ><div\n\t\t\t\n\t\t\tclass=\"so-widget-sow-editor so-widget-sow-editor-base\"\n\t\t\t\n\t\t>\n<div class=\"siteorigin-widget-tinymce textwidget\">\n\t<table style=\"height: 244px; width: 100%; border-collapse: collapse;\" border=\"1\" cellpadding=\"2\">\n<tbody>\n<tr style=\"height: 24px;\">\n<td style=\"width: 15.8421%; height: 24px;\">Projektleitung<\/td>\n<td style=\"height: 24px; width: 84.1578%;\" colspan=\"2\"><\/td>\n<\/tr>\n<tr style=\"height: 24px;\">\n<td style=\"width: 15.8421%; height: 24px;\">und Durchf\u00fchrung:<\/td>\n<td style=\"width: 84.1578%; height: 24px;\" colspan=\"2\" class=\"translation-block\"><span style=\"font-size: x-large\">Mag. Dr. Brigitte Halbmayr<\/span><\/td>\n<\/tr>\n<tr style=\"height: 24px;\">\n<td style=\"width: 15.8421%; height: 24px;\">\n<hr \/>\n<\/td>\n<td style=\"width: 30.7439%; height: 24px;\">\n<hr \/>\n<\/td>\n<td style=\"width: 53.4139%; height: 24px;\"><\/td>\n<\/tr>\n<tr style=\"height: 24px;\">\n<td style=\"width: 15.8421%; height: 24px;\">Funded by:<\/td>\n<td style=\"width: 84.1578%; height: 24px;\" colspan=\"2\">Open Society Foundations London<\/td>\n<\/tr>\n<tr style=\"height: 24px;\">\n<td style=\"width: 15.8421%; height: 24px;\">\n<hr \/>\n<\/td>\n<td style=\"width: 30.7439%; height: 24px;\">\n<hr \/>\n<\/td>\n<td style=\"width: 53.4139%; height: 24px;\"><\/td>\n<\/tr>\n<tr style=\"height: 24px;\">\n<td style=\"width: 15.8421%; height: 24px;\">Completed in:<\/td>\n<td style=\"height: 24px; width: 84.1578%;\" colspan=\"2\">Dezember 2011<\/td>\n<\/tr>\n<\/tbody>\n<\/table>\n<\/div>\n<\/div><\/div><\/div><\/div><\/div>\n\n\n<div style=\"color:#404168\" class=\"wp-block-genesis-blocks-gb-spacer gb-block-spacer gb-divider-solid gb-spacer-divider gb-divider-size-1\"><hr style=\"height:3px\"\/><\/div>\n\n\n\n<div style=\"color:#404168\" class=\"wp-block-genesis-blocks-gb-spacer gb-block-spacer gb-divider-solid gb-divider-size-1\"><hr style=\"height:10px\"\/><\/div>\n\n\n<div id=\"pl-gb2462-69f23f8bd1aa0\"  class=\"panel-layout\" ><div id=\"pg-gb2462-69f23f8bd1aa0-0\"  class=\"panel-grid panel-no-style\" ><div id=\"pgc-gb2462-69f23f8bd1aa0-0-0\"  class=\"panel-grid-cell panel-grid-cell-empty\" ><\/div><div id=\"pgc-gb2462-69f23f8bd1aa0-0-1\"  class=\"panel-grid-cell panel-grid-cell-mobile-last\" ><div id=\"panel-gb2462-69f23f8bd1aa0-0-1-0\" class=\"so-panel widget widget_text panel-first-child panel-last-child\" data-index=\"0\" >\t\t\t<div class=\"textwidget\"><p align=\"justify\">Im 2010 durchgef\u00fchrten Projekt &#8220;Integration and Diversity in Education in Europe&#8221;, kurz IDEE, kooperierten NGOs aus f\u00fcnf europ\u00e4ischen L\u00e4ndern (Gro\u00dfbritannien, \u00d6sterreich, Deutschland, Slowakei, Rum\u00e4nien). In einem Austauschprozess zwischen marginalisierten Jugendlichen auf der einen Seite und ExpertInnen, Schul- und lokalen Verwaltungsautorit\u00e4ten sowie PolitikerInnen auf der anderen Seite ging es darum, \u00fcber die Lebensverh\u00e4ltnisse der Jugendlichen gemeinsam zu reflektieren und m\u00f6gliche Verbesserungsma\u00dfnahmen zu \u00fcberlegen. Kernst\u00fcck des Projekts waren sogenannte &#8220;B\u00fcrgerInnenforen&#8221;, die allerdings \u2013 entsprechend der spezifischen Zielgruppe und der Themenstellung \u2013 als Methode einige wesentliche Adaptionen erfuhren.<\/p>\n<p align=\"justify\">F\u00fcr &#8220;Communities in Dialogue: How to bring People at the Margins into Policy Making&#8221; galt es, die Erfahrungen aus dem IDEE-Projekt \u2013 vom IKF wissenschaftlich aufbereitet und in einem Abschlussbericht formuliert \u2013 abermals zu reflektieren und zu pr\u00fcfen, inwieweit das dort angewandte Instrument politischer Partizipation auch auf m\u00f6gliche andere Themen und Zielgruppen anzuwenden sei. Es werden die Charakteristika von CiD erl\u00e4utert sowie m\u00f6gliche Implementierungsformen und weitere Anwendungsgebiete vorgestellt. Wesentlich f\u00fcr das CiD-Format ist ein dreistufiger Prozess: Bewusstseinsbildung bei der Zielgruppe \u00fcber ihre spezifische Situation und Potenziale (Ziel: Selbstreflexion); andere Personen, die direkt oder indirekt ihre Lebensbedingungen beeinflussen, zu motivieren (Ziel: Austausch); gemeinsam Verbesserungsvorschl\u00e4ge zu entwickeln (Ziel: \u00c4nderung). CiD ist f\u00fcr die Arbeit mit unterschiedlichen Zielgruppen (definiert nach Geschlecht, Ethnizit\u00e4t, Profession etc.) und f\u00fcr verschiedene Themenstellungen (Diskriminierung, Erziehung, Wohnverh\u00e4ltnisse, Gesundheitsvorsorge, Mehrgenerationenkonflikte etc.) anwendbar.<\/p>\n<\/div>\n\t\t<\/div><\/div><div id=\"pgc-gb2462-69f23f8bd1aa0-0-2\"  class=\"panel-grid-cell panel-grid-cell-empty\" ><\/div><\/div><\/div>\n\n\n<div style=\"color:#333\" class=\"wp-block-genesis-blocks-gb-spacer gb-block-spacer gb-divider-solid gb-spacer-divider gb-divider-size-1\"><hr style=\"height:100px\"\/><\/div>\n<\/div><\/div><\/div>","protected":false},"excerpt":{"rendered":"","protected":false},"author":2,"featured_media":0,"parent":457,"menu_order":27,"comment_status":"closed","ping_status":"closed","template":"","meta":{"footnotes":""},"class_list":["post-2462","page","type-page","status-publish","hentry","post"],"featured_image_src":null,"featured_image_src_square":null,"_links":{"self":[{"href":"https:\/\/ikf.ac.at\/en\/wp-json\/wp\/v2\/pages\/2462","targetHints":{"allow":["GET"]}}],"collection":[{"href":"https:\/\/ikf.ac.at\/en\/wp-json\/wp\/v2\/pages"}],"about":[{"href":"https:\/\/ikf.ac.at\/en\/wp-json\/wp\/v2\/types\/page"}],"author":[{"embeddable":true,"href":"https:\/\/ikf.ac.at\/en\/wp-json\/wp\/v2\/users\/2"}],"replies":[{"embeddable":true,"href":"https:\/\/ikf.ac.at\/en\/wp-json\/wp\/v2\/comments?post=2462"}],"version-history":[{"count":3,"href":"https:\/\/ikf.ac.at\/en\/wp-json\/wp\/v2\/pages\/2462\/revisions"}],"predecessor-version":[{"id":2465,"href":"https:\/\/ikf.ac.at\/en\/wp-json\/wp\/v2\/pages\/2462\/revisions\/2465"}],"up":[{"embeddable":true,"href":"https:\/\/ikf.ac.at\/en\/wp-json\/wp\/v2\/pages\/457"}],"wp:attachment":[{"href":"https:\/\/ikf.ac.at\/en\/wp-json\/wp\/v2\/media?parent=2462"}],"curies":[{"name":"wp","href":"https:\/\/api.w.org\/{rel}","templated":true}]}}

<div class="wp-block-atomic-blocks-ab-container alignfull ab-block-container"><div class="ab-container-inside"><div class="ab-container-content"><div id="pl-gb2462-69f23f8bd0bad"  class="panel-layout" ><div id="pg-gb2462-69f23f8bd0bad-0"  class="panel-grid panel-no-style" ><div id="pgc-gb2462-69f23f8bd0bad-0-0"  class="panel-grid-cell" ><div id="panel-gb2462-69f23f8bd0bad-0-0-0" class="so-panel widget widget_media_image panel-first-child panel-last-child" data-index="0" ><img loading="lazy" decoding="async" width="2554" height="10" src="https://ikf.ac.at/wp-content/uploads/2021/01/linie_IKF.jpg" class="image wp-image-754  attachment-full size-full" alt="" style="max-width: 100%; height: auto;" srcset="https://ikf.ac.at/wp-content/uploads/2021/01/linie_IKF.jpg 2554w, https://ikf.ac.at/wp-content/uploads/2021/01/linie_IKF-300x1.jpg 300w, https://ikf.ac.at/wp-content/uploads/2021/01/linie_IKF-1024x4.jpg 1024w, https://ikf.ac.at/wp-content/uploads/2021/01/linie_IKF-768x3.jpg 768w, https://ikf.ac.at/wp-content/uploads/2021/01/linie_IKF-1536x6.jpg 1536w, https://ikf.ac.at/wp-content/uploads/2021/01/linie_IKF-2048x8.jpg 2048w" sizes="auto, (max-width: 2554px) 100vw, 2554px" /></div></div></div></div>


<div style="color:#ddd" class="wp-block-genesis-blocks-gb-spacer gb-block-spacer gb-divider-solid gb-divider-size-1"><hr style="height:30px"/></div>


<div id="pl-gb2462-69f23f8bd13e0"  class="panel-layout" ><div id="pg-gb2462-69f23f8bd13e0-0"  class="panel-grid panel-no-style" ><div id="pgc-gb2462-69f23f8bd13e0-0-0"  class="panel-grid-cell panel-grid-cell-empty" ></div><div id="pgc-gb2462-69f23f8bd13e0-0-1"  class="panel-grid-cell" ><div id="panel-gb2462-69f23f8bd13e0-0-1-0" class="so-panel widget widget_sow-editor panel-first-child panel-last-child" data-index="0" ><div
			
			class="so-widget-sow-editor so-widget-sow-editor-base"
			
		>
<div class="siteorigin-widget-tinymce textwidget">
	<table style="height: 244px; width: 100%; border-collapse: collapse;" border="1" cellpadding="2">
<tbody>
<tr style="height: 24px;">
<td style="width: 15.8421%; height: 24px;">Projektleitung</td>
<td style="height: 24px; width: 84.1578%;" colspan="2"></td>
</tr>
<tr style="height: 24px;">
<td style="width: 15.8421%; height: 24px;">und Durchführung:</td>
<td style="width: 84.1578%; height: 24px;" colspan="2" class="translation-block"><span style="font-size: x-large">Mag. Dr. Brigitte Halbmayr</span></td>
</tr>
<tr style="height: 24px;">
<td style="width: 15.8421%; height: 24px;">
<hr />
</td>
<td style="width: 30.7439%; height: 24px;">
<hr />
</td>
<td style="width: 53.4139%; height: 24px;"></td>
</tr>
<tr style="height: 24px;">
<td style="width: 15.8421%; height: 24px;">Funded by:</td>
<td style="width: 84.1578%; height: 24px;" colspan="2">Open Society Foundations London</td>
</tr>
<tr style="height: 24px;">
<td style="width: 15.8421%; height: 24px;">
<hr />
</td>
<td style="width: 30.7439%; height: 24px;">
<hr />
</td>
<td style="width: 53.4139%; height: 24px;"></td>
</tr>
<tr style="height: 24px;">
<td style="width: 15.8421%; height: 24px;">Completed in:</td>
<td style="height: 24px; width: 84.1578%;" colspan="2">Dezember 2011</td>
</tr>
</tbody>
</table>
</div>
</div></div></div></div></div>


<div style="color:#404168" class="wp-block-genesis-blocks-gb-spacer gb-block-spacer gb-divider-solid gb-spacer-divider gb-divider-size-1"><hr style="height:3px"/></div>



<div style="color:#404168" class="wp-block-genesis-blocks-gb-spacer gb-block-spacer gb-divider-solid gb-divider-size-1"><hr style="height:10px"/></div>


<div id="pl-gb2462-69f23f8bd1aa0"  class="panel-layout" ><div id="pg-gb2462-69f23f8bd1aa0-0"  class="panel-grid panel-no-style" ><div id="pgc-gb2462-69f23f8bd1aa0-0-0"  class="panel-grid-cell panel-grid-cell-empty" ></div><div id="pgc-gb2462-69f23f8bd1aa0-0-1"  class="panel-grid-cell panel-grid-cell-mobile-last" ><div id="panel-gb2462-69f23f8bd1aa0-0-1-0" class="so-panel widget widget_text panel-first-child panel-last-child" data-index="0" >			<div class="textwidget"><p align="justify">Im 2010 durchgeführten Projekt &#8220;Integration and Diversity in Education in Europe&#8221;, kurz IDEE, kooperierten NGOs aus fünf europäischen Ländern (Großbritannien, Österreich, Deutschland, Slowakei, Rumänien). In einem Austauschprozess zwischen marginalisierten Jugendlichen auf der einen Seite und ExpertInnen, Schul- und lokalen Verwaltungsautoritäten sowie PolitikerInnen auf der anderen Seite ging es darum, über die Lebensverhältnisse der Jugendlichen gemeinsam zu reflektieren und mögliche Verbesserungsmaßnahmen zu überlegen. Kernstück des Projekts waren sogenannte &#8220;BürgerInnenforen&#8221;, die allerdings – entsprechend der spezifischen Zielgruppe und der Themenstellung – als Methode einige wesentliche Adaptionen erfuhren.</p>
<p align="justify">Für &#8220;Communities in Dialogue: How to bring People at the Margins into Policy Making&#8221; galt es, die Erfahrungen aus dem IDEE-Projekt – vom IKF wissenschaftlich aufbereitet und in einem Abschlussbericht formuliert – abermals zu reflektieren und zu prüfen, inwieweit das dort angewandte Instrument politischer Partizipation auch auf mögliche andere Themen und Zielgruppen anzuwenden sei. Es werden die Charakteristika von CiD erläutert sowie mögliche Implementierungsformen und weitere Anwendungsgebiete vorgestellt. Wesentlich für das CiD-Format ist ein dreistufiger Prozess: Bewusstseinsbildung bei der Zielgruppe über ihre spezifische Situation und Potenziale (Ziel: Selbstreflexion); andere Personen, die direkt oder indirekt ihre Lebensbedingungen beeinflussen, zu motivieren (Ziel: Austausch); gemeinsam Verbesserungsvorschläge zu entwickeln (Ziel: Änderung). CiD ist für die Arbeit mit unterschiedlichen Zielgruppen (definiert nach Geschlecht, Ethnizität, Profession etc.) und für verschiedene Themenstellungen (Diskriminierung, Erziehung, Wohnverhältnisse, Gesundheitsvorsorge, Mehrgenerationenkonflikte etc.) anwendbar.</p>
</div>
		</div></div><div id="pgc-gb2462-69f23f8bd1aa0-0-2"  class="panel-grid-cell panel-grid-cell-empty" ></div></div></div>


<div style="color:#333" class="wp-block-genesis-blocks-gb-spacer gb-block-spacer gb-divider-solid gb-spacer-divider gb-divider-size-1"><hr style="height:100px"/></div>
</div></div></div>
