{"id":2457,"date":"2021-04-07T10:26:38","date_gmt":"2021-04-07T10:26:38","guid":{"rendered":"http:\/\/test-ikf.online\/?page_id=2457"},"modified":"2021-07-01T10:58:19","modified_gmt":"2021-07-01T10:58:19","slug":"2011-integrationsimpulse-schwarzatal","status":"publish","type":"page","link":"https:\/\/ikf.ac.at\/en\/schwerpunkte\/cleavages\/integration-migration\/2011-integrationsimpulse-schwarzatal","title":{"rendered":"2011: Integrationsimpulse Schwarzatal"},"content":{"rendered":"<div class=\"wp-block-atomic-blocks-ab-container alignfull ab-block-container\"><div class=\"ab-container-inside\"><div class=\"ab-container-content\"><div id=\"pl-gb2457-69f24013ea2d4\"  class=\"panel-layout\" ><div id=\"pg-gb2457-69f24013ea2d4-0\"  class=\"panel-grid panel-no-style\" ><div id=\"pgc-gb2457-69f24013ea2d4-0-0\"  class=\"panel-grid-cell\" ><div id=\"panel-gb2457-69f24013ea2d4-0-0-0\" class=\"so-panel widget widget_media_image panel-first-child panel-last-child\" data-index=\"0\" ><img loading=\"lazy\" decoding=\"async\" width=\"2554\" height=\"10\" src=\"https:\/\/ikf.ac.at\/wp-content\/uploads\/2021\/01\/linie_IKF.jpg\" class=\"image wp-image-754  attachment-full size-full\" alt=\"\" style=\"max-width: 100%; height: auto;\" srcset=\"https:\/\/ikf.ac.at\/wp-content\/uploads\/2021\/01\/linie_IKF.jpg 2554w, https:\/\/ikf.ac.at\/wp-content\/uploads\/2021\/01\/linie_IKF-300x1.jpg 300w, https:\/\/ikf.ac.at\/wp-content\/uploads\/2021\/01\/linie_IKF-1024x4.jpg 1024w, https:\/\/ikf.ac.at\/wp-content\/uploads\/2021\/01\/linie_IKF-768x3.jpg 768w, https:\/\/ikf.ac.at\/wp-content\/uploads\/2021\/01\/linie_IKF-1536x6.jpg 1536w, https:\/\/ikf.ac.at\/wp-content\/uploads\/2021\/01\/linie_IKF-2048x8.jpg 2048w\" sizes=\"auto, (max-width: 2554px) 100vw, 2554px\" \/><\/div><\/div><\/div><\/div>\n\n\n<div style=\"color:#ddd\" class=\"wp-block-genesis-blocks-gb-spacer gb-block-spacer gb-divider-solid gb-divider-size-1\"><hr style=\"height:18px\"\/><\/div>\n\n\n<div id=\"pl-gb2457-69f24013ea7fa\"  class=\"panel-layout\" ><div id=\"pg-gb2457-69f24013ea7fa-0\"  class=\"panel-grid panel-no-style\" ><div id=\"pgc-gb2457-69f24013ea7fa-0-0\"  class=\"panel-grid-cell panel-grid-cell-empty\" ><\/div><div id=\"pgc-gb2457-69f24013ea7fa-0-1\"  class=\"panel-grid-cell\" ><div id=\"panel-gb2457-69f24013ea7fa-0-1-0\" class=\"so-panel widget widget_sow-editor panel-first-child panel-last-child\" data-index=\"0\" ><div\n\t\t\t\n\t\t\tclass=\"so-widget-sow-editor so-widget-sow-editor-base\"\n\t\t\t\n\t\t>\n<div class=\"siteorigin-widget-tinymce textwidget\">\n\t<table style=\"height: 100px; width: 100%; border-collapse: collapse;\" border=\"1\" cellpadding=\"2\">\n<tbody>\n<tr style=\"height: 24px;\">\n<td style=\"width: 16.8961%; height: 24px;\">Projektleitung<\/td>\n<td style=\"height: 24px; width: 83.1038%;\" colspan=\"2\"><\/td>\n<\/tr>\n<tr>\n<td style=\"width: 16.8961%;\">und Durchf\u00fchrung:<\/td>\n<td style=\"width: 83.1038%;\" colspan=\"2\">Mag. Franjo Steiner (Interkulturelles Zentrum, Wien)<\/td>\n<\/tr>\n<tr>\n<td style=\"width: 16.8961%;\">\n<hr \/>\n<\/td>\n<td style=\"width: 39.769%;\">\n<hr \/>\n<\/td>\n<td style=\"width: 43.3348%; height: 24px;\"><\/td>\n<\/tr>\n<tr>\n<td style=\"width: 16.8961%;\">ProjektpartnerInnen:<\/td>\n<td style=\"width: 83.1038%;\" colspan=\"2\">&#8220;ARGE Integrationsberatung&#8221;, bestehend aus:<br \/>\nLeo Baumfeld (\u00d6AR-Regionalberatung GmbH, Wien)<br \/>\nMag. Dr. Stefanie Mayer<sup>a<\/sup> Dr.<sup>in<\/sup> Karin Bischof (Institut f\u00fcr Konfliktforschung)<br \/>\nMag. Franjo Steiner (Interkulturelles Zentrum, Wien)<\/td>\n<\/tr>\n<tr>\n<td style=\"width: 16.8961%;\">\n<hr \/>\n<\/td>\n<td style=\"width: 39.769%;\">\n<hr \/>\n<\/td>\n<td style=\"width: 43.3348%;\"><\/td>\n<\/tr>\n<tr>\n<td style=\"width: 16.8961%;\">Funded by:<\/td>\n<td style=\"width: 83.1038%;\" colspan=\"2\">Gemeinden Ternitz, Wimpassing und Neunkirchen<br \/>\nLandesregierung Nieder\u00f6sterreich<\/td>\n<\/tr>\n<tr>\n<td style=\"width: 16.8961%;\">\n<hr \/>\n<\/td>\n<td style=\"width: 39.769%;\">\n<hr \/>\n<\/td>\n<td style=\"width: 43.3348%; height: 24px;\"><\/td>\n<\/tr>\n<tr>\n<td style=\"width: 16.8961%;\">Completed in:<\/td>\n<td style=\"width: 39.769%;\">November 2011<\/td>\n<td style=\"width: 43.3348%;\"><\/td>\n<\/tr>\n<\/tbody>\n<\/table>\n<\/div>\n<\/div><\/div><\/div><\/div><\/div>\n\n\n<div style=\"color:#404168\" class=\"wp-block-genesis-blocks-gb-spacer gb-block-spacer gb-divider-solid gb-spacer-divider gb-divider-size-1\"><hr style=\"height:3px\"\/><\/div>\n\n\n\n<div style=\"color:#404168\" class=\"wp-block-genesis-blocks-gb-spacer gb-block-spacer gb-divider-solid gb-divider-size-1\"><hr style=\"height:10px\"\/><\/div>\n\n\n<div id=\"pl-gb2457-69f24013eacba\"  class=\"panel-layout\" ><div id=\"pg-gb2457-69f24013eacba-0\"  class=\"panel-grid panel-no-style\" ><div id=\"pgc-gb2457-69f24013eacba-0-0\"  class=\"panel-grid-cell panel-grid-cell-empty\" ><\/div><div id=\"pgc-gb2457-69f24013eacba-0-1\"  class=\"panel-grid-cell panel-grid-cell-mobile-last\" ><div id=\"panel-gb2457-69f24013eacba-0-1-0\" class=\"so-panel widget widget_text panel-first-child panel-last-child\" data-index=\"0\" >\t\t\t<div class=\"textwidget\"><p align=\"justify\">Ziel des Projektes &#8220;Integrationsimpulse Schwarzatal&#8221;, an dem sich insgesamt acht Gemeinden aus dem Schwarzatal beteiligten, war es, m\u00f6glichst konkrete regionale Ansatzpunkte f\u00fcr Integrationsma\u00dfnahmen zu finden, die<\/p>\n<ol>\n<li>sich im Rahmen der Gemeindegespr\u00e4che (&#8220;Sozialraumbegehung&#8221;) als besonders virulent erwiesen;<\/li>\n<li>gemeinsame Problemlagen und Herausforderungen mehrerer Gemeinden, wie sie aus den Gemeindegespr\u00e4chen und den<br \/>\nErhebungen hervorgehen, behandeln;<\/li>\n<li>an vorhandene Ressourcen, Handlungsspielr\u00e4ume, Erfahrungen und vorhandene Bereitschaft zum Engagement ankn\u00fcpfen,<br \/>\nwie sie (u.a.) aus den Gemeindegespr\u00e4chen und den Ergebnissen der Erhebungen hervorgehen;<\/li>\n<li>Synergieeffekte in der Region nutzen.<\/li>\n<\/ol>\n<p align=\"justify\">Datenerhebungen in den Gemeinden sowie ein &#8220;Selbstcheck&#8221; bildeten die Basis f\u00fcr eine erste Sondierung und Identifizierung von neuralgischen Punkten. Eine genauere Erfassung sinnvoller und konkreter Ankn\u00fcpfungspunkte f\u00fcr zuk\u00fcnftige Ma\u00dfnahmen nach Ma\u00dfgabe der oben genannten Punkte fand erst im Rahmen der Gemeindegespr\u00e4che vor Ort statt, unter Einbeziehung m\u00f6glichst vieler Perspektiven von Personen, die im Praxisfeld angesiedelt waren.<\/p>\n<p align=\"justify\">Im Laufe dieses Prozesses wurde \u2013 unter ma\u00dfgeblicher Beteiligung der damit befassten AkteurInnen \u2013 f\u00fcr die Handlungsfelder Wohnen, Jugend, Soziales und Bildung jeweils eine konkrete Ma\u00dfnahme detailliert entwickelt und in mittel- und l\u00e4ngerfristiger Perspektive ausgearbeitet. Die Ma\u00dfnahmen umfassen z. B. ein von drei Gemeinden entwickeltes Konzept f\u00fcr ein Jugendzentrum inklusive Schaffung eines Arbeitsplatzes ebendort \u2013 &#8220;Arbeitgeberzusammenschluss&#8221; dreier Gemeinden), eine regionale Informations- und Imagekampagne zu Bedeutung und Vorteilen von Mehrsprachigkeit und Sprachf\u00f6rderung, die Einrichtung eines regionalen Wohnforums und den Aufbau eines regionalen &#8220;Integrations-Kompetenz-Systems&#8221;.<\/p>\n<\/div>\n\t\t<\/div><\/div><div id=\"pgc-gb2457-69f24013eacba-0-2\"  class=\"panel-grid-cell panel-grid-cell-empty\" ><\/div><\/div><\/div>\n\n\n<div style=\"color:#333\" class=\"wp-block-genesis-blocks-gb-spacer gb-block-spacer gb-divider-solid gb-spacer-divider gb-divider-size-1\"><hr style=\"height:100px\"\/><\/div>\n<\/div><\/div><\/div>","protected":false},"excerpt":{"rendered":"","protected":false},"author":2,"featured_media":0,"parent":457,"menu_order":26,"comment_status":"closed","ping_status":"closed","template":"","meta":{"footnotes":""},"class_list":["post-2457","page","type-page","status-publish","hentry","post"],"featured_image_src":null,"featured_image_src_square":null,"_links":{"self":[{"href":"https:\/\/ikf.ac.at\/en\/wp-json\/wp\/v2\/pages\/2457","targetHints":{"allow":["GET"]}}],"collection":[{"href":"https:\/\/ikf.ac.at\/en\/wp-json\/wp\/v2\/pages"}],"about":[{"href":"https:\/\/ikf.ac.at\/en\/wp-json\/wp\/v2\/types\/page"}],"author":[{"embeddable":true,"href":"https:\/\/ikf.ac.at\/en\/wp-json\/wp\/v2\/users\/2"}],"replies":[{"embeddable":true,"href":"https:\/\/ikf.ac.at\/en\/wp-json\/wp\/v2\/comments?post=2457"}],"version-history":[{"count":8,"href":"https:\/\/ikf.ac.at\/en\/wp-json\/wp\/v2\/pages\/2457\/revisions"}],"predecessor-version":[{"id":3142,"href":"https:\/\/ikf.ac.at\/en\/wp-json\/wp\/v2\/pages\/2457\/revisions\/3142"}],"up":[{"embeddable":true,"href":"https:\/\/ikf.ac.at\/en\/wp-json\/wp\/v2\/pages\/457"}],"wp:attachment":[{"href":"https:\/\/ikf.ac.at\/en\/wp-json\/wp\/v2\/media?parent=2457"}],"curies":[{"name":"wp","href":"https:\/\/api.w.org\/{rel}","templated":true}]}}

<div class="wp-block-atomic-blocks-ab-container alignfull ab-block-container"><div class="ab-container-inside"><div class="ab-container-content"><div id="pl-gb2457-69f24013ea2d4"  class="panel-layout" ><div id="pg-gb2457-69f24013ea2d4-0"  class="panel-grid panel-no-style" ><div id="pgc-gb2457-69f24013ea2d4-0-0"  class="panel-grid-cell" ><div id="panel-gb2457-69f24013ea2d4-0-0-0" class="so-panel widget widget_media_image panel-first-child panel-last-child" data-index="0" ><img loading="lazy" decoding="async" width="2554" height="10" src="https://ikf.ac.at/wp-content/uploads/2021/01/linie_IKF.jpg" class="image wp-image-754  attachment-full size-full" alt="" style="max-width: 100%; height: auto;" srcset="https://ikf.ac.at/wp-content/uploads/2021/01/linie_IKF.jpg 2554w, https://ikf.ac.at/wp-content/uploads/2021/01/linie_IKF-300x1.jpg 300w, https://ikf.ac.at/wp-content/uploads/2021/01/linie_IKF-1024x4.jpg 1024w, https://ikf.ac.at/wp-content/uploads/2021/01/linie_IKF-768x3.jpg 768w, https://ikf.ac.at/wp-content/uploads/2021/01/linie_IKF-1536x6.jpg 1536w, https://ikf.ac.at/wp-content/uploads/2021/01/linie_IKF-2048x8.jpg 2048w" sizes="auto, (max-width: 2554px) 100vw, 2554px" /></div></div></div></div>


<div style="color:#ddd" class="wp-block-genesis-blocks-gb-spacer gb-block-spacer gb-divider-solid gb-divider-size-1"><hr style="height:18px"/></div>


<div id="pl-gb2457-69f24013ea7fa"  class="panel-layout" ><div id="pg-gb2457-69f24013ea7fa-0"  class="panel-grid panel-no-style" ><div id="pgc-gb2457-69f24013ea7fa-0-0"  class="panel-grid-cell panel-grid-cell-empty" ></div><div id="pgc-gb2457-69f24013ea7fa-0-1"  class="panel-grid-cell" ><div id="panel-gb2457-69f24013ea7fa-0-1-0" class="so-panel widget widget_sow-editor panel-first-child panel-last-child" data-index="0" ><div
			
			class="so-widget-sow-editor so-widget-sow-editor-base"
			
		>
<div class="siteorigin-widget-tinymce textwidget">
	<table style="height: 100px; width: 100%; border-collapse: collapse;" border="1" cellpadding="2">
<tbody>
<tr style="height: 24px;">
<td style="width: 16.8961%; height: 24px;">Projektleitung</td>
<td style="height: 24px; width: 83.1038%;" colspan="2"></td>
</tr>
<tr>
<td style="width: 16.8961%;">und Durchführung:</td>
<td style="width: 83.1038%;" colspan="2">Mag. Franjo Steiner (Interkulturelles Zentrum, Wien)</td>
</tr>
<tr>
<td style="width: 16.8961%;">
<hr />
</td>
<td style="width: 39.769%;">
<hr />
</td>
<td style="width: 43.3348%; height: 24px;"></td>
</tr>
<tr>
<td style="width: 16.8961%;">ProjektpartnerInnen:</td>
<td style="width: 83.1038%;" colspan="2">&#8220;ARGE Integrationsberatung&#8221;, bestehend aus:<br />
Leo Baumfeld (ÖAR-Regionalberatung GmbH, Wien)<br />
Mag. Dr. Stefanie Mayer<sup>a</sup> Dr.<sup>in</sup> Karin Bischof (Institut für Konfliktforschung)<br />
Mag. Franjo Steiner (Interkulturelles Zentrum, Wien)</td>
</tr>
<tr>
<td style="width: 16.8961%;">
<hr />
</td>
<td style="width: 39.769%;">
<hr />
</td>
<td style="width: 43.3348%;"></td>
</tr>
<tr>
<td style="width: 16.8961%;">Funded by:</td>
<td style="width: 83.1038%;" colspan="2">Gemeinden Ternitz, Wimpassing und Neunkirchen<br />
Landesregierung Niederösterreich</td>
</tr>
<tr>
<td style="width: 16.8961%;">
<hr />
</td>
<td style="width: 39.769%;">
<hr />
</td>
<td style="width: 43.3348%; height: 24px;"></td>
</tr>
<tr>
<td style="width: 16.8961%;">Completed in:</td>
<td style="width: 39.769%;">November 2011</td>
<td style="width: 43.3348%;"></td>
</tr>
</tbody>
</table>
</div>
</div></div></div></div></div>


<div style="color:#404168" class="wp-block-genesis-blocks-gb-spacer gb-block-spacer gb-divider-solid gb-spacer-divider gb-divider-size-1"><hr style="height:3px"/></div>



<div style="color:#404168" class="wp-block-genesis-blocks-gb-spacer gb-block-spacer gb-divider-solid gb-divider-size-1"><hr style="height:10px"/></div>


<div id="pl-gb2457-69f24013eacba"  class="panel-layout" ><div id="pg-gb2457-69f24013eacba-0"  class="panel-grid panel-no-style" ><div id="pgc-gb2457-69f24013eacba-0-0"  class="panel-grid-cell panel-grid-cell-empty" ></div><div id="pgc-gb2457-69f24013eacba-0-1"  class="panel-grid-cell panel-grid-cell-mobile-last" ><div id="panel-gb2457-69f24013eacba-0-1-0" class="so-panel widget widget_text panel-first-child panel-last-child" data-index="0" >			<div class="textwidget"><p align="justify">Ziel des Projektes &#8220;Integrationsimpulse Schwarzatal&#8221;, an dem sich insgesamt acht Gemeinden aus dem Schwarzatal beteiligten, war es, möglichst konkrete regionale Ansatzpunkte für Integrationsmaßnahmen zu finden, die</p>
<ol>
<li>sich im Rahmen der Gemeindegespräche (&#8220;Sozialraumbegehung&#8221;) als besonders virulent erwiesen;</li>
<li>gemeinsame Problemlagen und Herausforderungen mehrerer Gemeinden, wie sie aus den Gemeindegesprächen und den<br />
Erhebungen hervorgehen, behandeln;</li>
<li>an vorhandene Ressourcen, Handlungsspielräume, Erfahrungen und vorhandene Bereitschaft zum Engagement anknüpfen,<br />
wie sie (u.a.) aus den Gemeindegesprächen und den Ergebnissen der Erhebungen hervorgehen;</li>
<li>Synergieeffekte in der Region nutzen.</li>
</ol>
<p align="justify">Datenerhebungen in den Gemeinden sowie ein &#8220;Selbstcheck&#8221; bildeten die Basis für eine erste Sondierung und Identifizierung von neuralgischen Punkten. Eine genauere Erfassung sinnvoller und konkreter Anknüpfungspunkte für zukünftige Maßnahmen nach Maßgabe der oben genannten Punkte fand erst im Rahmen der Gemeindegespräche vor Ort statt, unter Einbeziehung möglichst vieler Perspektiven von Personen, die im Praxisfeld angesiedelt waren.</p>
<p align="justify">Im Laufe dieses Prozesses wurde – unter maßgeblicher Beteiligung der damit befassten AkteurInnen – für die Handlungsfelder Wohnen, Jugend, Soziales und Bildung jeweils eine konkrete Maßnahme detailliert entwickelt und in mittel- und längerfristiger Perspektive ausgearbeitet. Die Maßnahmen umfassen z. B. ein von drei Gemeinden entwickeltes Konzept für ein Jugendzentrum inklusive Schaffung eines Arbeitsplatzes ebendort – &#8220;Arbeitgeberzusammenschluss&#8221; dreier Gemeinden), eine regionale Informations- und Imagekampagne zu Bedeutung und Vorteilen von Mehrsprachigkeit und Sprachförderung, die Einrichtung eines regionalen Wohnforums und den Aufbau eines regionalen &#8220;Integrations-Kompetenz-Systems&#8221;.</p>
</div>
		</div></div><div id="pgc-gb2457-69f24013eacba-0-2"  class="panel-grid-cell panel-grid-cell-empty" ></div></div></div>


<div style="color:#333" class="wp-block-genesis-blocks-gb-spacer gb-block-spacer gb-divider-solid gb-spacer-divider gb-divider-size-1"><hr style="height:100px"/></div>
</div></div></div>
