{"id":2420,"date":"2021-03-30T12:07:26","date_gmt":"2021-03-30T12:07:26","guid":{"rendered":"http:\/\/test-ikf.online\/?page_id=2420"},"modified":"2021-10-28T07:55:33","modified_gmt":"2021-10-28T07:55:33","slug":"meine-mama-war-widerstandskaempferin","status":"publish","type":"page","link":"https:\/\/ikf.ac.at\/en\/publikationen\/meine-mama-war-widerstandskaempferin","title":{"rendered":"Meine Mama war Widerstandsk\u00e4mpferin"},"content":{"rendered":"<div class=\"wp-block-atomic-blocks-ab-container alignfull ab-block-container\"><div class=\"ab-container-inside\"><div class=\"ab-container-content\"><div id=\"pl-gb2420-69f2f96b6ad32\"  class=\"panel-layout\" ><div id=\"pg-gb2420-69f2f96b6ad32-0\"  class=\"panel-grid panel-no-style\" ><div id=\"pgc-gb2420-69f2f96b6ad32-0-0\"  class=\"panel-grid-cell\" ><div id=\"panel-gb2420-69f2f96b6ad32-0-0-0\" class=\"so-panel widget widget_media_image panel-first-child panel-last-child\" data-index=\"0\" ><img loading=\"lazy\" decoding=\"async\" width=\"2554\" height=\"10\" src=\"https:\/\/ikf.ac.at\/wp-content\/uploads\/2021\/01\/linie_IKF.jpg\" class=\"image wp-image-754  attachment-full size-full\" alt=\"\" style=\"max-width: 100%; height: auto;\" srcset=\"https:\/\/ikf.ac.at\/wp-content\/uploads\/2021\/01\/linie_IKF.jpg 2554w, https:\/\/ikf.ac.at\/wp-content\/uploads\/2021\/01\/linie_IKF-300x1.jpg 300w, https:\/\/ikf.ac.at\/wp-content\/uploads\/2021\/01\/linie_IKF-1024x4.jpg 1024w, https:\/\/ikf.ac.at\/wp-content\/uploads\/2021\/01\/linie_IKF-768x3.jpg 768w, https:\/\/ikf.ac.at\/wp-content\/uploads\/2021\/01\/linie_IKF-1536x6.jpg 1536w, https:\/\/ikf.ac.at\/wp-content\/uploads\/2021\/01\/linie_IKF-2048x8.jpg 2048w\" sizes=\"auto, (max-width: 2554px) 100vw, 2554px\" \/><\/div><\/div><\/div><\/div>\n\n\n<div style=\"color:#ddd\" class=\"wp-block-genesis-blocks-gb-spacer gb-block-spacer gb-divider-solid gb-divider-size-1\"><hr style=\"height:30px\"\/><\/div>\n\n\n<div id=\"pl-gb2420-69f2f96b6b268\"  class=\"panel-layout\" ><div id=\"pg-gb2420-69f2f96b6b268-0\"  class=\"panel-grid panel-no-style\" ><div id=\"pgc-gb2420-69f2f96b6b268-0-0\"  class=\"panel-grid-cell panel-grid-cell-empty\" ><\/div><div id=\"pgc-gb2420-69f2f96b6b268-0-1\"  class=\"panel-grid-cell\" ><div id=\"panel-gb2420-69f2f96b6b268-0-1-0\" class=\"so-panel widget widget_media_image panel-first-child panel-last-child\" data-index=\"0\" ><img loading=\"lazy\" decoding=\"async\" width=\"200\" height=\"311\" src=\"https:\/\/ikf.ac.at\/wp-content\/uploads\/2021\/03\/Cover_Mama_Widerstandskaempferin.jpg\" class=\"image wp-image-2421  attachment-200x311 size-200x311\" alt=\"\" style=\"max-width: 100%; height: auto;\" srcset=\"https:\/\/ikf.ac.at\/wp-content\/uploads\/2021\/03\/Cover_Mama_Widerstandskaempferin.jpg 360w, https:\/\/ikf.ac.at\/wp-content\/uploads\/2021\/03\/Cover_Mama_Widerstandskaempferin-193x300.jpg 193w\" sizes=\"auto, (max-width: 200px) 100vw, 200px\" \/><\/div><\/div><div id=\"pgc-gb2420-69f2f96b6b268-0-2\"  class=\"panel-grid-cell\" ><div id=\"panel-gb2420-69f2f96b6b268-0-2-0\" class=\"so-panel widget widget_sow-editor panel-first-child panel-last-child\" data-index=\"1\" ><div\n\t\t\t\n\t\t\tclass=\"so-widget-sow-editor so-widget-sow-editor-base\"\n\t\t\t\n\t\t>\n<div class=\"siteorigin-widget-tinymce textwidget\">\n\t<p align=\"justify\"><b>Helga Amesberger, Brigitte Halbmayr und Simon Clemens<\/b><\/p>\n<p><strong><span style=\"font-size: x-large;\">Meine Mama war Widerstandsk\u00e4mpferin<\/span><br \/>\nNetzwerke des Widerstands und dessen Bedeutung f\u00fcr die n\u00e4chste Generation<\/strong><\/p>\n<p align=\"justify\">Junge Frauen im Widerstand werden nach der Niederschlagung des Nationalsozialismus zu M\u00fcttern, die eine neue Generation pr\u00e4gen: Welchen Beitrag zur Demokratisierung haben sie geleistet?<\/p>\n<p align=\"justify\">Der organisierte Widerstand gegen den Nationalsozialismus wird zumeist m\u00e4nnlich gedacht \u2013 doch auch Frauen bet\u00e4tigten sich: Sie waren nicht unpolitisch und passiv, ihr Widerstand war nicht auf den humanit\u00e4ren Bereich beschr\u00e4nkt. Wer waren diese Frauen? Wie waren sie organisiert? Eindrucksvoll legen die Autorinnen und der Autor anhand von Einzelschicksalen dar, in welche Netzwerke diese Frauen eingebunden waren und wie ihr Widerstand aussah.<\/p>\n<p align=\"justify\">In konsequenter Folge wird auch das Weiterwirken untersucht: In Interviews mit S\u00f6hnen und T\u00f6chtern der Widerstandsk\u00e4mpferinnen werden nicht nur die Auswirkungen der Widerstandst\u00e4tigkeit auf Mutter und Familie, sondern auch die innerfamili\u00e4re Tradierung von Narrativen sowie politischem Bewusstsein ergr\u00fcndet.<\/p>\n<p>zur\u00a0<a href=\"http:\/\/www.picus.at\/produkt\/meine-mama-war-widerstandskaempferin\/\">Bestellung<\/a>\u00a0(Picus Verlag)<\/p>\n<\/div>\n<\/div><\/div><\/div><\/div><\/div>\n\n\n<div style=\"color:#333\" class=\"wp-block-genesis-blocks-gb-spacer gb-block-spacer gb-divider-solid gb-spacer-divider gb-divider-size-1\"><hr style=\"height:100px\"\/><\/div>\n<\/div><\/div><\/div>","protected":false},"excerpt":{"rendered":"","protected":false},"author":2,"featured_media":0,"parent":2874,"menu_order":0,"comment_status":"closed","ping_status":"closed","template":"","meta":{"footnotes":""},"class_list":["post-2420","page","type-page","status-publish","hentry","post"],"featured_image_src":null,"featured_image_src_square":null,"_links":{"self":[{"href":"https:\/\/ikf.ac.at\/en\/wp-json\/wp\/v2\/pages\/2420","targetHints":{"allow":["GET"]}}],"collection":[{"href":"https:\/\/ikf.ac.at\/en\/wp-json\/wp\/v2\/pages"}],"about":[{"href":"https:\/\/ikf.ac.at\/en\/wp-json\/wp\/v2\/types\/page"}],"author":[{"embeddable":true,"href":"https:\/\/ikf.ac.at\/en\/wp-json\/wp\/v2\/users\/2"}],"replies":[{"embeddable":true,"href":"https:\/\/ikf.ac.at\/en\/wp-json\/wp\/v2\/comments?post=2420"}],"version-history":[{"count":14,"href":"https:\/\/ikf.ac.at\/en\/wp-json\/wp\/v2\/pages\/2420\/revisions"}],"predecessor-version":[{"id":3527,"href":"https:\/\/ikf.ac.at\/en\/wp-json\/wp\/v2\/pages\/2420\/revisions\/3527"}],"up":[{"embeddable":true,"href":"https:\/\/ikf.ac.at\/en\/wp-json\/wp\/v2\/pages\/2874"}],"wp:attachment":[{"href":"https:\/\/ikf.ac.at\/en\/wp-json\/wp\/v2\/media?parent=2420"}],"curies":[{"name":"wp","href":"https:\/\/api.w.org\/{rel}","templated":true}]}}

Meine Mama war Widerstandskämpferin

<div class="wp-block-atomic-blocks-ab-container alignfull ab-block-container"><div class="ab-container-inside"><div class="ab-container-content"><div id="pl-gb2420-69f2f96b6ad32"  class="panel-layout" ><div id="pg-gb2420-69f2f96b6ad32-0"  class="panel-grid panel-no-style" ><div id="pgc-gb2420-69f2f96b6ad32-0-0"  class="panel-grid-cell" ><div id="panel-gb2420-69f2f96b6ad32-0-0-0" class="so-panel widget widget_media_image panel-first-child panel-last-child" data-index="0" ><img loading="lazy" decoding="async" width="2554" height="10" src="https://ikf.ac.at/wp-content/uploads/2021/01/linie_IKF.jpg" class="image wp-image-754  attachment-full size-full" alt="" style="max-width: 100%; height: auto;" srcset="https://ikf.ac.at/wp-content/uploads/2021/01/linie_IKF.jpg 2554w, https://ikf.ac.at/wp-content/uploads/2021/01/linie_IKF-300x1.jpg 300w, https://ikf.ac.at/wp-content/uploads/2021/01/linie_IKF-1024x4.jpg 1024w, https://ikf.ac.at/wp-content/uploads/2021/01/linie_IKF-768x3.jpg 768w, https://ikf.ac.at/wp-content/uploads/2021/01/linie_IKF-1536x6.jpg 1536w, https://ikf.ac.at/wp-content/uploads/2021/01/linie_IKF-2048x8.jpg 2048w" sizes="auto, (max-width: 2554px) 100vw, 2554px" /></div></div></div></div>


<div style="color:#ddd" class="wp-block-genesis-blocks-gb-spacer gb-block-spacer gb-divider-solid gb-divider-size-1"><hr style="height:30px"/></div>


<div id="pl-gb2420-69f2f96b6b268"  class="panel-layout" ><div id="pg-gb2420-69f2f96b6b268-0"  class="panel-grid panel-no-style" ><div id="pgc-gb2420-69f2f96b6b268-0-0"  class="panel-grid-cell panel-grid-cell-empty" ></div><div id="pgc-gb2420-69f2f96b6b268-0-1"  class="panel-grid-cell" ><div id="panel-gb2420-69f2f96b6b268-0-1-0" class="so-panel widget widget_media_image panel-first-child panel-last-child" data-index="0" ><img loading="lazy" decoding="async" width="200" height="311" src="https://ikf.ac.at/wp-content/uploads/2021/03/Cover_Mama_Widerstandskaempferin.jpg" class="image wp-image-2421  attachment-200x311 size-200x311" alt="" style="max-width: 100%; height: auto;" srcset="https://ikf.ac.at/wp-content/uploads/2021/03/Cover_Mama_Widerstandskaempferin.jpg 360w, https://ikf.ac.at/wp-content/uploads/2021/03/Cover_Mama_Widerstandskaempferin-193x300.jpg 193w" sizes="auto, (max-width: 200px) 100vw, 200px" /></div></div><div id="pgc-gb2420-69f2f96b6b268-0-2"  class="panel-grid-cell" ><div id="panel-gb2420-69f2f96b6b268-0-2-0" class="so-panel widget widget_sow-editor panel-first-child panel-last-child" data-index="1" ><div
			
			class="so-widget-sow-editor so-widget-sow-editor-base"
			
		>
<div class="siteorigin-widget-tinymce textwidget">
	<p align="justify"><b>Helga Amesberger, Brigitte Halbmayr und Simon Clemens</b></p>
<p><strong><span style="font-size: x-large;">Meine Mama war Widerstandskämpferin</span><br />
Netzwerke des Widerstands und dessen Bedeutung für die nächste Generation</strong></p>
<p align="justify">Junge Frauen im Widerstand werden nach der Niederschlagung des Nationalsozialismus zu Müttern, die eine neue Generation prägen: Welchen Beitrag zur Demokratisierung haben sie geleistet?</p>
<p align="justify">Der organisierte Widerstand gegen den Nationalsozialismus wird zumeist männlich gedacht – doch auch Frauen betätigten sich: Sie waren nicht unpolitisch und passiv, ihr Widerstand war nicht auf den humanitären Bereich beschränkt. Wer waren diese Frauen? Wie waren sie organisiert? Eindrucksvoll legen die Autorinnen und der Autor anhand von Einzelschicksalen dar, in welche Netzwerke diese Frauen eingebunden waren und wie ihr Widerstand aussah.</p>
<p align="justify">In konsequenter Folge wird auch das Weiterwirken untersucht: In Interviews mit Söhnen und Töchtern der Widerstandskämpferinnen werden nicht nur die Auswirkungen der Widerstandstätigkeit auf Mutter und Familie, sondern auch die innerfamiliäre Tradierung von Narrativen sowie politischem Bewusstsein ergründet.</p>
<p>zur <a href="http://www.picus.at/produkt/meine-mama-war-widerstandskaempferin/">Bestellung</a> (Picus Verlag)</p>
</div>
</div></div></div></div></div>


<div style="color:#333" class="wp-block-genesis-blocks-gb-spacer gb-block-spacer gb-divider-solid gb-spacer-divider gb-divider-size-1"><hr style="height:100px"/></div>
</div></div></div>
