{"id":2379,"date":"2021-03-30T09:07:55","date_gmt":"2021-03-30T09:07:55","guid":{"rendered":"http:\/\/test-ikf.online\/?page_id=2379"},"modified":"2021-03-30T09:08:25","modified_gmt":"2021-03-30T09:08:25","slug":"1997-forschungsdokumentation-fremdenfeindlichkeit-in-oesterreich","status":"publish","type":"page","link":"https:\/\/ikf.ac.at\/en\/schwerpunkte\/cleavages\/antisemitismus\/1997-forschungsdokumentation-fremdenfeindlichkeit-in-oesterreich","title":{"rendered":"1997: Forschungsdokumentation zum Thema Fremdenfeindlichkeit in \u00d6sterreich"},"content":{"rendered":"<div class=\"wp-block-atomic-blocks-ab-container alignfull ab-block-container\"><div class=\"ab-container-inside\"><div class=\"ab-container-content\"><div id=\"pl-gb2379-69f0ec103912f\"  class=\"panel-layout\" ><div id=\"pg-gb2379-69f0ec103912f-0\"  class=\"panel-grid panel-no-style\" ><div id=\"pgc-gb2379-69f0ec103912f-0-0\"  class=\"panel-grid-cell\" ><div id=\"panel-gb2379-69f0ec103912f-0-0-0\" class=\"so-panel widget widget_media_image panel-first-child panel-last-child\" data-index=\"0\" ><img loading=\"lazy\" decoding=\"async\" width=\"2554\" height=\"10\" src=\"https:\/\/ikf.ac.at\/wp-content\/uploads\/2021\/01\/linie_IKF.jpg\" class=\"image wp-image-754  attachment-full size-full\" alt=\"\" style=\"max-width: 100%; height: auto;\" srcset=\"https:\/\/ikf.ac.at\/wp-content\/uploads\/2021\/01\/linie_IKF.jpg 2554w, https:\/\/ikf.ac.at\/wp-content\/uploads\/2021\/01\/linie_IKF-300x1.jpg 300w, https:\/\/ikf.ac.at\/wp-content\/uploads\/2021\/01\/linie_IKF-1024x4.jpg 1024w, https:\/\/ikf.ac.at\/wp-content\/uploads\/2021\/01\/linie_IKF-768x3.jpg 768w, https:\/\/ikf.ac.at\/wp-content\/uploads\/2021\/01\/linie_IKF-1536x6.jpg 1536w, https:\/\/ikf.ac.at\/wp-content\/uploads\/2021\/01\/linie_IKF-2048x8.jpg 2048w\" sizes=\"auto, (max-width: 2554px) 100vw, 2554px\" \/><\/div><\/div><\/div><\/div>\n\n\n<div style=\"color:#ddd\" class=\"wp-block-genesis-blocks-gb-spacer gb-block-spacer gb-divider-solid gb-divider-size-1\"><hr style=\"height:30px\"\/><\/div>\n\n\n<div id=\"pl-gb2379-69f0ec103993e\"  class=\"panel-layout\" ><div id=\"pg-gb2379-69f0ec103993e-0\"  class=\"panel-grid panel-no-style\" ><div id=\"pgc-gb2379-69f0ec103993e-0-0\"  class=\"panel-grid-cell panel-grid-cell-empty\" ><\/div><div id=\"pgc-gb2379-69f0ec103993e-0-1\"  class=\"panel-grid-cell\" ><div id=\"panel-gb2379-69f0ec103993e-0-1-0\" class=\"so-panel widget widget_sow-editor panel-first-child panel-last-child\" data-index=\"0\" ><div\n\t\t\t\n\t\t\tclass=\"so-widget-sow-editor so-widget-sow-editor-base\"\n\t\t\t\n\t\t>\n<div class=\"siteorigin-widget-tinymce textwidget\">\n\t<table style=\"height: 100px; width: 100%; border-collapse: collapse;\" border=\"1\" cellpadding=\"2\">\n<tbody>\n<tr style=\"height: 24px;\">\n<td style=\"width: 15.8421%; height: 24px;\">Project management:<\/td>\n<td style=\"width: 84.1578%; height: 24px;\" colspan=\"2\">Dr. Ilse K\u00f6nig<\/td>\n<\/tr>\n<tr>\n<td style=\"width: 15.8421%;\">\n<hr \/>\n<\/td>\n<td style=\"width: 33.8055%;\">\n<hr \/>\n<\/td>\n<td style=\"width: 50.3523%; height: 24px;\"><\/td>\n<\/tr>\n<tr>\n<td style=\"width: 15.8421%;\">Implementation:<\/td>\n<td style=\"width: 84.1578%;\" colspan=\"2\">Mag. Katharina Demel<br \/>\nMag. Brigitte Halbmayr<\/td>\n<\/tr>\n<tr>\n<td style=\"width: 15.8421%;\">\n<hr \/>\n<\/td>\n<td style=\"width: 33.8055%;\">\n<hr \/>\n<\/td>\n<td style=\"width: 50.3523%;\"><\/td>\n<\/tr>\n<tr>\n<td style=\"width: 15.8421%;\">Funded by:<\/td>\n<td style=\"width: 84.1578%;\" colspan=\"2\">Bundesministerium f\u00fcr Wissenschaft und Verkehr<\/td>\n<\/tr>\n<tr>\n<td style=\"width: 15.8421%;\">\n<hr \/>\n<\/td>\n<td style=\"width: 33.8055%;\">\n<hr \/>\n<\/td>\n<td style=\"width: 50.3523%; height: 24px;\"><\/td>\n<\/tr>\n<tr style=\"height: 24px;\">\n<td style=\"width: 15.8421%; height: 24px;\">Completed in:<\/td>\n<td style=\"height: 24px; width: 84.1578%;\" colspan=\"2\">Februar 1997<\/td>\n<\/tr>\n<\/tbody>\n<\/table>\n<\/div>\n<\/div><\/div><\/div><\/div><\/div>\n\n\n<div style=\"color:#404168\" class=\"wp-block-genesis-blocks-gb-spacer gb-block-spacer gb-divider-solid gb-spacer-divider gb-divider-size-1\"><hr style=\"height:3px\"\/><\/div>\n\n\n\n<div style=\"color:#404168\" class=\"wp-block-genesis-blocks-gb-spacer gb-block-spacer gb-divider-solid gb-divider-size-1\"><hr style=\"height:10px\"\/><\/div>\n\n\n<div id=\"pl-gb2379-69f0ec1039fdf\"  class=\"panel-layout\" ><div id=\"pg-gb2379-69f0ec1039fdf-0\"  class=\"panel-grid panel-no-style\" ><div id=\"pgc-gb2379-69f0ec1039fdf-0-0\"  class=\"panel-grid-cell panel-grid-cell-empty\" ><\/div><div id=\"pgc-gb2379-69f0ec1039fdf-0-1\"  class=\"panel-grid-cell panel-grid-cell-mobile-last\" ><div id=\"panel-gb2379-69f0ec1039fdf-0-1-0\" class=\"so-panel widget widget_text panel-first-child panel-last-child\" data-index=\"0\" >\t\t\t<div class=\"textwidget\"><p align=\"justify\">Ziel des Projektes war es, eine umfassende und qualitativ aufbereitete Dokumentation \u00f6sterreichischer Forschungsarbeiten der letzten 30 Jahre zum Thema &#8220;Fremdenfeindlichkeit&#8221; zu erstellen, mit besonderer Ber\u00fccksichtigung der neueren Forschung, also der 90er Jahre. Ergebnis ist eine Sammlung von 509 Forschungsprojekten und Hochschulschriften (Diplomarbeiten, Dissertationen und Habilitationen), also gro\u00dfteils graue Literatur, die oft weniger bekannt und schwerer zug\u00e4nglich als andere Literatur ist.<\/p>\n<p align=\"justify\">Die Forschungsdokumentation gen\u00fcgt mehreren Zielsetzungen: Erstmalig werden die bisherigen Beitr\u00e4ge \u00f6sterreichischer WissenschafterInnen zur Erforschung des Themenbereichs &#8220;Fremdenfeindlichkeit&#8221; gesammelt und der aktuelle Forschungsstand in \u00d6sterreich dokumentiert. Damit k\u00f6nnen bisherige Themenschwerpunkte, aber auch Forschungsl\u00fccken aufgezeigt werden. Weiters soll ein \u00dcberblick der Institutionen (und Personen), die in diesem Schwerpunkt arbeiten, Forschungskooperationen erleichtern.<\/p>\n<p align=\"justify\">Spezifikum der Dokumentation ist die qualitative Aufbereitung der gesammelten Daten. Das hei\u00dft, da\u00df die in der Datenbank bzw. Dokumentation enthaltenen Projekte nach Themenbereichen gegliedert und nach Relevanz f\u00fcr den Themenkomplex Fremdenfeindlichkeit systematisiert sind, und die relevanten Arbeiten zudem eine ganzseitige Darstellung mit einem m\u00f6glichst aussagekr\u00e4ftigen Abstract erhalten haben. Zus\u00e4tzlich beinhaltet der Endbericht eine statistische Auswertung der gesammelten Arbeiten (nach: Forschungstyp, Themenbereich, forschende Institution, beauftragende\/finanzierende Stellen, Disziplin, Methode und Technik, etc.).<\/p>\n<\/div>\n\t\t<\/div><\/div><div id=\"pgc-gb2379-69f0ec1039fdf-0-2\"  class=\"panel-grid-cell panel-grid-cell-empty\" ><\/div><\/div><\/div>\n\n\n<div style=\"color:#333\" class=\"wp-block-genesis-blocks-gb-spacer gb-block-spacer gb-divider-solid gb-spacer-divider gb-divider-size-1\"><hr style=\"height:100px\"\/><\/div>\n<\/div><\/div><\/div>","protected":false},"excerpt":{"rendered":"","protected":false},"author":2,"featured_media":0,"parent":486,"menu_order":45,"comment_status":"closed","ping_status":"closed","template":"","meta":{"footnotes":""},"class_list":["post-2379","page","type-page","status-publish","hentry","post"],"featured_image_src":null,"featured_image_src_square":null,"_links":{"self":[{"href":"https:\/\/ikf.ac.at\/en\/wp-json\/wp\/v2\/pages\/2379","targetHints":{"allow":["GET"]}}],"collection":[{"href":"https:\/\/ikf.ac.at\/en\/wp-json\/wp\/v2\/pages"}],"about":[{"href":"https:\/\/ikf.ac.at\/en\/wp-json\/wp\/v2\/types\/page"}],"author":[{"embeddable":true,"href":"https:\/\/ikf.ac.at\/en\/wp-json\/wp\/v2\/users\/2"}],"replies":[{"embeddable":true,"href":"https:\/\/ikf.ac.at\/en\/wp-json\/wp\/v2\/comments?post=2379"}],"version-history":[{"count":1,"href":"https:\/\/ikf.ac.at\/en\/wp-json\/wp\/v2\/pages\/2379\/revisions"}],"predecessor-version":[{"id":2380,"href":"https:\/\/ikf.ac.at\/en\/wp-json\/wp\/v2\/pages\/2379\/revisions\/2380"}],"up":[{"embeddable":true,"href":"https:\/\/ikf.ac.at\/en\/wp-json\/wp\/v2\/pages\/486"}],"wp:attachment":[{"href":"https:\/\/ikf.ac.at\/en\/wp-json\/wp\/v2\/media?parent=2379"}],"curies":[{"name":"wp","href":"https:\/\/api.w.org\/{rel}","templated":true}]}}

1997: Forschungsdokumentation zum Thema Fremdenfeindlichkeit in Österreich

<div class="wp-block-atomic-blocks-ab-container alignfull ab-block-container"><div class="ab-container-inside"><div class="ab-container-content"><div id="pl-gb2379-69f0ec103912f"  class="panel-layout" ><div id="pg-gb2379-69f0ec103912f-0"  class="panel-grid panel-no-style" ><div id="pgc-gb2379-69f0ec103912f-0-0"  class="panel-grid-cell" ><div id="panel-gb2379-69f0ec103912f-0-0-0" class="so-panel widget widget_media_image panel-first-child panel-last-child" data-index="0" ><img loading="lazy" decoding="async" width="2554" height="10" src="https://ikf.ac.at/wp-content/uploads/2021/01/linie_IKF.jpg" class="image wp-image-754  attachment-full size-full" alt="" style="max-width: 100%; height: auto;" srcset="https://ikf.ac.at/wp-content/uploads/2021/01/linie_IKF.jpg 2554w, https://ikf.ac.at/wp-content/uploads/2021/01/linie_IKF-300x1.jpg 300w, https://ikf.ac.at/wp-content/uploads/2021/01/linie_IKF-1024x4.jpg 1024w, https://ikf.ac.at/wp-content/uploads/2021/01/linie_IKF-768x3.jpg 768w, https://ikf.ac.at/wp-content/uploads/2021/01/linie_IKF-1536x6.jpg 1536w, https://ikf.ac.at/wp-content/uploads/2021/01/linie_IKF-2048x8.jpg 2048w" sizes="auto, (max-width: 2554px) 100vw, 2554px" /></div></div></div></div>


<div style="color:#ddd" class="wp-block-genesis-blocks-gb-spacer gb-block-spacer gb-divider-solid gb-divider-size-1"><hr style="height:30px"/></div>


<div id="pl-gb2379-69f0ec103993e"  class="panel-layout" ><div id="pg-gb2379-69f0ec103993e-0"  class="panel-grid panel-no-style" ><div id="pgc-gb2379-69f0ec103993e-0-0"  class="panel-grid-cell panel-grid-cell-empty" ></div><div id="pgc-gb2379-69f0ec103993e-0-1"  class="panel-grid-cell" ><div id="panel-gb2379-69f0ec103993e-0-1-0" class="so-panel widget widget_sow-editor panel-first-child panel-last-child" data-index="0" ><div
			
			class="so-widget-sow-editor so-widget-sow-editor-base"
			
		>
<div class="siteorigin-widget-tinymce textwidget">
	<table style="height: 100px; width: 100%; border-collapse: collapse;" border="1" cellpadding="2">
<tbody>
<tr style="height: 24px;">
<td style="width: 15.8421%; height: 24px;">Project management:</td>
<td style="width: 84.1578%; height: 24px;" colspan="2">Dr. Ilse König</td>
</tr>
<tr>
<td style="width: 15.8421%;">
<hr />
</td>
<td style="width: 33.8055%;">
<hr />
</td>
<td style="width: 50.3523%; height: 24px;"></td>
</tr>
<tr>
<td style="width: 15.8421%;">Implementation:</td>
<td style="width: 84.1578%;" colspan="2">Mag. Katharina Demel<br />
Mag. Brigitte Halbmayr</td>
</tr>
<tr>
<td style="width: 15.8421%;">
<hr />
</td>
<td style="width: 33.8055%;">
<hr />
</td>
<td style="width: 50.3523%;"></td>
</tr>
<tr>
<td style="width: 15.8421%;">Funded by:</td>
<td style="width: 84.1578%;" colspan="2">Bundesministerium für Wissenschaft und Verkehr</td>
</tr>
<tr>
<td style="width: 15.8421%;">
<hr />
</td>
<td style="width: 33.8055%;">
<hr />
</td>
<td style="width: 50.3523%; height: 24px;"></td>
</tr>
<tr style="height: 24px;">
<td style="width: 15.8421%; height: 24px;">Completed in:</td>
<td style="height: 24px; width: 84.1578%;" colspan="2">Februar 1997</td>
</tr>
</tbody>
</table>
</div>
</div></div></div></div></div>


<div style="color:#404168" class="wp-block-genesis-blocks-gb-spacer gb-block-spacer gb-divider-solid gb-spacer-divider gb-divider-size-1"><hr style="height:3px"/></div>



<div style="color:#404168" class="wp-block-genesis-blocks-gb-spacer gb-block-spacer gb-divider-solid gb-divider-size-1"><hr style="height:10px"/></div>


<div id="pl-gb2379-69f0ec1039fdf"  class="panel-layout" ><div id="pg-gb2379-69f0ec1039fdf-0"  class="panel-grid panel-no-style" ><div id="pgc-gb2379-69f0ec1039fdf-0-0"  class="panel-grid-cell panel-grid-cell-empty" ></div><div id="pgc-gb2379-69f0ec1039fdf-0-1"  class="panel-grid-cell panel-grid-cell-mobile-last" ><div id="panel-gb2379-69f0ec1039fdf-0-1-0" class="so-panel widget widget_text panel-first-child panel-last-child" data-index="0" >			<div class="textwidget"><p align="justify">Ziel des Projektes war es, eine umfassende und qualitativ aufbereitete Dokumentation österreichischer Forschungsarbeiten der letzten 30 Jahre zum Thema &#8220;Fremdenfeindlichkeit&#8221; zu erstellen, mit besonderer Berücksichtigung der neueren Forschung, also der 90er Jahre. Ergebnis ist eine Sammlung von 509 Forschungsprojekten und Hochschulschriften (Diplomarbeiten, Dissertationen und Habilitationen), also großteils graue Literatur, die oft weniger bekannt und schwerer zugänglich als andere Literatur ist.</p>
<p align="justify">Die Forschungsdokumentation genügt mehreren Zielsetzungen: Erstmalig werden die bisherigen Beiträge österreichischer WissenschafterInnen zur Erforschung des Themenbereichs &#8220;Fremdenfeindlichkeit&#8221; gesammelt und der aktuelle Forschungsstand in Österreich dokumentiert. Damit können bisherige Themenschwerpunkte, aber auch Forschungslücken aufgezeigt werden. Weiters soll ein Überblick der Institutionen (und Personen), die in diesem Schwerpunkt arbeiten, Forschungskooperationen erleichtern.</p>
<p align="justify">Spezifikum der Dokumentation ist die qualitative Aufbereitung der gesammelten Daten. Das heißt, daß die in der Datenbank bzw. Dokumentation enthaltenen Projekte nach Themenbereichen gegliedert und nach Relevanz für den Themenkomplex Fremdenfeindlichkeit systematisiert sind, und die relevanten Arbeiten zudem eine ganzseitige Darstellung mit einem möglichst aussagekräftigen Abstract erhalten haben. Zusätzlich beinhaltet der Endbericht eine statistische Auswertung der gesammelten Arbeiten (nach: Forschungstyp, Themenbereich, forschende Institution, beauftragende/finanzierende Stellen, Disziplin, Methode und Technik, etc.).</p>
</div>
		</div></div><div id="pgc-gb2379-69f0ec1039fdf-0-2"  class="panel-grid-cell panel-grid-cell-empty" ></div></div></div>


<div style="color:#333" class="wp-block-genesis-blocks-gb-spacer gb-block-spacer gb-divider-solid gb-spacer-divider gb-divider-size-1"><hr style="height:100px"/></div>
</div></div></div>
