{"id":2375,"date":"2021-03-30T08:54:31","date_gmt":"2021-03-30T08:54:31","guid":{"rendered":"http:\/\/test-ikf.online\/?page_id=2375"},"modified":"2023-02-14T11:46:44","modified_gmt":"2023-02-14T11:46:44","slug":"1998-nationalsozialistische-tendenzen-oesterreich-90er-jahre","status":"publish","type":"page","link":"https:\/\/ikf.ac.at\/en\/schwerpunkte\/cleavages\/antisemitismus\/1998-nationalsozialistische-tendenzen-oesterreich-90er-jahre","title":{"rendered":"1998: Nationalsozialistische Tendenzen in \u00d6sterreich in den 90er Jahren. Eine soziodemographische Analyse von Tatverd\u00e4chtigen in Zusammenhang mit NS-Wiederbet\u00e4tigung, Fremdenfeindlichkeit und Antisemitismus"},"content":{"rendered":"<div class=\"wp-block-atomic-blocks-ab-container alignfull ab-block-container\"><div class=\"ab-container-inside\"><div class=\"ab-container-content\"><div id=\"pl-gb2375-69f23ff0d3511\"  class=\"panel-layout\" ><div id=\"pg-gb2375-69f23ff0d3511-0\"  class=\"panel-grid panel-no-style\" ><div id=\"pgc-gb2375-69f23ff0d3511-0-0\"  class=\"panel-grid-cell\" ><div id=\"panel-gb2375-69f23ff0d3511-0-0-0\" class=\"so-panel widget widget_media_image panel-first-child panel-last-child\" data-index=\"0\" ><img loading=\"lazy\" decoding=\"async\" width=\"2554\" height=\"10\" src=\"https:\/\/ikf.ac.at\/wp-content\/uploads\/2021\/01\/linie_IKF.jpg\" class=\"image wp-image-754  attachment-full size-full\" alt=\"\" style=\"max-width: 100%; height: auto;\" srcset=\"https:\/\/ikf.ac.at\/wp-content\/uploads\/2021\/01\/linie_IKF.jpg 2554w, https:\/\/ikf.ac.at\/wp-content\/uploads\/2021\/01\/linie_IKF-300x1.jpg 300w, https:\/\/ikf.ac.at\/wp-content\/uploads\/2021\/01\/linie_IKF-1024x4.jpg 1024w, https:\/\/ikf.ac.at\/wp-content\/uploads\/2021\/01\/linie_IKF-768x3.jpg 768w, https:\/\/ikf.ac.at\/wp-content\/uploads\/2021\/01\/linie_IKF-1536x6.jpg 1536w, https:\/\/ikf.ac.at\/wp-content\/uploads\/2021\/01\/linie_IKF-2048x8.jpg 2048w\" sizes=\"auto, (max-width: 2554px) 100vw, 2554px\" \/><\/div><\/div><\/div><\/div>\n\n\n<div style=\"color:#ddd\" class=\"wp-block-genesis-blocks-gb-spacer gb-block-spacer gb-divider-solid gb-divider-size-1\"><hr style=\"height:30px\"\/><\/div>\n\n\n<div id=\"pl-gb2375-69f23ff0d3a1d\"  class=\"panel-layout\" ><div id=\"pg-gb2375-69f23ff0d3a1d-0\"  class=\"panel-grid panel-no-style\" ><div id=\"pgc-gb2375-69f23ff0d3a1d-0-0\"  class=\"panel-grid-cell panel-grid-cell-empty\" ><\/div><div id=\"pgc-gb2375-69f23ff0d3a1d-0-1\"  class=\"panel-grid-cell\" ><div id=\"panel-gb2375-69f23ff0d3a1d-0-1-0\" class=\"so-panel widget widget_sow-editor panel-first-child panel-last-child\" data-index=\"0\" ><div\n\t\t\t\n\t\t\tclass=\"so-widget-sow-editor so-widget-sow-editor-base\"\n\t\t\t\n\t\t>\n<div class=\"siteorigin-widget-tinymce textwidget\">\n\t<table style=\"height: 100px; width: 100%; border-collapse: collapse;\" border=\"1\" cellpadding=\"2\">\n<tbody>\n<tr style=\"height: 24px;\">\n<td style=\"width: 15.8421%; height: 24px;\">Project management:<\/td>\n<td style=\"width: 84.1579%; height: 24px;\" colspan=\"2\">Univ.-Prof. Dr. Anton Pelinka<\/td>\n<\/tr>\n<tr>\n<td style=\"width: 15.8421%;\">\n<hr \/>\n<\/td>\n<td style=\"width: 60.3822%;\">\n<hr \/>\n<\/td>\n<td style=\"width: 23.7757%; height: 24px;\"><\/td>\n<\/tr>\n<tr>\n<td style=\"width: 15.8421%;\">Implementation:<\/td>\n<td style=\"width: 84.1579%;\" colspan=\"2\">Mag. Helga Amesberger<br \/>\nMag. Brigitte Halbmayr<br \/>\nDr. Birgitt Haller<\/td>\n<\/tr>\n<tr>\n<td style=\"width: 15.8421%;\">\n<hr \/>\n<\/td>\n<td style=\"width: 60.3822%;\">\n<hr \/>\n<\/td>\n<td style=\"width: 23.7757%;\"><\/td>\n<\/tr>\n<tr>\n<td style=\"width: 15.8421%;\">Funded by:<\/td>\n<td style=\"width: 84.1579%;\" colspan=\"2\">Federal Ministry of the Interior<br \/>\nBundesministerium f\u00fcr Umwelt, Jugend und Familie<br \/>\nBundeskanzleramt\/Bundesministerin f\u00fcr Frauenangelegenheiten und Verbraucherschutz<\/td>\n<\/tr>\n<tr>\n<td style=\"width: 15.8421%;\">\n<hr \/>\n<\/td>\n<td style=\"width: 60.3822%;\">\n<hr \/>\n<\/td>\n<td style=\"width: 23.7757%; height: 24px;\"><\/td>\n<\/tr>\n<tr style=\"height: 24px;\">\n<td style=\"width: 15.8421%; height: 24px;\">Completed in:<\/td>\n<td style=\"height: 24px; width: 84.1579%;\" colspan=\"2\">J\u00e4nner 1998<\/td>\n<\/tr>\n<\/tbody>\n<\/table>\n<\/div>\n<\/div><\/div><\/div><\/div><\/div>\n\n\n<div style=\"color:#404168\" class=\"wp-block-genesis-blocks-gb-spacer gb-block-spacer gb-divider-solid gb-spacer-divider gb-divider-size-1\"><hr style=\"height:3px\"\/><\/div>\n\n\n\n<div style=\"color:#404168\" class=\"wp-block-genesis-blocks-gb-spacer gb-block-spacer gb-divider-solid gb-divider-size-1\"><hr style=\"height:10px\"\/><\/div>\n\n\n<div id=\"pl-gb2375-69f23ff0d3e79\"  class=\"panel-layout\" ><div id=\"pg-gb2375-69f23ff0d3e79-0\"  class=\"panel-grid panel-no-style\" ><div id=\"pgc-gb2375-69f23ff0d3e79-0-0\"  class=\"panel-grid-cell panel-grid-cell-empty\" ><\/div><div id=\"pgc-gb2375-69f23ff0d3e79-0-1\"  class=\"panel-grid-cell panel-grid-cell-mobile-last\" ><div id=\"panel-gb2375-69f23ff0d3e79-0-1-0\" class=\"so-panel widget widget_text panel-first-child panel-last-child\" data-index=\"0\" >\t\t\t<div class=\"textwidget\"><p align=\"justify\">Ziel dieses Forschungsprojektes war es, ein T\u00e4terInnenprofil in Zusammenhang mit rechtsextremen, fremdenfeindlichen und antisemitischen Delikten in \u00d6sterreich f\u00fcr den Zeitraum 1992 bis 1996 zu erstellen, um auf dieser Grundlage Erkenntnisse \u00fcber soziodemografische Merkmale der T\u00e4terschaft und \u00fcber &#8220;Karrieren&#8221; von T\u00e4terInnen zu gewinnen. Besonderes Augenmerk sollte dabei zum einen jugendlichen und zum anderen weiblichen Tatverd\u00e4chtigen zukommen &#8211; Jugendlichen, weil sie einen gro\u00dfen Teil der Tatverd\u00e4chtigen bilden, Frauen, weil ihre Rolle im Kontext dieser Straftaten immer noch relativ wenig erforscht ist.<\/p>\n<p align=\"justify\">Im Rahmen dieser Untersuchung wurden Sozialdaten der Tatverd\u00e4chtigen (Alter, Geschlecht, Nationalit\u00e4t, Familienstand, Einkommen, Vorstrafen, amtsbekannte Zugeh\u00f6rigkeit zu Subkulturen) erhoben sowie die Tatumst\u00e4nde (Ort und Zeitpunkt der Tat, Einzel-\/Gruppent\u00e4terschaft, Alkoholisierung zum Zeitpunkt der Tat) und die strafrechtliche\/verwaltungsrechtliche Erledigung. Die aufgenommenen Daten wurden in ein Computerprogramm eingegeben und quantitativ ausgewertet, teilweise wurden f\u00fcr bestimmte Fragestellungen qualitative Auswertungen vorgenommen.<\/p>\n<p align=\"justify\">Grundlage der Erhebung sind Anzeigen nach dem Verbotsgesetz, nach \u00a7 283 StGB, nach dem Abzeichengesetz und nach Art. IX Abs.1 Z.4 (bzw. Z.7) EGVG; insgesamt konnten wir Anzeigen gegen 1.359 Tatverd\u00e4chtige einbeziehen. Im vorliegenden Forschungsbericht werden zun\u00e4chst die Ergebnisse f\u00fcr das gesamte Bundesgebiet pr\u00e4sentiert, denen Auswertungen f\u00fcr die einzelnen Bundesl\u00e4nder folgen. Daran anschlie\u00dfend werden Auff\u00e4lligkeiten in den Bundesl\u00e4ndern herausgehoben und mit den \u00f6sterreichweiten Durchschnittswerten in Beziehung gesetzt. Den Abschlu\u00df bilden zwei Sonderauswertungen bez\u00fcglich Wiederholungst\u00e4terInnen und rechtskr\u00e4ftig verurteilten Straft\u00e4terInnen.<\/p>\n<p align=\"justify\">Wie der Titel dieses Berichtes nahelegt, wurde der Gro\u00dfteil der von uns recherchierten Anzeigen wegen nationalsozialistischer Wiederbet\u00e4tigung erstattet. Insgesamt erfolgten 85 Prozent aller Anzeigen wegen Wiederbet\u00e4tigung, 9,6 Prozent in Zusammenhang mit fremdenfeindlichen und 5,4 Prozent in Zusammenhang mit antisemitischen Tathandlungen.<\/p>\n<p align=\"justify\">Auffallend ist der ausnehmend hohe Anteil von Jugendlichen an den Tatverd\u00e4chtigen. Viele Straftaten werden gerade von Jugendlichen aus Imponiergehabe, aus Lust an der Provokation, aus Nichtwissen und Dummheit heraus get\u00e4tigt. Aber ein Hakenkreuz kann sowohl Ausdruck zielgerichteten politischen Verhaltens sein als auch der Ausdruck von Protest. Daher darf der Anteil derer, die tats\u00e4chlich selbst &#8211; freiwillig und \u00fcberlegt &#8211; rechtes Gedankengut verbreiten, Friedh\u00f6fe sch\u00e4nden, sich aggressiv fremdenfeindlich \u00e4u\u00dfern, etc. nicht untersch\u00e4tzt werden. Insbesondere die in der Bev\u00f6lkerung weit verbreitete und offen eingestandene Ausl\u00e4nderfeindlichkeit ist ein g\u00fcnstiger Ankn\u00fcpfungspunkt f\u00fcr rechtsextreme Propaganda. Auch hinsichtlich des niedrigen Bildungsniveaus und des sehr jugendlichen Alters mancher Tatverd\u00e4chtiger ist das &#8220;Verf\u00fchrungspotential&#8221; besonders hoch.<\/p>\n<p align=\"justify\">Frauen sind &#8211; wie inzwischen bereits zahlreiche Untersuchungen belegen &#8211; nicht gegen rechtsextremes Gedankengut und rechte Ideologien immun, wenn auch ihr zahlenm\u00e4\u00dfiger Anteil an den Tatverd\u00e4chtigen (und vor allem an den Verurteilten) sehr gering ist. Denkbar w\u00e4re aber auch, da\u00df Frauen als &#8220;rechte&#8221; T\u00e4terinnen weniger wahrgenommen werden als M\u00e4nner, da\u00df ihnen ein solches Verhalten weniger zugetraut wird, und da\u00df diesbez\u00fcglich auch Sicherheitsbeamte m\u00f6glicherweise einen &#8220;blinden Fleck&#8221; haben. So war auffallend, da\u00df in Vorarlberg zahlreiche Skinheads nach den hier untersuchten Tatbest\u00e4nden angezeigt wurden, da\u00df es in dieser Gruppierung auch einige weibliche Mitglieder gibt, gegen die aber keine Anzeigen erstattet wurden. Solchen weiterf\u00fchrenden Fragestellungen kann aber nur mit qualitativ ausgerichteten Untersuchungen nachgegangen werden, die wir damit nachdr\u00fccklich anregen m\u00f6chten.<\/p>\n<\/div>\n\t\t<\/div><\/div><div id=\"pgc-gb2375-69f23ff0d3e79-0-2\"  class=\"panel-grid-cell panel-grid-cell-empty\" ><\/div><\/div><\/div>\n\n\n<div style=\"color:#333\" class=\"wp-block-genesis-blocks-gb-spacer gb-block-spacer gb-divider-solid gb-spacer-divider gb-divider-size-1\"><hr style=\"height:100px\"\/><\/div>\n<\/div><\/div><\/div>","protected":false},"excerpt":{"rendered":"","protected":false},"author":2,"featured_media":0,"parent":486,"menu_order":44,"comment_status":"closed","ping_status":"closed","template":"","meta":{"footnotes":""},"class_list":["post-2375","page","type-page","status-publish","hentry","post"],"featured_image_src":null,"featured_image_src_square":null,"_links":{"self":[{"href":"https:\/\/ikf.ac.at\/en\/wp-json\/wp\/v2\/pages\/2375","targetHints":{"allow":["GET"]}}],"collection":[{"href":"https:\/\/ikf.ac.at\/en\/wp-json\/wp\/v2\/pages"}],"about":[{"href":"https:\/\/ikf.ac.at\/en\/wp-json\/wp\/v2\/types\/page"}],"author":[{"embeddable":true,"href":"https:\/\/ikf.ac.at\/en\/wp-json\/wp\/v2\/users\/2"}],"replies":[{"embeddable":true,"href":"https:\/\/ikf.ac.at\/en\/wp-json\/wp\/v2\/comments?post=2375"}],"version-history":[{"count":5,"href":"https:\/\/ikf.ac.at\/en\/wp-json\/wp\/v2\/pages\/2375\/revisions"}],"predecessor-version":[{"id":3751,"href":"https:\/\/ikf.ac.at\/en\/wp-json\/wp\/v2\/pages\/2375\/revisions\/3751"}],"up":[{"embeddable":true,"href":"https:\/\/ikf.ac.at\/en\/wp-json\/wp\/v2\/pages\/486"}],"wp:attachment":[{"href":"https:\/\/ikf.ac.at\/en\/wp-json\/wp\/v2\/media?parent=2375"}],"curies":[{"name":"wp","href":"https:\/\/api.w.org\/{rel}","templated":true}]}}

1998: Nationalsozialistische Tendenzen in Österreich in den 90er Jahren. Eine soziodemographische Analyse von Tatverdächtigen in Zusammenhang mit NS-Wiederbetätigung, Fremdenfeindlichkeit und Antisemitismus

<div class="wp-block-atomic-blocks-ab-container alignfull ab-block-container"><div class="ab-container-inside"><div class="ab-container-content"><div id="pl-gb2375-69f23ff0d3511"  class="panel-layout" ><div id="pg-gb2375-69f23ff0d3511-0"  class="panel-grid panel-no-style" ><div id="pgc-gb2375-69f23ff0d3511-0-0"  class="panel-grid-cell" ><div id="panel-gb2375-69f23ff0d3511-0-0-0" class="so-panel widget widget_media_image panel-first-child panel-last-child" data-index="0" ><img loading="lazy" decoding="async" width="2554" height="10" src="https://ikf.ac.at/wp-content/uploads/2021/01/linie_IKF.jpg" class="image wp-image-754  attachment-full size-full" alt="" style="max-width: 100%; height: auto;" srcset="https://ikf.ac.at/wp-content/uploads/2021/01/linie_IKF.jpg 2554w, https://ikf.ac.at/wp-content/uploads/2021/01/linie_IKF-300x1.jpg 300w, https://ikf.ac.at/wp-content/uploads/2021/01/linie_IKF-1024x4.jpg 1024w, https://ikf.ac.at/wp-content/uploads/2021/01/linie_IKF-768x3.jpg 768w, https://ikf.ac.at/wp-content/uploads/2021/01/linie_IKF-1536x6.jpg 1536w, https://ikf.ac.at/wp-content/uploads/2021/01/linie_IKF-2048x8.jpg 2048w" sizes="auto, (max-width: 2554px) 100vw, 2554px" /></div></div></div></div>


<div style="color:#ddd" class="wp-block-genesis-blocks-gb-spacer gb-block-spacer gb-divider-solid gb-divider-size-1"><hr style="height:30px"/></div>


<div id="pl-gb2375-69f23ff0d3a1d"  class="panel-layout" ><div id="pg-gb2375-69f23ff0d3a1d-0"  class="panel-grid panel-no-style" ><div id="pgc-gb2375-69f23ff0d3a1d-0-0"  class="panel-grid-cell panel-grid-cell-empty" ></div><div id="pgc-gb2375-69f23ff0d3a1d-0-1"  class="panel-grid-cell" ><div id="panel-gb2375-69f23ff0d3a1d-0-1-0" class="so-panel widget widget_sow-editor panel-first-child panel-last-child" data-index="0" ><div
			
			class="so-widget-sow-editor so-widget-sow-editor-base"
			
		>
<div class="siteorigin-widget-tinymce textwidget">
	<table style="height: 100px; width: 100%; border-collapse: collapse;" border="1" cellpadding="2">
<tbody>
<tr style="height: 24px;">
<td style="width: 15.8421%; height: 24px;">Project management:</td>
<td style="width: 84.1579%; height: 24px;" colspan="2">Univ.-Prof. Dr. Anton Pelinka</td>
</tr>
<tr>
<td style="width: 15.8421%;">
<hr />
</td>
<td style="width: 60.3822%;">
<hr />
</td>
<td style="width: 23.7757%; height: 24px;"></td>
</tr>
<tr>
<td style="width: 15.8421%;">Implementation:</td>
<td style="width: 84.1579%;" colspan="2">Mag. Helga Amesberger<br />
Mag. Brigitte Halbmayr<br />
Dr. Birgitt Haller</td>
</tr>
<tr>
<td style="width: 15.8421%;">
<hr />
</td>
<td style="width: 60.3822%;">
<hr />
</td>
<td style="width: 23.7757%;"></td>
</tr>
<tr>
<td style="width: 15.8421%;">Funded by:</td>
<td style="width: 84.1579%;" colspan="2">Federal Ministry of the Interior<br />
Bundesministerium für Umwelt, Jugend und Familie<br />
Bundeskanzleramt/Bundesministerin für Frauenangelegenheiten und Verbraucherschutz</td>
</tr>
<tr>
<td style="width: 15.8421%;">
<hr />
</td>
<td style="width: 60.3822%;">
<hr />
</td>
<td style="width: 23.7757%; height: 24px;"></td>
</tr>
<tr style="height: 24px;">
<td style="width: 15.8421%; height: 24px;">Completed in:</td>
<td style="height: 24px; width: 84.1579%;" colspan="2">Jänner 1998</td>
</tr>
</tbody>
</table>
</div>
</div></div></div></div></div>


<div style="color:#404168" class="wp-block-genesis-blocks-gb-spacer gb-block-spacer gb-divider-solid gb-spacer-divider gb-divider-size-1"><hr style="height:3px"/></div>



<div style="color:#404168" class="wp-block-genesis-blocks-gb-spacer gb-block-spacer gb-divider-solid gb-divider-size-1"><hr style="height:10px"/></div>


<div id="pl-gb2375-69f23ff0d3e79"  class="panel-layout" ><div id="pg-gb2375-69f23ff0d3e79-0"  class="panel-grid panel-no-style" ><div id="pgc-gb2375-69f23ff0d3e79-0-0"  class="panel-grid-cell panel-grid-cell-empty" ></div><div id="pgc-gb2375-69f23ff0d3e79-0-1"  class="panel-grid-cell panel-grid-cell-mobile-last" ><div id="panel-gb2375-69f23ff0d3e79-0-1-0" class="so-panel widget widget_text panel-first-child panel-last-child" data-index="0" >			<div class="textwidget"><p align="justify">Ziel dieses Forschungsprojektes war es, ein TäterInnenprofil in Zusammenhang mit rechtsextremen, fremdenfeindlichen und antisemitischen Delikten in Österreich für den Zeitraum 1992 bis 1996 zu erstellen, um auf dieser Grundlage Erkenntnisse über soziodemografische Merkmale der Täterschaft und über &#8220;Karrieren&#8221; von TäterInnen zu gewinnen. Besonderes Augenmerk sollte dabei zum einen jugendlichen und zum anderen weiblichen Tatverdächtigen zukommen &#8211; Jugendlichen, weil sie einen großen Teil der Tatverdächtigen bilden, Frauen, weil ihre Rolle im Kontext dieser Straftaten immer noch relativ wenig erforscht ist.</p>
<p align="justify">Im Rahmen dieser Untersuchung wurden Sozialdaten der Tatverdächtigen (Alter, Geschlecht, Nationalität, Familienstand, Einkommen, Vorstrafen, amtsbekannte Zugehörigkeit zu Subkulturen) erhoben sowie die Tatumstände (Ort und Zeitpunkt der Tat, Einzel-/Gruppentäterschaft, Alkoholisierung zum Zeitpunkt der Tat) und die strafrechtliche/verwaltungsrechtliche Erledigung. Die aufgenommenen Daten wurden in ein Computerprogramm eingegeben und quantitativ ausgewertet, teilweise wurden für bestimmte Fragestellungen qualitative Auswertungen vorgenommen.</p>
<p align="justify">Grundlage der Erhebung sind Anzeigen nach dem Verbotsgesetz, nach § 283 StGB, nach dem Abzeichengesetz und nach Art. IX Abs.1 Z.4 (bzw. Z.7) EGVG; insgesamt konnten wir Anzeigen gegen 1.359 Tatverdächtige einbeziehen. Im vorliegenden Forschungsbericht werden zunächst die Ergebnisse für das gesamte Bundesgebiet präsentiert, denen Auswertungen für die einzelnen Bundesländer folgen. Daran anschließend werden Auffälligkeiten in den Bundesländern herausgehoben und mit den österreichweiten Durchschnittswerten in Beziehung gesetzt. Den Abschluß bilden zwei Sonderauswertungen bezüglich WiederholungstäterInnen und rechtskräftig verurteilten StraftäterInnen.</p>
<p align="justify">Wie der Titel dieses Berichtes nahelegt, wurde der Großteil der von uns recherchierten Anzeigen wegen nationalsozialistischer Wiederbetätigung erstattet. Insgesamt erfolgten 85 Prozent aller Anzeigen wegen Wiederbetätigung, 9,6 Prozent in Zusammenhang mit fremdenfeindlichen und 5,4 Prozent in Zusammenhang mit antisemitischen Tathandlungen.</p>
<p align="justify">Auffallend ist der ausnehmend hohe Anteil von Jugendlichen an den Tatverdächtigen. Viele Straftaten werden gerade von Jugendlichen aus Imponiergehabe, aus Lust an der Provokation, aus Nichtwissen und Dummheit heraus getätigt. Aber ein Hakenkreuz kann sowohl Ausdruck zielgerichteten politischen Verhaltens sein als auch der Ausdruck von Protest. Daher darf der Anteil derer, die tatsächlich selbst &#8211; freiwillig und überlegt &#8211; rechtes Gedankengut verbreiten, Friedhöfe schänden, sich aggressiv fremdenfeindlich äußern, etc. nicht unterschätzt werden. Insbesondere die in der Bevölkerung weit verbreitete und offen eingestandene Ausländerfeindlichkeit ist ein günstiger Anknüpfungspunkt für rechtsextreme Propaganda. Auch hinsichtlich des niedrigen Bildungsniveaus und des sehr jugendlichen Alters mancher Tatverdächtiger ist das &#8220;Verführungspotential&#8221; besonders hoch.</p>
<p align="justify">Frauen sind &#8211; wie inzwischen bereits zahlreiche Untersuchungen belegen &#8211; nicht gegen rechtsextremes Gedankengut und rechte Ideologien immun, wenn auch ihr zahlenmäßiger Anteil an den Tatverdächtigen (und vor allem an den Verurteilten) sehr gering ist. Denkbar wäre aber auch, daß Frauen als &#8220;rechte&#8221; Täterinnen weniger wahrgenommen werden als Männer, daß ihnen ein solches Verhalten weniger zugetraut wird, und daß diesbezüglich auch Sicherheitsbeamte möglicherweise einen &#8220;blinden Fleck&#8221; haben. So war auffallend, daß in Vorarlberg zahlreiche Skinheads nach den hier untersuchten Tatbeständen angezeigt wurden, daß es in dieser Gruppierung auch einige weibliche Mitglieder gibt, gegen die aber keine Anzeigen erstattet wurden. Solchen weiterführenden Fragestellungen kann aber nur mit qualitativ ausgerichteten Untersuchungen nachgegangen werden, die wir damit nachdrücklich anregen möchten.</p>
</div>
		</div></div><div id="pgc-gb2375-69f23ff0d3e79-0-2"  class="panel-grid-cell panel-grid-cell-empty" ></div></div></div>


<div style="color:#333" class="wp-block-genesis-blocks-gb-spacer gb-block-spacer gb-divider-solid gb-spacer-divider gb-divider-size-1"><hr style="height:100px"/></div>
</div></div></div>
