{"id":2366,"date":"2021-03-30T08:46:48","date_gmt":"2021-03-30T08:46:48","guid":{"rendered":"http:\/\/test-ikf.online\/?page_id=2366"},"modified":"2021-03-30T08:47:55","modified_gmt":"2021-03-30T08:47:55","slug":"1998-crossing-borders","status":"publish","type":"page","link":"https:\/\/ikf.ac.at\/en\/schwerpunkte\/cleavages\/antisemitismus\/1998-crossing-borders","title":{"rendered":"1998: &#8220;Crossing Borders&#8221; Evaluierung des Nahost Jugendfriedensforums des Bruno Kreisky Forums f\u00fcr Internationalen Dialog"},"content":{"rendered":"<div class=\"wp-block-atomic-blocks-ab-container alignfull ab-block-container\"><div class=\"ab-container-inside\"><div class=\"ab-container-content\"><div id=\"pl-gb2366-69f2525b0cfa2\"  class=\"panel-layout\" ><div id=\"pg-gb2366-69f2525b0cfa2-0\"  class=\"panel-grid panel-no-style\" ><div id=\"pgc-gb2366-69f2525b0cfa2-0-0\"  class=\"panel-grid-cell\" ><div id=\"panel-gb2366-69f2525b0cfa2-0-0-0\" class=\"so-panel widget widget_media_image panel-first-child panel-last-child\" data-index=\"0\" ><img loading=\"lazy\" decoding=\"async\" width=\"2554\" height=\"10\" src=\"https:\/\/ikf.ac.at\/wp-content\/uploads\/2021\/01\/linie_IKF.jpg\" class=\"image wp-image-754  attachment-full size-full\" alt=\"\" style=\"max-width: 100%; height: auto;\" srcset=\"https:\/\/ikf.ac.at\/wp-content\/uploads\/2021\/01\/linie_IKF.jpg 2554w, https:\/\/ikf.ac.at\/wp-content\/uploads\/2021\/01\/linie_IKF-300x1.jpg 300w, https:\/\/ikf.ac.at\/wp-content\/uploads\/2021\/01\/linie_IKF-1024x4.jpg 1024w, https:\/\/ikf.ac.at\/wp-content\/uploads\/2021\/01\/linie_IKF-768x3.jpg 768w, https:\/\/ikf.ac.at\/wp-content\/uploads\/2021\/01\/linie_IKF-1536x6.jpg 1536w, https:\/\/ikf.ac.at\/wp-content\/uploads\/2021\/01\/linie_IKF-2048x8.jpg 2048w\" sizes=\"auto, (max-width: 2554px) 100vw, 2554px\" \/><\/div><\/div><\/div><\/div>\n\n\n<div style=\"color:#ddd\" class=\"wp-block-genesis-blocks-gb-spacer gb-block-spacer gb-divider-solid gb-divider-size-1\"><hr style=\"height:30px\"\/><\/div>\n\n\n<div id=\"pl-gb2366-69f2525b0d486\"  class=\"panel-layout\" ><div id=\"pg-gb2366-69f2525b0d486-0\"  class=\"panel-grid panel-no-style\" ><div id=\"pgc-gb2366-69f2525b0d486-0-0\"  class=\"panel-grid-cell panel-grid-cell-empty\" ><\/div><div id=\"pgc-gb2366-69f2525b0d486-0-1\"  class=\"panel-grid-cell\" ><div id=\"panel-gb2366-69f2525b0d486-0-1-0\" class=\"so-panel widget widget_sow-editor panel-first-child panel-last-child\" data-index=\"0\" ><div\n\t\t\t\n\t\t\tclass=\"so-widget-sow-editor so-widget-sow-editor-base\"\n\t\t\t\n\t\t>\n<div class=\"siteorigin-widget-tinymce textwidget\">\n\t<table style=\"height: 220px; width: 100%; border-collapse: collapse;\" border=\"1\" cellpadding=\"2\">\n<tbody>\n<tr style=\"height: 24px;\">\n<td style=\"width: 15.8421%; height: 24px;\">Project management:<\/td>\n<td style=\"width: 84.1578%; height: 24px;\" colspan=\"2\">Univ.-Prof. Dr. Anton Pelinka<\/td>\n<\/tr>\n<tr style=\"height: 24px;\">\n<td style=\"width: 15.8421%; height: 24px;\">\n<hr \/>\n<\/td>\n<td style=\"width: 43.3867%; height: 24px;\">\n<hr \/>\n<\/td>\n<td style=\"width: 40.7711%; height: 24px;\"><\/td>\n<\/tr>\n<tr style=\"height: 24px;\">\n<td style=\"width: 15.8421%; height: 24px;\">Implementation:<\/td>\n<td style=\"width: 84.1578%; height: 24px;\" colspan=\"2\">Dr. Birgitt Haller<br \/>\nDr. Wolfgang Knopf (IFF)<\/td>\n<\/tr>\n<tr>\n<td style=\"width: 15.8421%;\">\n<hr \/>\n<\/td>\n<td style=\"width: 43.3867%;\">\n<hr \/>\n<\/td>\n<td style=\"width: 40.7711%;\"><\/td>\n<\/tr>\n<tr>\n<td style=\"width: 15.8421%;\">Kooperation:<\/td>\n<td style=\"width: 43.3867%;\">Institut f\u00fcr interdisziplin\u00e4re Forschung und Fortbildung (IFF)<\/td>\n<td style=\"width: 40.7711%;\"><\/td>\n<\/tr>\n<tr style=\"height: 24px;\">\n<td style=\"width: 15.8421%; height: 24px;\">\n<hr \/>\n<\/td>\n<td style=\"width: 43.3867%; height: 24px;\">\n<hr \/>\n<\/td>\n<td style=\"width: 40.7711%; height: 24px;\"><\/td>\n<\/tr>\n<tr style=\"height: 24px;\">\n<td style=\"width: 15.8421%; height: 24px;\">Funded by:<\/td>\n<td style=\"width: 84.1578%; height: 24px;\" colspan=\"2\">Bruno Kreisky Forum f\u00fcr Internationalen Dialog<\/td>\n<\/tr>\n<tr style=\"height: 24px;\">\n<td style=\"width: 15.8421%; height: 24px;\">\n<hr \/>\n<\/td>\n<td style=\"width: 43.3867%; height: 24px;\">\n<hr \/>\n<\/td>\n<td style=\"width: 40.7711%; height: 24px;\"><\/td>\n<\/tr>\n<tr style=\"height: 24px;\">\n<td style=\"width: 15.8421%; height: 24px;\">Completed in:<\/td>\n<td style=\"height: 24px; width: 84.1578%;\" colspan=\"2\">J\u00e4nner 1998<\/td>\n<\/tr>\n<\/tbody>\n<\/table>\n<\/div>\n<\/div><\/div><\/div><\/div><\/div>\n\n\n<div style=\"color:#404168\" class=\"wp-block-genesis-blocks-gb-spacer gb-block-spacer gb-divider-solid gb-spacer-divider gb-divider-size-1\"><hr style=\"height:3px\"\/><\/div>\n\n\n\n<div style=\"color:#404168\" class=\"wp-block-genesis-blocks-gb-spacer gb-block-spacer gb-divider-solid gb-divider-size-1\"><hr style=\"height:10px\"\/><\/div>\n\n\n<div id=\"pl-gb2366-69f2525b0d8bf\"  class=\"panel-layout\" ><div id=\"pg-gb2366-69f2525b0d8bf-0\"  class=\"panel-grid panel-no-style\" ><div id=\"pgc-gb2366-69f2525b0d8bf-0-0\"  class=\"panel-grid-cell panel-grid-cell-empty\" ><\/div><div id=\"pgc-gb2366-69f2525b0d8bf-0-1\"  class=\"panel-grid-cell panel-grid-cell-mobile-last\" ><div id=\"panel-gb2366-69f2525b0d8bf-0-1-0\" class=\"so-panel widget widget_text panel-first-child panel-last-child\" data-index=\"0\" >\t\t\t<div class=\"textwidget\"><p align=\"justify\">Das Bruno Kreisky Forum f\u00fcr Internationalen Dialog f\u00fchrt seit 1994 das Nahost Jugendfriedensforum durch, das auf eine \u00f6sterreichische Initiative vom Jahresende 1992 zur\u00fcckgeht. Insgesamt wurden bis jetzt drei gro\u00dfe internationale Treffen abgehalten: 1994 und 1995 in \u00d6sterreich, 1996 im Nahen Osten. Die Leitidee des Nahost Jugendfriedensforums besteht im Versuch, den Konflikt im Nahen Osten mit Jugendlichen aus Israel, den besetzten Gebieten, Jordanien, \u00c4gypten und \u00d6sterreich bearbeitbar zu machen und dabei eine Form von Konfliktbew\u00e4ltigung f\u00fcr jetzt und f\u00fcr die Zukunft zu entwickeln. Voraussetzung daf\u00fcr ist, die vorhandene psychologische Kluft zu \u00fcberbr\u00fccken und gegenseitiges Verst\u00e4ndnis zu f\u00f6rdern. Gemeinsame Aktivit\u00e4ten der Jugendlichen in der Region, die in Form von Projekten durchgef\u00fchrt werden, sollen die Kontakte vertiefen und die Kontinuit\u00e4t des Projektes \u00fcber die gemeinsamen Treffen hinaus gew\u00e4hrleisten.<\/p>\n<p align=\"justify\">Seit 1995 wird die M\u00f6glichkeit einer Erweiterung des Nahost Jugendfriedensforums um TeilnehmerInnen aus anderen Mittelmeerl\u00e4ndern diskutiert. Vor allem diese \u00dcberlegung f\u00fchrte dazu, die bisherige T\u00e4tigkeit des Friedensforums evaluieren zu lassen.<\/p>\n<p>Ziel der Evaluation war es zu untersuchen,<\/p>\n<ul>\n<li align=\"justify\">welche Ergebnisse, Erkenntnisse aus der Sicht der beteiligten Personen in und durch die T\u00e4tigkeiten in den Friedensforen in welcher Form erarbeitet wurden;<\/li>\n<li>ob diese Ergebnisse mit den gesteckten Zielen \u00fcbereinstimmen;<\/li>\n<li>ob das zentrale Anliegen, ein Forum f\u00fcr Konfliktregelungen zu sein, erreicht worden ist und<\/li>\n<li>ob das Konzept des Nahost Jugendfriedensforums Modellcharakter besitzt und damit auch f\u00fcr einen Einsatz in anderen Konfliktregionen geeignet ist.<\/li>\n<\/ul>\n<p align=\"justify\">F\u00fcr die Evaluation wurde ein dreiphasiges Design von Dokumentation, Erhebung und Auswertung entwickelt. Dokumentation und Auswertung erfolgten in Wien, die Erhebungsphase, die Einzel-\/Gruppeninterviews wie die teilnehmende Beobachtung des Seminars zur Jugendleiterausbildung umfa\u00dft, wurde in \u00d6sterreich, Israel und Jordanien durchgef\u00fchrt.<\/p>\n<\/div>\n\t\t<\/div><\/div><div id=\"pgc-gb2366-69f2525b0d8bf-0-2\"  class=\"panel-grid-cell panel-grid-cell-empty\" ><\/div><\/div><\/div>\n\n\n<div style=\"color:#333\" class=\"wp-block-genesis-blocks-gb-spacer gb-block-spacer gb-divider-solid gb-spacer-divider gb-divider-size-1\"><hr style=\"height:100px\"\/><\/div>\n<\/div><\/div><\/div>","protected":false},"excerpt":{"rendered":"","protected":false},"author":2,"featured_media":0,"parent":486,"menu_order":43,"comment_status":"closed","ping_status":"closed","template":"","meta":{"footnotes":""},"class_list":["post-2366","page","type-page","status-publish","hentry","post"],"featured_image_src":null,"featured_image_src_square":null,"_links":{"self":[{"href":"https:\/\/ikf.ac.at\/en\/wp-json\/wp\/v2\/pages\/2366","targetHints":{"allow":["GET"]}}],"collection":[{"href":"https:\/\/ikf.ac.at\/en\/wp-json\/wp\/v2\/pages"}],"about":[{"href":"https:\/\/ikf.ac.at\/en\/wp-json\/wp\/v2\/types\/page"}],"author":[{"embeddable":true,"href":"https:\/\/ikf.ac.at\/en\/wp-json\/wp\/v2\/users\/2"}],"replies":[{"embeddable":true,"href":"https:\/\/ikf.ac.at\/en\/wp-json\/wp\/v2\/comments?post=2366"}],"version-history":[{"count":5,"href":"https:\/\/ikf.ac.at\/en\/wp-json\/wp\/v2\/pages\/2366\/revisions"}],"predecessor-version":[{"id":2374,"href":"https:\/\/ikf.ac.at\/en\/wp-json\/wp\/v2\/pages\/2366\/revisions\/2374"}],"up":[{"embeddable":true,"href":"https:\/\/ikf.ac.at\/en\/wp-json\/wp\/v2\/pages\/486"}],"wp:attachment":[{"href":"https:\/\/ikf.ac.at\/en\/wp-json\/wp\/v2\/media?parent=2366"}],"curies":[{"name":"wp","href":"https:\/\/api.w.org\/{rel}","templated":true}]}}

1998: &#8220;Crossing Borders&#8221; Evaluierung des Nahost Jugendfriedensforums des Bruno Kreisky Forums für Internationalen Dialog

<div class="wp-block-atomic-blocks-ab-container alignfull ab-block-container"><div class="ab-container-inside"><div class="ab-container-content"><div id="pl-gb2366-69f2525b0cfa2"  class="panel-layout" ><div id="pg-gb2366-69f2525b0cfa2-0"  class="panel-grid panel-no-style" ><div id="pgc-gb2366-69f2525b0cfa2-0-0"  class="panel-grid-cell" ><div id="panel-gb2366-69f2525b0cfa2-0-0-0" class="so-panel widget widget_media_image panel-first-child panel-last-child" data-index="0" ><img loading="lazy" decoding="async" width="2554" height="10" src="https://ikf.ac.at/wp-content/uploads/2021/01/linie_IKF.jpg" class="image wp-image-754  attachment-full size-full" alt="" style="max-width: 100%; height: auto;" srcset="https://ikf.ac.at/wp-content/uploads/2021/01/linie_IKF.jpg 2554w, https://ikf.ac.at/wp-content/uploads/2021/01/linie_IKF-300x1.jpg 300w, https://ikf.ac.at/wp-content/uploads/2021/01/linie_IKF-1024x4.jpg 1024w, https://ikf.ac.at/wp-content/uploads/2021/01/linie_IKF-768x3.jpg 768w, https://ikf.ac.at/wp-content/uploads/2021/01/linie_IKF-1536x6.jpg 1536w, https://ikf.ac.at/wp-content/uploads/2021/01/linie_IKF-2048x8.jpg 2048w" sizes="auto, (max-width: 2554px) 100vw, 2554px" /></div></div></div></div>


<div style="color:#ddd" class="wp-block-genesis-blocks-gb-spacer gb-block-spacer gb-divider-solid gb-divider-size-1"><hr style="height:30px"/></div>


<div id="pl-gb2366-69f2525b0d486"  class="panel-layout" ><div id="pg-gb2366-69f2525b0d486-0"  class="panel-grid panel-no-style" ><div id="pgc-gb2366-69f2525b0d486-0-0"  class="panel-grid-cell panel-grid-cell-empty" ></div><div id="pgc-gb2366-69f2525b0d486-0-1"  class="panel-grid-cell" ><div id="panel-gb2366-69f2525b0d486-0-1-0" class="so-panel widget widget_sow-editor panel-first-child panel-last-child" data-index="0" ><div
			
			class="so-widget-sow-editor so-widget-sow-editor-base"
			
		>
<div class="siteorigin-widget-tinymce textwidget">
	<table style="height: 220px; width: 100%; border-collapse: collapse;" border="1" cellpadding="2">
<tbody>
<tr style="height: 24px;">
<td style="width: 15.8421%; height: 24px;">Project management:</td>
<td style="width: 84.1578%; height: 24px;" colspan="2">Univ.-Prof. Dr. Anton Pelinka</td>
</tr>
<tr style="height: 24px;">
<td style="width: 15.8421%; height: 24px;">
<hr />
</td>
<td style="width: 43.3867%; height: 24px;">
<hr />
</td>
<td style="width: 40.7711%; height: 24px;"></td>
</tr>
<tr style="height: 24px;">
<td style="width: 15.8421%; height: 24px;">Implementation:</td>
<td style="width: 84.1578%; height: 24px;" colspan="2">Dr. Birgitt Haller<br />
Dr. Wolfgang Knopf (IFF)</td>
</tr>
<tr>
<td style="width: 15.8421%;">
<hr />
</td>
<td style="width: 43.3867%;">
<hr />
</td>
<td style="width: 40.7711%;"></td>
</tr>
<tr>
<td style="width: 15.8421%;">Kooperation:</td>
<td style="width: 43.3867%;">Institut für interdisziplinäre Forschung und Fortbildung (IFF)</td>
<td style="width: 40.7711%;"></td>
</tr>
<tr style="height: 24px;">
<td style="width: 15.8421%; height: 24px;">
<hr />
</td>
<td style="width: 43.3867%; height: 24px;">
<hr />
</td>
<td style="width: 40.7711%; height: 24px;"></td>
</tr>
<tr style="height: 24px;">
<td style="width: 15.8421%; height: 24px;">Funded by:</td>
<td style="width: 84.1578%; height: 24px;" colspan="2">Bruno Kreisky Forum für Internationalen Dialog</td>
</tr>
<tr style="height: 24px;">
<td style="width: 15.8421%; height: 24px;">
<hr />
</td>
<td style="width: 43.3867%; height: 24px;">
<hr />
</td>
<td style="width: 40.7711%; height: 24px;"></td>
</tr>
<tr style="height: 24px;">
<td style="width: 15.8421%; height: 24px;">Completed in:</td>
<td style="height: 24px; width: 84.1578%;" colspan="2">Jänner 1998</td>
</tr>
</tbody>
</table>
</div>
</div></div></div></div></div>


<div style="color:#404168" class="wp-block-genesis-blocks-gb-spacer gb-block-spacer gb-divider-solid gb-spacer-divider gb-divider-size-1"><hr style="height:3px"/></div>



<div style="color:#404168" class="wp-block-genesis-blocks-gb-spacer gb-block-spacer gb-divider-solid gb-divider-size-1"><hr style="height:10px"/></div>


<div id="pl-gb2366-69f2525b0d8bf"  class="panel-layout" ><div id="pg-gb2366-69f2525b0d8bf-0"  class="panel-grid panel-no-style" ><div id="pgc-gb2366-69f2525b0d8bf-0-0"  class="panel-grid-cell panel-grid-cell-empty" ></div><div id="pgc-gb2366-69f2525b0d8bf-0-1"  class="panel-grid-cell panel-grid-cell-mobile-last" ><div id="panel-gb2366-69f2525b0d8bf-0-1-0" class="so-panel widget widget_text panel-first-child panel-last-child" data-index="0" >			<div class="textwidget"><p align="justify">Das Bruno Kreisky Forum für Internationalen Dialog führt seit 1994 das Nahost Jugendfriedensforum durch, das auf eine österreichische Initiative vom Jahresende 1992 zurückgeht. Insgesamt wurden bis jetzt drei große internationale Treffen abgehalten: 1994 und 1995 in Österreich, 1996 im Nahen Osten. Die Leitidee des Nahost Jugendfriedensforums besteht im Versuch, den Konflikt im Nahen Osten mit Jugendlichen aus Israel, den besetzten Gebieten, Jordanien, Ägypten und Österreich bearbeitbar zu machen und dabei eine Form von Konfliktbewältigung für jetzt und für die Zukunft zu entwickeln. Voraussetzung dafür ist, die vorhandene psychologische Kluft zu überbrücken und gegenseitiges Verständnis zu fördern. Gemeinsame Aktivitäten der Jugendlichen in der Region, die in Form von Projekten durchgeführt werden, sollen die Kontakte vertiefen und die Kontinuität des Projektes über die gemeinsamen Treffen hinaus gewährleisten.</p>
<p align="justify">Seit 1995 wird die Möglichkeit einer Erweiterung des Nahost Jugendfriedensforums um TeilnehmerInnen aus anderen Mittelmeerländern diskutiert. Vor allem diese Überlegung führte dazu, die bisherige Tätigkeit des Friedensforums evaluieren zu lassen.</p>
<p>Ziel der Evaluation war es zu untersuchen,</p>
<ul>
<li align="justify">welche Ergebnisse, Erkenntnisse aus der Sicht der beteiligten Personen in und durch die Tätigkeiten in den Friedensforen in welcher Form erarbeitet wurden;</li>
<li>ob diese Ergebnisse mit den gesteckten Zielen übereinstimmen;</li>
<li>ob das zentrale Anliegen, ein Forum für Konfliktregelungen zu sein, erreicht worden ist und</li>
<li>ob das Konzept des Nahost Jugendfriedensforums Modellcharakter besitzt und damit auch für einen Einsatz in anderen Konfliktregionen geeignet ist.</li>
</ul>
<p align="justify">Für die Evaluation wurde ein dreiphasiges Design von Dokumentation, Erhebung und Auswertung entwickelt. Dokumentation und Auswertung erfolgten in Wien, die Erhebungsphase, die Einzel-/Gruppeninterviews wie die teilnehmende Beobachtung des Seminars zur Jugendleiterausbildung umfaßt, wurde in Österreich, Israel und Jordanien durchgeführt.</p>
</div>
		</div></div><div id="pgc-gb2366-69f2525b0d8bf-0-2"  class="panel-grid-cell panel-grid-cell-empty" ></div></div></div>


<div style="color:#333" class="wp-block-genesis-blocks-gb-spacer gb-block-spacer gb-divider-solid gb-spacer-divider gb-divider-size-1"><hr style="height:100px"/></div>
</div></div></div>
