{"id":2352,"date":"2021-03-25T12:55:59","date_gmt":"2021-03-25T12:55:59","guid":{"rendered":"http:\/\/test-ikf.online\/?page_id=2352"},"modified":"2021-03-25T12:57:17","modified_gmt":"2021-03-25T12:57:17","slug":"2005-privileg-der-unsichtbarkeit","status":"publish","type":"page","link":"https:\/\/ikf.ac.at\/en\/schwerpunkte\/cleavages\/antisemitismus\/2005-privileg-der-unsichtbarkeit","title":{"rendered":"2005: Das Privileg der Unsichtbarkeit"},"content":{"rendered":"<div class=\"wp-block-atomic-blocks-ab-container alignfull ab-block-container\"><div class=\"ab-container-inside\"><div class=\"ab-container-content\"><div id=\"pl-gb2352-69f23ffbeb845\"  class=\"panel-layout\" ><div id=\"pg-gb2352-69f23ffbeb845-0\"  class=\"panel-grid panel-no-style\" ><div id=\"pgc-gb2352-69f23ffbeb845-0-0\"  class=\"panel-grid-cell\" ><div id=\"panel-gb2352-69f23ffbeb845-0-0-0\" class=\"so-panel widget widget_media_image panel-first-child panel-last-child\" data-index=\"0\" ><img loading=\"lazy\" decoding=\"async\" width=\"2554\" height=\"10\" src=\"https:\/\/ikf.ac.at\/wp-content\/uploads\/2021\/01\/linie_IKF.jpg\" class=\"image wp-image-754  attachment-full size-full\" alt=\"\" style=\"max-width: 100%; height: auto;\" srcset=\"https:\/\/ikf.ac.at\/wp-content\/uploads\/2021\/01\/linie_IKF.jpg 2554w, https:\/\/ikf.ac.at\/wp-content\/uploads\/2021\/01\/linie_IKF-300x1.jpg 300w, https:\/\/ikf.ac.at\/wp-content\/uploads\/2021\/01\/linie_IKF-1024x4.jpg 1024w, https:\/\/ikf.ac.at\/wp-content\/uploads\/2021\/01\/linie_IKF-768x3.jpg 768w, https:\/\/ikf.ac.at\/wp-content\/uploads\/2021\/01\/linie_IKF-1536x6.jpg 1536w, https:\/\/ikf.ac.at\/wp-content\/uploads\/2021\/01\/linie_IKF-2048x8.jpg 2048w\" sizes=\"auto, (max-width: 2554px) 100vw, 2554px\" \/><\/div><\/div><\/div><\/div>\n\n\n<div style=\"color:#ddd\" class=\"wp-block-genesis-blocks-gb-spacer gb-block-spacer gb-divider-solid gb-divider-size-1\"><hr style=\"height:30px\"\/><\/div>\n\n\n<div id=\"pl-gb2352-69f23ffbebd9a\"  class=\"panel-layout\" ><div id=\"pg-gb2352-69f23ffbebd9a-0\"  class=\"panel-grid panel-no-style\" ><div id=\"pgc-gb2352-69f23ffbebd9a-0-0\"  class=\"panel-grid-cell panel-grid-cell-empty\" ><\/div><div id=\"pgc-gb2352-69f23ffbebd9a-0-1\"  class=\"panel-grid-cell\" ><div id=\"panel-gb2352-69f23ffbebd9a-0-1-0\" class=\"so-panel widget widget_sow-editor panel-first-child panel-last-child\" data-index=\"0\" ><div\n\t\t\t\n\t\t\tclass=\"so-widget-sow-editor so-widget-sow-editor-base\"\n\t\t\t\n\t\t>\n<div class=\"siteorigin-widget-tinymce textwidget\">\n\t<table style=\"height: 100px; width: 100%; border-collapse: collapse;\" border=\"1\" cellpadding=\"2\">\n<tbody>\n<tr style=\"height: 24px;\">\n<td style=\"width: 15.8421%; height: 24px;\">Project management:<\/td>\n<td style=\"width: 84.1578%; height: 24px;\" colspan=\"2\">Univ.Prof. Dr. Anton Pelinka<\/td>\n<\/tr>\n<tr>\n<td style=\"width: 15.8421%;\">\n<hr \/>\n<\/td>\n<td style=\"width: 49.5695%;\">\n<hr \/>\n<\/td>\n<td style=\"width: 34.5883%; height: 24px;\"><\/td>\n<\/tr>\n<tr>\n<td style=\"width: 15.8421%;\">Implementation:<\/td>\n<td style=\"width: 84.1578%;\" colspan=\"2\">Dr.<sup>in<\/sup> Helga Amesberger<br \/>\nDr.<sup>in<\/sup> Brigitte Halbmayr<\/td>\n<\/tr>\n<tr>\n<td style=\"width: 15.8421%;\">\n<hr \/>\n<\/td>\n<td style=\"width: 49.5695%;\">\n<hr \/>\n<\/td>\n<td style=\"width: 34.5883%;\"><\/td>\n<\/tr>\n<tr>\n<td style=\"width: 15.8421%;\">Funded by:<\/td>\n<td style=\"width: 84.1578%;\" colspan=\"2\">Jubil\u00e4umsfonds der \u00d6sterreichischen Nationalbank, Projekt Nr. 11160<\/td>\n<\/tr>\n<tr>\n<td style=\"width: 15.8421%;\">\n<hr \/>\n<\/td>\n<td style=\"width: 49.5695%;\">\n<hr \/>\n<\/td>\n<td style=\"width: 34.5883%; height: 24px;\"><\/td>\n<\/tr>\n<tr style=\"height: 24px;\">\n<td style=\"width: 15.8421%; height: 24px;\">Completed in:<\/td>\n<td style=\"height: 24px; width: 84.1578%;\" colspan=\"2\">Dezember 2005<\/td>\n<\/tr>\n<\/tbody>\n<\/table>\n<\/div>\n<\/div><\/div><\/div><\/div><\/div>\n\n\n<div style=\"color:#404168\" class=\"wp-block-genesis-blocks-gb-spacer gb-block-spacer gb-divider-solid gb-spacer-divider gb-divider-size-1\"><hr style=\"height:3px\"\/><\/div>\n\n\n\n<div style=\"color:#404168\" class=\"wp-block-genesis-blocks-gb-spacer gb-block-spacer gb-divider-solid gb-divider-size-1\"><hr style=\"height:10px\"\/><\/div>\n\n\n<div id=\"pl-gb2352-69f23ffbec467\"  class=\"panel-layout\" ><div id=\"pg-gb2352-69f23ffbec467-0\"  class=\"panel-grid panel-no-style\" ><div id=\"pgc-gb2352-69f23ffbec467-0-0\"  class=\"panel-grid-cell panel-grid-cell-empty\" ><\/div><div id=\"pgc-gb2352-69f23ffbec467-0-1\"  class=\"panel-grid-cell panel-grid-cell-mobile-last\" ><div id=\"panel-gb2352-69f23ffbec467-0-1-0\" class=\"so-panel widget widget_text panel-first-child panel-last-child\" data-index=\"0\" >\t\t\t<div class=\"textwidget\"><p align=\"justify\">Ausgangspunkt der Studie ist das multidisziplin\u00e4re Forschungsfeld der Critical-Whiteness-Studies (CWS) in den USA und im deutschsprachigen Raum. Die Besonderheit\/Novit\u00e4t der CWS, welche in der Rassismusforschung verankert sind, besteht in der systematischen Ber\u00fccksichtigung und Reflexion von whiteness\/Wei\u00df-Sein als ein System der Privilegierung und Dominanz und im Perspektivenwechsel von den rassistisch Diskriminierten hin zu den Diskriminierenden. Vor dem Hintergrund der bereits stattfindenden Rezeption des prim\u00e4r US-amerikanischen wissenschaftlichen Diskurses wird der Frage nachgegangen, welche Relevanz die Ans\u00e4tze der CWS f\u00fcr die Rassismusforschung im deutschsprachigen Kontext haben k\u00f6nnen. Weiters stellen wir die Frage, ob nicht der \u00e4hnlich gelagerte, im deutschen Kontext von Birgit Rommelspacher (1995) entwickelte Dominanzkultur-Ansatz, welcher aber bislang kaum rezipiert wurde, ad\u00e4quater f\u00fcr die Analyse von gesellschaftlicher Ungleichheit w\u00e4re. In der inhaltskritischen Analyse der prim\u00e4r sozialwissenschaftlichen Texte fokussieren wir auf die grundlegenden Begriffe der CWS, auf Intersectionality, Macht und den Perspektivenwechsel.<\/p>\n<p align=\"justify\">Die an den Beginn gestellte Diskussion der grundlegenden Begriffe der CWS &#8211; race und whiteness &#8211; hat zum Ziel, die epistemologischen Grundlagen und Bedeutungen im Hinblick auf deren \u00dcbertragbarkeit in den deutschsprachigen Kontext herauszuarbeiten, aber auch der Frage nachzugehen, ob Begriffe wie race\/&#8221;Rasse&#8221; und whiteness\/Wei\u00df-Sein das &#8220;Rassedenken&#8221; erneuern und perpetuieren.<\/p>\n<p align=\"justify\">Mit der Studie erfolgt eine, bislang weder in den USA noch im deutschsprachigen Raum geschehene, umfassende und systematische Rekonstruktion und Dekonstruktion der Debatte zu whiteness. Die Konzepte der CWS stellen wir schlie\u00dflich dem Dominanzkultur-Ansatz gegen\u00fcber, der Rassismus ebenfalls als zentrales Unterdr\u00fcckungssystem begreift, dieses jedoch mit anderen Dimensionen asymmetrischer Machtverh\u00e4ltnisse, wie etwa Sexismus, Nationalismus, Behindertenfeindlichkeit, Homophobie etc. in Beziehung setzt. Die Omnipr\u00e4senz und Multidimensionalti\u00e4t von Machtverh\u00e4ltnissen und deren relative Unsichtbarkeit sind Grundelemente in der Entwicklung und Persistenz von Dominanz, welche f\u00fcr sich die Definitionsmacht und \u00dcberlegenheit beansprucht.<\/p>\n<p align=\"justify\">Die zentralen Potentiale beider Ans\u00e4tze, n\u00e4mlich der konsequente Fokuswechsel auf die dominanten Gesellschaftsgruppen und Strukturen, die Sichtbarmachung der dominanten Normen, Institutionen und Repr\u00e4sentationen, die die Hegemonie der Mehrheitsgesellschaft st\u00e4rken, sowie der Blick auf Privilegierung der dominanten Gruppen k\u00f6nnten der \u00f6sterreichischen Rassismusforschung wichtige Impulse geben.<\/p>\n<\/div>\n\t\t<\/div><\/div><div id=\"pgc-gb2352-69f23ffbec467-0-2\"  class=\"panel-grid-cell panel-grid-cell-empty\" ><\/div><\/div><\/div>\n\n\n<div style=\"color:#333\" class=\"wp-block-genesis-blocks-gb-spacer gb-block-spacer gb-divider-solid gb-spacer-divider gb-divider-size-1\"><hr style=\"height:100px\"\/><\/div>\n<\/div><\/div><\/div>","protected":false},"excerpt":{"rendered":"","protected":false},"author":2,"featured_media":0,"parent":486,"menu_order":35,"comment_status":"closed","ping_status":"closed","template":"","meta":{"footnotes":""},"class_list":["post-2352","page","type-page","status-publish","hentry","post"],"featured_image_src":null,"featured_image_src_square":null,"_links":{"self":[{"href":"https:\/\/ikf.ac.at\/en\/wp-json\/wp\/v2\/pages\/2352","targetHints":{"allow":["GET"]}}],"collection":[{"href":"https:\/\/ikf.ac.at\/en\/wp-json\/wp\/v2\/pages"}],"about":[{"href":"https:\/\/ikf.ac.at\/en\/wp-json\/wp\/v2\/types\/page"}],"author":[{"embeddable":true,"href":"https:\/\/ikf.ac.at\/en\/wp-json\/wp\/v2\/users\/2"}],"replies":[{"embeddable":true,"href":"https:\/\/ikf.ac.at\/en\/wp-json\/wp\/v2\/comments?post=2352"}],"version-history":[{"count":2,"href":"https:\/\/ikf.ac.at\/en\/wp-json\/wp\/v2\/pages\/2352\/revisions"}],"predecessor-version":[{"id":2354,"href":"https:\/\/ikf.ac.at\/en\/wp-json\/wp\/v2\/pages\/2352\/revisions\/2354"}],"up":[{"embeddable":true,"href":"https:\/\/ikf.ac.at\/en\/wp-json\/wp\/v2\/pages\/486"}],"wp:attachment":[{"href":"https:\/\/ikf.ac.at\/en\/wp-json\/wp\/v2\/media?parent=2352"}],"curies":[{"name":"wp","href":"https:\/\/api.w.org\/{rel}","templated":true}]}}

<div class="wp-block-atomic-blocks-ab-container alignfull ab-block-container"><div class="ab-container-inside"><div class="ab-container-content"><div id="pl-gb2352-69f23ffbeb845"  class="panel-layout" ><div id="pg-gb2352-69f23ffbeb845-0"  class="panel-grid panel-no-style" ><div id="pgc-gb2352-69f23ffbeb845-0-0"  class="panel-grid-cell" ><div id="panel-gb2352-69f23ffbeb845-0-0-0" class="so-panel widget widget_media_image panel-first-child panel-last-child" data-index="0" ><img loading="lazy" decoding="async" width="2554" height="10" src="https://ikf.ac.at/wp-content/uploads/2021/01/linie_IKF.jpg" class="image wp-image-754  attachment-full size-full" alt="" style="max-width: 100%; height: auto;" srcset="https://ikf.ac.at/wp-content/uploads/2021/01/linie_IKF.jpg 2554w, https://ikf.ac.at/wp-content/uploads/2021/01/linie_IKF-300x1.jpg 300w, https://ikf.ac.at/wp-content/uploads/2021/01/linie_IKF-1024x4.jpg 1024w, https://ikf.ac.at/wp-content/uploads/2021/01/linie_IKF-768x3.jpg 768w, https://ikf.ac.at/wp-content/uploads/2021/01/linie_IKF-1536x6.jpg 1536w, https://ikf.ac.at/wp-content/uploads/2021/01/linie_IKF-2048x8.jpg 2048w" sizes="auto, (max-width: 2554px) 100vw, 2554px" /></div></div></div></div>


<div style="color:#ddd" class="wp-block-genesis-blocks-gb-spacer gb-block-spacer gb-divider-solid gb-divider-size-1"><hr style="height:30px"/></div>


<div id="pl-gb2352-69f23ffbebd9a"  class="panel-layout" ><div id="pg-gb2352-69f23ffbebd9a-0"  class="panel-grid panel-no-style" ><div id="pgc-gb2352-69f23ffbebd9a-0-0"  class="panel-grid-cell panel-grid-cell-empty" ></div><div id="pgc-gb2352-69f23ffbebd9a-0-1"  class="panel-grid-cell" ><div id="panel-gb2352-69f23ffbebd9a-0-1-0" class="so-panel widget widget_sow-editor panel-first-child panel-last-child" data-index="0" ><div
			
			class="so-widget-sow-editor so-widget-sow-editor-base"
			
		>
<div class="siteorigin-widget-tinymce textwidget">
	<table style="height: 100px; width: 100%; border-collapse: collapse;" border="1" cellpadding="2">
<tbody>
<tr style="height: 24px;">
<td style="width: 15.8421%; height: 24px;">Project management:</td>
<td style="width: 84.1578%; height: 24px;" colspan="2">Univ.Prof. Dr. Anton Pelinka</td>
</tr>
<tr>
<td style="width: 15.8421%;">
<hr />
</td>
<td style="width: 49.5695%;">
<hr />
</td>
<td style="width: 34.5883%; height: 24px;"></td>
</tr>
<tr>
<td style="width: 15.8421%;">Implementation:</td>
<td style="width: 84.1578%;" colspan="2">Dr.<sup>in</sup> Helga Amesberger<br />
Dr.<sup>in</sup> Brigitte Halbmayr</td>
</tr>
<tr>
<td style="width: 15.8421%;">
<hr />
</td>
<td style="width: 49.5695%;">
<hr />
</td>
<td style="width: 34.5883%;"></td>
</tr>
<tr>
<td style="width: 15.8421%;">Funded by:</td>
<td style="width: 84.1578%;" colspan="2">Jubiläumsfonds der Österreichischen Nationalbank, Projekt Nr. 11160</td>
</tr>
<tr>
<td style="width: 15.8421%;">
<hr />
</td>
<td style="width: 49.5695%;">
<hr />
</td>
<td style="width: 34.5883%; height: 24px;"></td>
</tr>
<tr style="height: 24px;">
<td style="width: 15.8421%; height: 24px;">Completed in:</td>
<td style="height: 24px; width: 84.1578%;" colspan="2">Dezember 2005</td>
</tr>
</tbody>
</table>
</div>
</div></div></div></div></div>


<div style="color:#404168" class="wp-block-genesis-blocks-gb-spacer gb-block-spacer gb-divider-solid gb-spacer-divider gb-divider-size-1"><hr style="height:3px"/></div>



<div style="color:#404168" class="wp-block-genesis-blocks-gb-spacer gb-block-spacer gb-divider-solid gb-divider-size-1"><hr style="height:10px"/></div>


<div id="pl-gb2352-69f23ffbec467"  class="panel-layout" ><div id="pg-gb2352-69f23ffbec467-0"  class="panel-grid panel-no-style" ><div id="pgc-gb2352-69f23ffbec467-0-0"  class="panel-grid-cell panel-grid-cell-empty" ></div><div id="pgc-gb2352-69f23ffbec467-0-1"  class="panel-grid-cell panel-grid-cell-mobile-last" ><div id="panel-gb2352-69f23ffbec467-0-1-0" class="so-panel widget widget_text panel-first-child panel-last-child" data-index="0" >			<div class="textwidget"><p align="justify">Ausgangspunkt der Studie ist das multidisziplinäre Forschungsfeld der Critical-Whiteness-Studies (CWS) in den USA und im deutschsprachigen Raum. Die Besonderheit/Novität der CWS, welche in der Rassismusforschung verankert sind, besteht in der systematischen Berücksichtigung und Reflexion von whiteness/Weiß-Sein als ein System der Privilegierung und Dominanz und im Perspektivenwechsel von den rassistisch Diskriminierten hin zu den Diskriminierenden. Vor dem Hintergrund der bereits stattfindenden Rezeption des primär US-amerikanischen wissenschaftlichen Diskurses wird der Frage nachgegangen, welche Relevanz die Ansätze der CWS für die Rassismusforschung im deutschsprachigen Kontext haben können. Weiters stellen wir die Frage, ob nicht der ähnlich gelagerte, im deutschen Kontext von Birgit Rommelspacher (1995) entwickelte Dominanzkultur-Ansatz, welcher aber bislang kaum rezipiert wurde, adäquater für die Analyse von gesellschaftlicher Ungleichheit wäre. In der inhaltskritischen Analyse der primär sozialwissenschaftlichen Texte fokussieren wir auf die grundlegenden Begriffe der CWS, auf Intersectionality, Macht und den Perspektivenwechsel.</p>
<p align="justify">Die an den Beginn gestellte Diskussion der grundlegenden Begriffe der CWS &#8211; race und whiteness &#8211; hat zum Ziel, die epistemologischen Grundlagen und Bedeutungen im Hinblick auf deren Übertragbarkeit in den deutschsprachigen Kontext herauszuarbeiten, aber auch der Frage nachzugehen, ob Begriffe wie race/&#8221;Rasse&#8221; und whiteness/Weiß-Sein das &#8220;Rassedenken&#8221; erneuern und perpetuieren.</p>
<p align="justify">Mit der Studie erfolgt eine, bislang weder in den USA noch im deutschsprachigen Raum geschehene, umfassende und systematische Rekonstruktion und Dekonstruktion der Debatte zu whiteness. Die Konzepte der CWS stellen wir schließlich dem Dominanzkultur-Ansatz gegenüber, der Rassismus ebenfalls als zentrales Unterdrückungssystem begreift, dieses jedoch mit anderen Dimensionen asymmetrischer Machtverhältnisse, wie etwa Sexismus, Nationalismus, Behindertenfeindlichkeit, Homophobie etc. in Beziehung setzt. Die Omnipräsenz und Multidimensionaltiät von Machtverhältnissen und deren relative Unsichtbarkeit sind Grundelemente in der Entwicklung und Persistenz von Dominanz, welche für sich die Definitionsmacht und Überlegenheit beansprucht.</p>
<p align="justify">Die zentralen Potentiale beider Ansätze, nämlich der konsequente Fokuswechsel auf die dominanten Gesellschaftsgruppen und Strukturen, die Sichtbarmachung der dominanten Normen, Institutionen und Repräsentationen, die die Hegemonie der Mehrheitsgesellschaft stärken, sowie der Blick auf Privilegierung der dominanten Gruppen könnten der österreichischen Rassismusforschung wichtige Impulse geben.</p>
</div>
		</div></div><div id="pgc-gb2352-69f23ffbec467-0-2"  class="panel-grid-cell panel-grid-cell-empty" ></div></div></div>


<div style="color:#333" class="wp-block-genesis-blocks-gb-spacer gb-block-spacer gb-divider-solid gb-spacer-divider gb-divider-size-1"><hr style="height:100px"/></div>
</div></div></div>
