{"id":2348,"date":"2021-03-25T11:32:14","date_gmt":"2021-03-25T11:32:14","guid":{"rendered":"http:\/\/test-ikf.online\/?page_id=2348"},"modified":"2021-03-25T11:33:28","modified_gmt":"2021-03-25T11:33:28","slug":"2005-identitaet-juedischer-frauen-in-oesterreich","status":"publish","type":"page","link":"https:\/\/ikf.ac.at\/en\/schwerpunkte\/cleavages\/antisemitismus\/2005-identitaet-juedischer-frauen-in-oesterreich","title":{"rendered":"2005: Antisemitisch-misogyne Stereotype und deren Auswirkungen auf die Identit\u00e4t j\u00fcdischer Frauen in \u00d6sterreich"},"content":{"rendered":"<div class=\"wp-block-atomic-blocks-ab-container alignfull ab-block-container\"><div class=\"ab-container-inside\"><div class=\"ab-container-content\"><div id=\"pl-gb2348-69f23fdb70cf8\"  class=\"panel-layout\" ><div id=\"pg-gb2348-69f23fdb70cf8-0\"  class=\"panel-grid panel-no-style\" ><div id=\"pgc-gb2348-69f23fdb70cf8-0-0\"  class=\"panel-grid-cell\" ><div id=\"panel-gb2348-69f23fdb70cf8-0-0-0\" class=\"so-panel widget widget_media_image panel-first-child panel-last-child\" data-index=\"0\" ><img loading=\"lazy\" decoding=\"async\" width=\"2554\" height=\"10\" src=\"https:\/\/ikf.ac.at\/wp-content\/uploads\/2021\/01\/linie_IKF.jpg\" class=\"image wp-image-754  attachment-full size-full\" alt=\"\" style=\"max-width: 100%; height: auto;\" srcset=\"https:\/\/ikf.ac.at\/wp-content\/uploads\/2021\/01\/linie_IKF.jpg 2554w, https:\/\/ikf.ac.at\/wp-content\/uploads\/2021\/01\/linie_IKF-300x1.jpg 300w, https:\/\/ikf.ac.at\/wp-content\/uploads\/2021\/01\/linie_IKF-1024x4.jpg 1024w, https:\/\/ikf.ac.at\/wp-content\/uploads\/2021\/01\/linie_IKF-768x3.jpg 768w, https:\/\/ikf.ac.at\/wp-content\/uploads\/2021\/01\/linie_IKF-1536x6.jpg 1536w, https:\/\/ikf.ac.at\/wp-content\/uploads\/2021\/01\/linie_IKF-2048x8.jpg 2048w\" sizes=\"auto, (max-width: 2554px) 100vw, 2554px\" \/><\/div><\/div><\/div><\/div>\n\n\n<div style=\"color:#ddd\" class=\"wp-block-genesis-blocks-gb-spacer gb-block-spacer gb-divider-solid gb-divider-size-1\"><hr style=\"height:30px\"\/><\/div>\n\n\n<div id=\"pl-gb2348-69f23fdb71330\"  class=\"panel-layout\" ><div id=\"pg-gb2348-69f23fdb71330-0\"  class=\"panel-grid panel-no-style\" ><div id=\"pgc-gb2348-69f23fdb71330-0-0\"  class=\"panel-grid-cell panel-grid-cell-empty\" ><\/div><div id=\"pgc-gb2348-69f23fdb71330-0-1\"  class=\"panel-grid-cell\" ><div id=\"panel-gb2348-69f23fdb71330-0-1-0\" class=\"so-panel widget widget_sow-editor panel-first-child panel-last-child\" data-index=\"0\" ><div\n\t\t\t\n\t\t\tclass=\"so-widget-sow-editor so-widget-sow-editor-base\"\n\t\t\t\n\t\t>\n<div class=\"siteorigin-widget-tinymce textwidget\">\n\t<table style=\"height: 100px; width: 100%; border-collapse: collapse;\" border=\"1\" cellpadding=\"2\">\n<tbody>\n<tr style=\"height: 24px;\">\n<td style=\"width: 15.8421%; height: 24px;\">Project management:<\/td>\n<td style=\"width: 84.1578%; height: 24px;\" colspan=\"2\">Univ.-Prof.<sup>in<\/sup> Dr.<sup>in<\/sup> Christine Goldberg<\/td>\n<\/tr>\n<tr>\n<td style=\"width: 15.8421%;\">\n<hr \/>\n<\/td>\n<td style=\"width: 46.5326%;\">\n<hr \/>\n<\/td>\n<td style=\"width: 37.6252%; height: 24px;\"><\/td>\n<\/tr>\n<tr>\n<td style=\"width: 15.8421%;\">Implementation:<\/td>\n<td style=\"width: 84.1578%;\" colspan=\"2\">MMag.<sup>a<\/sup> Karin St\u00f6gner<\/td>\n<\/tr>\n<tr>\n<td style=\"width: 15.8421%;\">\n<hr \/>\n<\/td>\n<td style=\"width: 46.5326%;\">\n<hr \/>\n<\/td>\n<td style=\"width: 37.6252%;\"><\/td>\n<\/tr>\n<tr>\n<td style=\"width: 15.8421%;\">Funded by:<\/td>\n<td style=\"width: 84.1578%;\" colspan=\"2\">Jubil\u00e4umsfonds der \u00d6sterreichischen Nationalbank, Projekt Nr. 10671<\/td>\n<\/tr>\n<tr>\n<td style=\"width: 15.8421%;\">\n<hr \/>\n<\/td>\n<td style=\"width: 46.5326%;\">\n<hr \/>\n<\/td>\n<td style=\"width: 37.6252%; height: 24px;\"><\/td>\n<\/tr>\n<tr style=\"height: 24px;\">\n<td style=\"width: 15.8421%; height: 24px;\">Completed in:<\/td>\n<td style=\"height: 24px; width: 84.1578%;\" colspan=\"2\">Juli 2005<\/td>\n<\/tr>\n<tr>\n<td style=\"width: 15.8421%;\">\n<hr \/>\n<\/td>\n<td style=\"width: 46.5326%;\">\n<hr \/>\n<\/td>\n<td style=\"width: 37.6252%;\"><\/td>\n<\/tr>\n<tr>\n<td style=\"width: 15.8421%;\"><\/td>\n<td style=\"width: 46.5326%;\" valign=\"top\" width=\"80%\"><img loading=\"lazy\" decoding=\"async\" src=\"http:\/\/www.ikf.ac.at\/design\/images\/Document%20Folder.png\" width=\"28\" height=\"28\" align=\"left\" \/> <a href=\"https:\/\/ikf.ac.at\/wp-content\/uploads\/2021\/03\/Idenditaet_juedischer_Frauen_in_Oesterreich.pdf\" target=\"_blank\" rel=\"noopener\">Final Report (german)<\/a><\/td>\n<td style=\"width: 37.6252%;\"><\/td>\n<\/tr>\n<\/tbody>\n<\/table>\n<\/div>\n<\/div><\/div><\/div><\/div><\/div>\n\n\n<div style=\"color:#404168\" class=\"wp-block-genesis-blocks-gb-spacer gb-block-spacer gb-divider-solid gb-spacer-divider gb-divider-size-1\"><hr style=\"height:3px\"\/><\/div>\n\n\n\n<div style=\"color:#404168\" class=\"wp-block-genesis-blocks-gb-spacer gb-block-spacer gb-divider-solid gb-divider-size-1\"><hr style=\"height:10px\"\/><\/div>\n\n\n<div id=\"pl-gb2348-69f23fdb719bf\"  class=\"panel-layout\" ><div id=\"pg-gb2348-69f23fdb719bf-0\"  class=\"panel-grid panel-no-style\" ><div id=\"pgc-gb2348-69f23fdb719bf-0-0\"  class=\"panel-grid-cell panel-grid-cell-empty\" ><\/div><div id=\"pgc-gb2348-69f23fdb719bf-0-1\"  class=\"panel-grid-cell panel-grid-cell-mobile-last\" ><div id=\"panel-gb2348-69f23fdb719bf-0-1-0\" class=\"so-panel widget widget_text panel-first-child panel-last-child\" data-index=\"0\" >\t\t\t<div class=\"textwidget\"><p align=\"justify\">Gegenstand dieses Projekts ist das Ineinanderwirken von antisemitischen und misogynen Stereotypen auf gesellschaftlicher Ebene. Wenngleich es um die Auffindung von Affinit\u00e4ten von Antisemitismus und Antifeminismus zu tun ist, werden beide jedoch nicht als identische Ph\u00e4nomene behandelt. Die Frage ist, wie die Diskriminierung von Juden\/ J\u00fcdinnen und so genannten &#8220;devianten&#8221; Frauen (Frauenrechtlerinnen, Feministinnen, emanzipierten und intellektuellen Frauen etc.) gesellschaftlich zusammenspielt, wie die diesbez\u00fcglichen Projektionen jeweils geartet sind, aus welchen unaufgearbeiteten psychischen, historischen und politisch-sozialen Reservoirs sie sich n\u00e4hren und inwieweit sie funktional \u00e4quivalente Ph\u00e4\u00e4nomene sind.<\/p>\n<p align=\"justify\">Das Ineinanderwirken von antisemitischen und misogynen Stereotypen wird vor allem um die Wende vom neunzehnten zum zwanzigsten Jahrhundert virulent und schl\u00e4gt sich in spezifisch vergeschlechtlichten Repr\u00e4sentationen des &#8220;J\u00fcdischen&#8221; nieder \u2013 in Bildern, denen eine projizierte \u00dcberschreitung der Geschlechtergrenzen inh\u00e4rent ist: die &#8220;maskulinisierte J\u00fcdin&#8221; und der &#8220;effeminierte Jude&#8221;. Der als abnormal imaginierte &#8220;j\u00fcdische K\u00f6rper&#8221; wurde zum Ort der Inszenierung des &#8220;Anderen&#8221; schlechthin. Solche Projektionen der Zwischengeschlechtlichkeit treffen jedoch auch &#8220;deviante Frauen&#8221;, denen das Stereotyp des &#8220;Mannweibs&#8221; und der verschlingend-gef\u00e4hrlichen weiblichen Sexualit\u00e4t aufgepr\u00e4gt wurde. Die Vorstellungen von der &#8220;sexuellen Frau&#8221;, die in der M\u00e4nnerwelt zugleich gehasst, gef\u00fcrchtet und scheinbar unheimlich begehrt wird, wurde in den bildlichen und literarischen Darstellungen zumal im Fin de Si\u00e8cle an alttestamentarischen Frauenfiguren festgemacht: an Judith, Salome und Dalila. Die weibliche Sexualit\u00e4t wurde angerufen, um sie gleichzeitig zu bannen.<\/p>\n<p align=\"justify\">Historisch-gesellschaftlicher Hintergrund dieser Repr\u00e4sentationen ist vor allem die Gegnerschaft zur j\u00fcdischen und weiblichen Emanzipation. Dem Aufbrechen sozialer Ausschlussmechanismen, von denen J\u00fcdinnen\/ Juden und Frauen auf je verschiedene Weise die gesamte zivilisatorische Entwicklung der europ\u00e4ischen Gesellschaften hindurch betroffen waren, wurde ab der zweiten H\u00e4lfte des neunzehnten Jahrhunderts von Seiten der m\u00e4nnlich und nicht-j\u00fcdisch bestimmten Mehrheitsgesellschaft mit der R\u00fcckbindung von J\u00fcdinnen\/ Juden und Frauen auf geschlechtsspezifische und rassistisch-antisemitische Konstruktionen geantwortet.Ihre durchdringende gesellschaftliche Wirkungsmacht erlangten diese neuen Ausschlussmechanismen durch ihre Verschmelzung zu widerspr\u00fcchlichen Repr\u00e4sentationen. Vorausgegangen war dem eine Entpersonalisierung sowohl von J\u00fcdinnen\/ Juden als auch von Frauen, von deren je eigent\u00fcmlichen individuellen Eigenheiten abstrahiert wurde. Die solcherart entstandenen Figuren des &#8220;Juden&#8221;, der &#8220;J\u00fcdin&#8221; und der &#8220;Frau&#8221; wurden zu Repr\u00e4sentantInnen des &#8220;Anderen&#8221; schlechthin, zum absoluten Gegenprinzip des sich verh\u00e4rtenden Kollektivs. Sie lie\u00dfen sich je nach den Bed\u00fcrfnissen der Angeh\u00f6rigen der Mehrheitsgesellschaft nach Kompensation und Kanalisierung von Unlustgef\u00fchlen und verdr\u00e4ngten Triebregungen mit den widerspr\u00fcchlichsten Gehalten f\u00fcllen. Die Repr\u00e4sentationen des &#8220;J\u00fcdischen&#8221; und des &#8220;Weiblichen&#8221; sind denn auch nichts anderes als Produkte einer kollektiven Trieb\u00f6konomie, deren pathische Z\u00fcge unaufgearbeiteten \u00c4ngsten ebenso wie unbefriedigten Begierden geschuldet sind.<\/p>\n<p align=\"justify\">Auffallend ist, dass die nationalsozialistische Propaganda auf solche J\u00fcdinnen-Bilder verzichtet. Die rassistische antisemitische Agitation richtete sich in der kollektiven Imagerie gegen den &#8220;m\u00e4nnlichen Juden&#8221;. Grund daf\u00fcr ist die repressive Integration der &#8220;Weiblichkeit&#8221; in die geschlossenen Herrschaftszusammenh\u00e4nge, die alle ergreifen mussten. Niemand durfte mehr drau\u00dfen stehen. Wer nicht integriert war, fiel der Vernichtung anheim. Die traditionelle Aufspaltung des &#8220;Weiblichen&#8221; einerseits in die &#8220;gute&#8221;, n\u00e4hrende, m\u00fctterliche, andererseits in die &#8220;b\u00f6se&#8221;, verf\u00fchrerische, sinnlich-sexuelle Seite war der Nutzbarmachung von Frauenk\u00f6rpern f\u00fcr die Reproduktion des &#8220;Volksk\u00f6rpers&#8221; hinderlich, weshalb das Frauenbild von allen Momenten, die sich der Integration widersetzten, gereinigt wurde. Was blieb, war die unsinnliche Frau als saubere Kameradin des gest\u00e4hlten &#8220;Ariers&#8221;.<\/p>\n<p align=\"justify\">In der kollektiven Imagerie der deutschen und \u00f6sterreichischen Nachkriegsgesellschaften erfuhren die J\u00fcdinnen-Bilder teilweise eine Wiederbelebung, wobei auch auf die Figuren des Fin de Si\u00e8cle zur\u00fcckgegriffen wurde. Der Bruch, den die Shoah in der kollektiven Bildproduktion darstellte, wurde zum Teil \u00fcberbr\u00fcckt. J\u00fcdische Frauenfiguren wurden in den Dienst der seelischen Entlastung und der Schuldabwehr gestellt. Dass antisemitisch-misogyne Stereotype auch im sogenannten &#8220;Nachkriegsantisemitismus&#8221; zur Anwendung kommen, l\u00e4sst darauf schlie\u00dfen, dass Antisemitismus und Misogynie gerade auch aus ihrem widerspr\u00fcchlichen Ineinandergreifen gesellschaftliche Wirkungsmacht beziehen. Welch tiefgreifende Auswirkungen solche Anfeindungen auf die Selbstwahrnehmung j\u00fcdischer Frauen in Bezug auf ihr J\u00fcdischsein und ihre Weiblichkeit haben, wird in einer Analyse narrativer Interviews erhellt.<\/p>\n<\/div>\n\t\t<\/div><\/div><div id=\"pgc-gb2348-69f23fdb719bf-0-2\"  class=\"panel-grid-cell panel-grid-cell-empty\" ><\/div><\/div><\/div>\n\n\n<div style=\"color:#333\" class=\"wp-block-genesis-blocks-gb-spacer gb-block-spacer gb-divider-solid gb-spacer-divider gb-divider-size-1\"><hr style=\"height:100px\"\/><\/div>\n<\/div><\/div><\/div>","protected":false},"excerpt":{"rendered":"","protected":false},"author":2,"featured_media":0,"parent":486,"menu_order":33,"comment_status":"closed","ping_status":"closed","template":"","meta":{"footnotes":""},"class_list":["post-2348","page","type-page","status-publish","hentry","post"],"featured_image_src":null,"featured_image_src_square":null,"_links":{"self":[{"href":"https:\/\/ikf.ac.at\/en\/wp-json\/wp\/v2\/pages\/2348","targetHints":{"allow":["GET"]}}],"collection":[{"href":"https:\/\/ikf.ac.at\/en\/wp-json\/wp\/v2\/pages"}],"about":[{"href":"https:\/\/ikf.ac.at\/en\/wp-json\/wp\/v2\/types\/page"}],"author":[{"embeddable":true,"href":"https:\/\/ikf.ac.at\/en\/wp-json\/wp\/v2\/users\/2"}],"replies":[{"embeddable":true,"href":"https:\/\/ikf.ac.at\/en\/wp-json\/wp\/v2\/comments?post=2348"}],"version-history":[{"count":1,"href":"https:\/\/ikf.ac.at\/en\/wp-json\/wp\/v2\/pages\/2348\/revisions"}],"predecessor-version":[{"id":2349,"href":"https:\/\/ikf.ac.at\/en\/wp-json\/wp\/v2\/pages\/2348\/revisions\/2349"}],"up":[{"embeddable":true,"href":"https:\/\/ikf.ac.at\/en\/wp-json\/wp\/v2\/pages\/486"}],"wp:attachment":[{"href":"https:\/\/ikf.ac.at\/en\/wp-json\/wp\/v2\/media?parent=2348"}],"curies":[{"name":"wp","href":"https:\/\/api.w.org\/{rel}","templated":true}]}}

2005: Antisemitisch-misogyne Stereotype und deren Auswirkungen auf die Identität jüdischer Frauen in Österreich

<div class="wp-block-atomic-blocks-ab-container alignfull ab-block-container"><div class="ab-container-inside"><div class="ab-container-content"><div id="pl-gb2348-69f23fdb70cf8"  class="panel-layout" ><div id="pg-gb2348-69f23fdb70cf8-0"  class="panel-grid panel-no-style" ><div id="pgc-gb2348-69f23fdb70cf8-0-0"  class="panel-grid-cell" ><div id="panel-gb2348-69f23fdb70cf8-0-0-0" class="so-panel widget widget_media_image panel-first-child panel-last-child" data-index="0" ><img loading="lazy" decoding="async" width="2554" height="10" src="https://ikf.ac.at/wp-content/uploads/2021/01/linie_IKF.jpg" class="image wp-image-754  attachment-full size-full" alt="" style="max-width: 100%; height: auto;" srcset="https://ikf.ac.at/wp-content/uploads/2021/01/linie_IKF.jpg 2554w, https://ikf.ac.at/wp-content/uploads/2021/01/linie_IKF-300x1.jpg 300w, https://ikf.ac.at/wp-content/uploads/2021/01/linie_IKF-1024x4.jpg 1024w, https://ikf.ac.at/wp-content/uploads/2021/01/linie_IKF-768x3.jpg 768w, https://ikf.ac.at/wp-content/uploads/2021/01/linie_IKF-1536x6.jpg 1536w, https://ikf.ac.at/wp-content/uploads/2021/01/linie_IKF-2048x8.jpg 2048w" sizes="auto, (max-width: 2554px) 100vw, 2554px" /></div></div></div></div>


<div style="color:#ddd" class="wp-block-genesis-blocks-gb-spacer gb-block-spacer gb-divider-solid gb-divider-size-1"><hr style="height:30px"/></div>


<div id="pl-gb2348-69f23fdb71330"  class="panel-layout" ><div id="pg-gb2348-69f23fdb71330-0"  class="panel-grid panel-no-style" ><div id="pgc-gb2348-69f23fdb71330-0-0"  class="panel-grid-cell panel-grid-cell-empty" ></div><div id="pgc-gb2348-69f23fdb71330-0-1"  class="panel-grid-cell" ><div id="panel-gb2348-69f23fdb71330-0-1-0" class="so-panel widget widget_sow-editor panel-first-child panel-last-child" data-index="0" ><div
			
			class="so-widget-sow-editor so-widget-sow-editor-base"
			
		>
<div class="siteorigin-widget-tinymce textwidget">
	<table style="height: 100px; width: 100%; border-collapse: collapse;" border="1" cellpadding="2">
<tbody>
<tr style="height: 24px;">
<td style="width: 15.8421%; height: 24px;">Project management:</td>
<td style="width: 84.1578%; height: 24px;" colspan="2">Univ.-Prof.<sup>in</sup> Dr.<sup>in</sup> Christine Goldberg</td>
</tr>
<tr>
<td style="width: 15.8421%;">
<hr />
</td>
<td style="width: 46.5326%;">
<hr />
</td>
<td style="width: 37.6252%; height: 24px;"></td>
</tr>
<tr>
<td style="width: 15.8421%;">Implementation:</td>
<td style="width: 84.1578%;" colspan="2">MMag.<sup>a</sup> Karin Stögner</td>
</tr>
<tr>
<td style="width: 15.8421%;">
<hr />
</td>
<td style="width: 46.5326%;">
<hr />
</td>
<td style="width: 37.6252%;"></td>
</tr>
<tr>
<td style="width: 15.8421%;">Funded by:</td>
<td style="width: 84.1578%;" colspan="2">Jubiläumsfonds der Österreichischen Nationalbank, Projekt Nr. 10671</td>
</tr>
<tr>
<td style="width: 15.8421%;">
<hr />
</td>
<td style="width: 46.5326%;">
<hr />
</td>
<td style="width: 37.6252%; height: 24px;"></td>
</tr>
<tr style="height: 24px;">
<td style="width: 15.8421%; height: 24px;">Completed in:</td>
<td style="height: 24px; width: 84.1578%;" colspan="2">Juli 2005</td>
</tr>
<tr>
<td style="width: 15.8421%;">
<hr />
</td>
<td style="width: 46.5326%;">
<hr />
</td>
<td style="width: 37.6252%;"></td>
</tr>
<tr>
<td style="width: 15.8421%;"></td>
<td style="width: 46.5326%;" valign="top" width="80%"><img loading="lazy" decoding="async" src="http://www.ikf.ac.at/design/images/Document%20Folder.png" width="28" height="28" align="left" /> <a href="https://ikf.ac.at/wp-content/uploads/2021/03/Idenditaet_juedischer_Frauen_in_Oesterreich.pdf" target="_blank" rel="noopener">Final Report (german)</a></td>
<td style="width: 37.6252%;"></td>
</tr>
</tbody>
</table>
</div>
</div></div></div></div></div>


<div style="color:#404168" class="wp-block-genesis-blocks-gb-spacer gb-block-spacer gb-divider-solid gb-spacer-divider gb-divider-size-1"><hr style="height:3px"/></div>



<div style="color:#404168" class="wp-block-genesis-blocks-gb-spacer gb-block-spacer gb-divider-solid gb-divider-size-1"><hr style="height:10px"/></div>


<div id="pl-gb2348-69f23fdb719bf"  class="panel-layout" ><div id="pg-gb2348-69f23fdb719bf-0"  class="panel-grid panel-no-style" ><div id="pgc-gb2348-69f23fdb719bf-0-0"  class="panel-grid-cell panel-grid-cell-empty" ></div><div id="pgc-gb2348-69f23fdb719bf-0-1"  class="panel-grid-cell panel-grid-cell-mobile-last" ><div id="panel-gb2348-69f23fdb719bf-0-1-0" class="so-panel widget widget_text panel-first-child panel-last-child" data-index="0" >			<div class="textwidget"><p align="justify">Gegenstand dieses Projekts ist das Ineinanderwirken von antisemitischen und misogynen Stereotypen auf gesellschaftlicher Ebene. Wenngleich es um die Auffindung von Affinitäten von Antisemitismus und Antifeminismus zu tun ist, werden beide jedoch nicht als identische Phänomene behandelt. Die Frage ist, wie die Diskriminierung von Juden/ Jüdinnen und so genannten &#8220;devianten&#8221; Frauen (Frauenrechtlerinnen, Feministinnen, emanzipierten und intellektuellen Frauen etc.) gesellschaftlich zusammenspielt, wie die diesbezüglichen Projektionen jeweils geartet sind, aus welchen unaufgearbeiteten psychischen, historischen und politisch-sozialen Reservoirs sie sich nähren und inwieweit sie funktional äquivalente Phäänomene sind.</p>
<p align="justify">Das Ineinanderwirken von antisemitischen und misogynen Stereotypen wird vor allem um die Wende vom neunzehnten zum zwanzigsten Jahrhundert virulent und schlägt sich in spezifisch vergeschlechtlichten Repräsentationen des &#8220;Jüdischen&#8221; nieder – in Bildern, denen eine projizierte Überschreitung der Geschlechtergrenzen inhärent ist: die &#8220;maskulinisierte Jüdin&#8221; und der &#8220;effeminierte Jude&#8221;. Der als abnormal imaginierte &#8220;jüdische Körper&#8221; wurde zum Ort der Inszenierung des &#8220;Anderen&#8221; schlechthin. Solche Projektionen der Zwischengeschlechtlichkeit treffen jedoch auch &#8220;deviante Frauen&#8221;, denen das Stereotyp des &#8220;Mannweibs&#8221; und der verschlingend-gefährlichen weiblichen Sexualität aufgeprägt wurde. Die Vorstellungen von der &#8220;sexuellen Frau&#8221;, die in der Männerwelt zugleich gehasst, gefürchtet und scheinbar unheimlich begehrt wird, wurde in den bildlichen und literarischen Darstellungen zumal im Fin de Siècle an alttestamentarischen Frauenfiguren festgemacht: an Judith, Salome und Dalila. Die weibliche Sexualität wurde angerufen, um sie gleichzeitig zu bannen.</p>
<p align="justify">Historisch-gesellschaftlicher Hintergrund dieser Repräsentationen ist vor allem die Gegnerschaft zur jüdischen und weiblichen Emanzipation. Dem Aufbrechen sozialer Ausschlussmechanismen, von denen Jüdinnen/ Juden und Frauen auf je verschiedene Weise die gesamte zivilisatorische Entwicklung der europäischen Gesellschaften hindurch betroffen waren, wurde ab der zweiten Hälfte des neunzehnten Jahrhunderts von Seiten der männlich und nicht-jüdisch bestimmten Mehrheitsgesellschaft mit der Rückbindung von Jüdinnen/ Juden und Frauen auf geschlechtsspezifische und rassistisch-antisemitische Konstruktionen geantwortet.Ihre durchdringende gesellschaftliche Wirkungsmacht erlangten diese neuen Ausschlussmechanismen durch ihre Verschmelzung zu widersprüchlichen Repräsentationen. Vorausgegangen war dem eine Entpersonalisierung sowohl von Jüdinnen/ Juden als auch von Frauen, von deren je eigentümlichen individuellen Eigenheiten abstrahiert wurde. Die solcherart entstandenen Figuren des &#8220;Juden&#8221;, der &#8220;Jüdin&#8221; und der &#8220;Frau&#8221; wurden zu RepräsentantInnen des &#8220;Anderen&#8221; schlechthin, zum absoluten Gegenprinzip des sich verhärtenden Kollektivs. Sie ließen sich je nach den Bedürfnissen der Angehörigen der Mehrheitsgesellschaft nach Kompensation und Kanalisierung von Unlustgefühlen und verdrängten Triebregungen mit den widersprüchlichsten Gehalten füllen. Die Repräsentationen des &#8220;Jüdischen&#8221; und des &#8220;Weiblichen&#8221; sind denn auch nichts anderes als Produkte einer kollektiven Triebökonomie, deren pathische Züge unaufgearbeiteten Ängsten ebenso wie unbefriedigten Begierden geschuldet sind.</p>
<p align="justify">Auffallend ist, dass die nationalsozialistische Propaganda auf solche Jüdinnen-Bilder verzichtet. Die rassistische antisemitische Agitation richtete sich in der kollektiven Imagerie gegen den &#8220;männlichen Juden&#8221;. Grund dafür ist die repressive Integration der &#8220;Weiblichkeit&#8221; in die geschlossenen Herrschaftszusammenhänge, die alle ergreifen mussten. Niemand durfte mehr draußen stehen. Wer nicht integriert war, fiel der Vernichtung anheim. Die traditionelle Aufspaltung des &#8220;Weiblichen&#8221; einerseits in die &#8220;gute&#8221;, nährende, mütterliche, andererseits in die &#8220;böse&#8221;, verführerische, sinnlich-sexuelle Seite war der Nutzbarmachung von Frauenkörpern für die Reproduktion des &#8220;Volkskörpers&#8221; hinderlich, weshalb das Frauenbild von allen Momenten, die sich der Integration widersetzten, gereinigt wurde. Was blieb, war die unsinnliche Frau als saubere Kameradin des gestählten &#8220;Ariers&#8221;.</p>
<p align="justify">In der kollektiven Imagerie der deutschen und österreichischen Nachkriegsgesellschaften erfuhren die Jüdinnen-Bilder teilweise eine Wiederbelebung, wobei auch auf die Figuren des Fin de Siècle zurückgegriffen wurde. Der Bruch, den die Shoah in der kollektiven Bildproduktion darstellte, wurde zum Teil überbrückt. Jüdische Frauenfiguren wurden in den Dienst der seelischen Entlastung und der Schuldabwehr gestellt. Dass antisemitisch-misogyne Stereotype auch im sogenannten &#8220;Nachkriegsantisemitismus&#8221; zur Anwendung kommen, lässt darauf schließen, dass Antisemitismus und Misogynie gerade auch aus ihrem widersprüchlichen Ineinandergreifen gesellschaftliche Wirkungsmacht beziehen. Welch tiefgreifende Auswirkungen solche Anfeindungen auf die Selbstwahrnehmung jüdischer Frauen in Bezug auf ihr Jüdischsein und ihre Weiblichkeit haben, wird in einer Analyse narrativer Interviews erhellt.</p>
</div>
		</div></div><div id="pgc-gb2348-69f23fdb719bf-0-2"  class="panel-grid-cell panel-grid-cell-empty" ></div></div></div>


<div style="color:#333" class="wp-block-genesis-blocks-gb-spacer gb-block-spacer gb-divider-solid gb-spacer-divider gb-divider-size-1"><hr style="height:100px"/></div>
</div></div></div>
