{"id":2345,"date":"2021-03-25T11:25:18","date_gmt":"2021-03-25T11:25:18","guid":{"rendered":"http:\/\/test-ikf.online\/?page_id=2345"},"modified":"2021-03-25T11:26:01","modified_gmt":"2021-03-25T11:26:01","slug":"2002-raxen-3","status":"publish","type":"page","link":"https:\/\/ikf.ac.at\/en\/schwerpunkte\/cleavages\/antisemitismus\/2002-raxen-3","title":{"rendered":"2002: RAXEN 3 (Racism and Xenophobia Network)"},"content":{"rendered":"<div class=\"wp-block-atomic-blocks-ab-container alignfull ab-block-container\"><div class=\"ab-container-inside\"><div class=\"ab-container-content\"><div id=\"pl-gb2345-69f23fef866f0\"  class=\"panel-layout\" ><div id=\"pg-gb2345-69f23fef866f0-0\"  class=\"panel-grid panel-no-style\" ><div id=\"pgc-gb2345-69f23fef866f0-0-0\"  class=\"panel-grid-cell\" ><div id=\"panel-gb2345-69f23fef866f0-0-0-0\" class=\"so-panel widget widget_media_image panel-first-child panel-last-child\" data-index=\"0\" ><img loading=\"lazy\" decoding=\"async\" width=\"2554\" height=\"10\" src=\"https:\/\/ikf.ac.at\/wp-content\/uploads\/2021\/01\/linie_IKF.jpg\" class=\"image wp-image-754  attachment-full size-full\" alt=\"\" style=\"max-width: 100%; height: auto;\" srcset=\"https:\/\/ikf.ac.at\/wp-content\/uploads\/2021\/01\/linie_IKF.jpg 2554w, https:\/\/ikf.ac.at\/wp-content\/uploads\/2021\/01\/linie_IKF-300x1.jpg 300w, https:\/\/ikf.ac.at\/wp-content\/uploads\/2021\/01\/linie_IKF-1024x4.jpg 1024w, https:\/\/ikf.ac.at\/wp-content\/uploads\/2021\/01\/linie_IKF-768x3.jpg 768w, https:\/\/ikf.ac.at\/wp-content\/uploads\/2021\/01\/linie_IKF-1536x6.jpg 1536w, https:\/\/ikf.ac.at\/wp-content\/uploads\/2021\/01\/linie_IKF-2048x8.jpg 2048w\" sizes=\"auto, (max-width: 2554px) 100vw, 2554px\" \/><\/div><\/div><\/div><\/div>\n\n\n<div style=\"color:#ddd\" class=\"wp-block-genesis-blocks-gb-spacer gb-block-spacer gb-divider-solid gb-divider-size-1\"><hr style=\"height:30px\"\/><\/div>\n\n\n<div id=\"pl-gb2345-69f23fef86e67\"  class=\"panel-layout\" ><div id=\"pg-gb2345-69f23fef86e67-0\"  class=\"panel-grid panel-no-style\" ><div id=\"pgc-gb2345-69f23fef86e67-0-0\"  class=\"panel-grid-cell panel-grid-cell-empty\" ><\/div><div id=\"pgc-gb2345-69f23fef86e67-0-1\"  class=\"panel-grid-cell\" ><div id=\"panel-gb2345-69f23fef86e67-0-1-0\" class=\"so-panel widget widget_sow-editor panel-first-child panel-last-child\" data-index=\"0\" ><div\n\t\t\t\n\t\t\tclass=\"so-widget-sow-editor so-widget-sow-editor-base\"\n\t\t\t\n\t\t>\n<div class=\"siteorigin-widget-tinymce textwidget\">\n\t<table style=\"height: 100px; width: 100%; border-collapse: collapse;\" border=\"1\" cellpadding=\"2\">\n<tbody>\n<tr style=\"height: 24px;\">\n<td style=\"width: 15.8421%; height: 24px;\">Project management:<\/td>\n<td style=\"width: 84.1578%; height: 24px;\" colspan=\"2\">Ass.Prof. Dr. Hannes Tretter<br \/>\nUniv.Prof. Dr. Anton Pelinka<br \/>\nUniv.Prof.<sup>in<\/sup> Dr.<sup>in<\/sup> Ruth Wodak<\/td>\n<\/tr>\n<tr>\n<td style=\"width: 15.8421%;\">\n<hr \/>\n<\/td>\n<td style=\"width: 67.8092%;\">\n<hr \/>\n<\/td>\n<td style=\"width: 16.3486%; height: 24px;\"><\/td>\n<\/tr>\n<tr>\n<td style=\"width: 15.8421%;\">Implementation:<\/td>\n<td style=\"width: 84.1578%;\" colspan=\"2\">Mag. Dr. Stefanie Mayer<sup>a<\/sup> Barbara Liegl<br \/>\nMag. Martin Reisigl\/ Mag.<sup>a<\/sup> Katharina K\u00f6hler (Institut f\u00fcr Sprachwissenschaft, Universit\u00e4t Wien)<br \/>\nMag. Dieter Schindlauer (BIM-Forschungsverein)<\/td>\n<\/tr>\n<tr>\n<td style=\"width: 15.8421%;\">\n<hr \/>\n<\/td>\n<td style=\"width: 67.8092%;\">\n<hr \/>\n<\/td>\n<td style=\"width: 16.3486%;\"><\/td>\n<\/tr>\n<tr>\n<td style=\"width: 15.8421%;\">Funded by:<\/td>\n<td style=\"width: 84.1578%;\" colspan=\"2\">Europ\u00e4ische Stelle zur Beobachtung von Rassismus und Fremdenfeindlichkeit (EUMC)<br \/>\n\u00fcber BIM-Forschungsverein<\/td>\n<\/tr>\n<tr>\n<td style=\"width: 15.8421%;\">\n<hr \/>\n<\/td>\n<td style=\"width: 67.8092%;\">\n<hr \/>\n<\/td>\n<td style=\"width: 16.3486%; height: 24px;\"><\/td>\n<\/tr>\n<tr style=\"height: 24px;\">\n<td style=\"width: 15.8421%; height: 24px;\">Completed in:<\/td>\n<td style=\"height: 24px; width: 84.1578%;\" colspan=\"2\">Dezember 2002<\/td>\n<\/tr>\n<\/tbody>\n<\/table>\n<\/div>\n<\/div><\/div><\/div><\/div><\/div>\n\n\n<div style=\"color:#404168\" class=\"wp-block-genesis-blocks-gb-spacer gb-block-spacer gb-divider-solid gb-spacer-divider gb-divider-size-1\"><hr style=\"height:3px\"\/><\/div>\n\n\n\n<div style=\"color:#404168\" class=\"wp-block-genesis-blocks-gb-spacer gb-block-spacer gb-divider-solid gb-divider-size-1\"><hr style=\"height:10px\"\/><\/div>\n\n\n<div id=\"pl-gb2345-69f23fef874ab\"  class=\"panel-layout\" ><div id=\"pg-gb2345-69f23fef874ab-0\"  class=\"panel-grid panel-no-style\" ><div id=\"pgc-gb2345-69f23fef874ab-0-0\"  class=\"panel-grid-cell panel-grid-cell-empty\" ><\/div><div id=\"pgc-gb2345-69f23fef874ab-0-1\"  class=\"panel-grid-cell panel-grid-cell-mobile-last\" ><div id=\"panel-gb2345-69f23fef874ab-0-1-0\" class=\"so-panel widget widget_text panel-first-child panel-last-child\" data-index=\"0\" >\t\t\t<div class=\"textwidget\"><p align=\"justify\">Die 1997 von der EU\u00a0eingerichtete Europ\u00e4ische Stelle zur Beobachtung von Rassismus und Fremdenfeindlichkeit (EUMC) ist f\u00fcr den Aufbau des europ\u00e4ischen Informationsnetzwerkes &#8220;RAXEN&#8221; (Racism and Xenophobia) verantwortlich. RAXEN vernetzt nichtstaatliche und staatliche Organisationen sowie Forschungseinrichtungen und hat die Aufgabe, Informationen und Daten \u00fcber Rassismus, Fremdenfeindlichkeit und Antisemitismus zu sammeln, zu verarbeiten und an das EUMC weiterzuleiten. Um diesen transnationalen Informationsaustausch zu erleichtern und die Vergleichbarkeit der in den jeweiligen Mitgliedstaaten erhobenen Daten auf EU-Ebene zu garantieren, wurden vom EUMC National Focal Points als innerstaatliche Koordinationsstellen eingesetzt. Sie koordinieren den Informationsfluss sowohl zwischen den auf einzelstaatlicher Ebene agierenden spezialisierten Institutionen, den sogenannten &#8220;key actors&#8221;, als auch zwischen diesen HauptakteurInnen und der Europ\u00e4ischen Beobachtungsstelle. Das \u00f6sterreichische Team setzt sich aus VertreterInnen der folgenden drei Forschungseinrichtungen zusammen: dem Ludwig Boltzmann Institut f\u00fcr Menschenrechte-Forschungsverein, dem Institut f\u00fcr Sprachwissenschaft der Universit\u00e4t Wien und dem Institut f\u00fcr Konfliktforschung.<\/p>\n<p align=\"justify\">Der National Focal Point f\u00fcr \u00d6sterreich wurde im April 2002 beauftragt, die dritte RAXEN-Phase durchzuf\u00fchren. Dabei wurde die bereits in der Einstiegsphase 2000 begonnene Koordinierung und Institutionalisierung eines inner\u00f6sterreichischen Informationsnetzwerkes bestehend aus wissenschaftlichen, staatlichen und nicht-staatlichen ebenso wie sozialpartnerschaftlichen Einrichtungen, die sich gegen Rassismus, Fremdenfeindlichkeit und Antisemitismus engagieren, fortgesetzt. Es wurden fast 40 Organisationen bzw. Einzelpersonen zus\u00e4tzlich in dieses inner\u00f6sterreichische Netzwerk aufgenommen.<\/p>\n<p align=\"justify\">Au\u00dferdem wurden die 2001 begonnenen Arbeiten in den vier vom EUMC ausgew\u00e4hlten Schwerpunktbereichen &#8211; (1) \u00c4nderungen in der Gesetzgebung, die zugewanderte und autochthone Minderheiten betrafen, (2) rassistisch und fremdenfeindlich motivierte \u00dcbergriffe, (3) Diskriminierung\/Rassismus im Bildungsbereich ebenso wie (4) Diskriminierung\/Rassismus im Arbeitsbereich &#8211; fortgesetzt und vertieft. Zu diesen Themenbereichen wurden Statistiken, deskriptives und analytisches Datenmaterial ebenso wie Informationen \u00fcber die f\u00fcnf wichtigsten Kampagnen und Konferenzen im Zeitraum 2001 bis 2002 gesammelt und beschrieben. Ziel war es, die wichtigsten quantitativen und qualitativen Daten f\u00fcr diese vier Bereiche zu erfassen, etwaige Nicht\u00fcbereinstimmungen von statistischem Material aufzuzeigen, auf Schw\u00e4chen in den von staatlichen und nicht-staatlichen Einrichtungen gesammelten Daten hinzuweisen und einen \u00dcberblick \u00fcber Strukturen und AkteurInnen zu geben. Dar\u00fcber hinaus wurden in vier analytischen Studien jeder der Schwerpunktbereiche in einen politischen Kontext eingebettet und Gr\u00fcnde f\u00fcr die jeweilige Datenlage aufgezeigt. Am Ende jeder Studie wurden Empfehlungen an staatliche und nichtstaatliche AkteurInnen verfasst, um die Datenlage in den einzelnen Bereichen zu verbessern und erste Schritte in Richtung eines Monitoring in Hinblick auf Rassismus, Fremdenfeindlichkeit und Antisemitismus zu setzen.<\/p>\n<\/div>\n\t\t<\/div><\/div><div id=\"pgc-gb2345-69f23fef874ab-0-2\"  class=\"panel-grid-cell panel-grid-cell-empty\" ><\/div><\/div><\/div>\n\n\n<div style=\"color:#333\" class=\"wp-block-genesis-blocks-gb-spacer gb-block-spacer gb-divider-solid gb-spacer-divider gb-divider-size-1\"><hr style=\"height:100px\"\/><\/div>\n<\/div><\/div><\/div>","protected":false},"excerpt":{"rendered":"","protected":false},"author":2,"featured_media":0,"parent":486,"menu_order":39,"comment_status":"closed","ping_status":"closed","template":"","meta":{"footnotes":""},"class_list":["post-2345","page","type-page","status-publish","hentry","post"],"featured_image_src":null,"featured_image_src_square":null,"_links":{"self":[{"href":"https:\/\/ikf.ac.at\/en\/wp-json\/wp\/v2\/pages\/2345","targetHints":{"allow":["GET"]}}],"collection":[{"href":"https:\/\/ikf.ac.at\/en\/wp-json\/wp\/v2\/pages"}],"about":[{"href":"https:\/\/ikf.ac.at\/en\/wp-json\/wp\/v2\/types\/page"}],"author":[{"embeddable":true,"href":"https:\/\/ikf.ac.at\/en\/wp-json\/wp\/v2\/users\/2"}],"replies":[{"embeddable":true,"href":"https:\/\/ikf.ac.at\/en\/wp-json\/wp\/v2\/comments?post=2345"}],"version-history":[{"count":1,"href":"https:\/\/ikf.ac.at\/en\/wp-json\/wp\/v2\/pages\/2345\/revisions"}],"predecessor-version":[{"id":2346,"href":"https:\/\/ikf.ac.at\/en\/wp-json\/wp\/v2\/pages\/2345\/revisions\/2346"}],"up":[{"embeddable":true,"href":"https:\/\/ikf.ac.at\/en\/wp-json\/wp\/v2\/pages\/486"}],"wp:attachment":[{"href":"https:\/\/ikf.ac.at\/en\/wp-json\/wp\/v2\/media?parent=2345"}],"curies":[{"name":"wp","href":"https:\/\/api.w.org\/{rel}","templated":true}]}}

<div class="wp-block-atomic-blocks-ab-container alignfull ab-block-container"><div class="ab-container-inside"><div class="ab-container-content"><div id="pl-gb2345-69f23fef866f0"  class="panel-layout" ><div id="pg-gb2345-69f23fef866f0-0"  class="panel-grid panel-no-style" ><div id="pgc-gb2345-69f23fef866f0-0-0"  class="panel-grid-cell" ><div id="panel-gb2345-69f23fef866f0-0-0-0" class="so-panel widget widget_media_image panel-first-child panel-last-child" data-index="0" ><img loading="lazy" decoding="async" width="2554" height="10" src="https://ikf.ac.at/wp-content/uploads/2021/01/linie_IKF.jpg" class="image wp-image-754  attachment-full size-full" alt="" style="max-width: 100%; height: auto;" srcset="https://ikf.ac.at/wp-content/uploads/2021/01/linie_IKF.jpg 2554w, https://ikf.ac.at/wp-content/uploads/2021/01/linie_IKF-300x1.jpg 300w, https://ikf.ac.at/wp-content/uploads/2021/01/linie_IKF-1024x4.jpg 1024w, https://ikf.ac.at/wp-content/uploads/2021/01/linie_IKF-768x3.jpg 768w, https://ikf.ac.at/wp-content/uploads/2021/01/linie_IKF-1536x6.jpg 1536w, https://ikf.ac.at/wp-content/uploads/2021/01/linie_IKF-2048x8.jpg 2048w" sizes="auto, (max-width: 2554px) 100vw, 2554px" /></div></div></div></div>


<div style="color:#ddd" class="wp-block-genesis-blocks-gb-spacer gb-block-spacer gb-divider-solid gb-divider-size-1"><hr style="height:30px"/></div>


<div id="pl-gb2345-69f23fef86e67"  class="panel-layout" ><div id="pg-gb2345-69f23fef86e67-0"  class="panel-grid panel-no-style" ><div id="pgc-gb2345-69f23fef86e67-0-0"  class="panel-grid-cell panel-grid-cell-empty" ></div><div id="pgc-gb2345-69f23fef86e67-0-1"  class="panel-grid-cell" ><div id="panel-gb2345-69f23fef86e67-0-1-0" class="so-panel widget widget_sow-editor panel-first-child panel-last-child" data-index="0" ><div
			
			class="so-widget-sow-editor so-widget-sow-editor-base"
			
		>
<div class="siteorigin-widget-tinymce textwidget">
	<table style="height: 100px; width: 100%; border-collapse: collapse;" border="1" cellpadding="2">
<tbody>
<tr style="height: 24px;">
<td style="width: 15.8421%; height: 24px;">Project management:</td>
<td style="width: 84.1578%; height: 24px;" colspan="2">Ass.Prof. Dr. Hannes Tretter<br />
Univ.Prof. Dr. Anton Pelinka<br />
Univ.Prof.<sup>in</sup> Dr.<sup>in</sup> Ruth Wodak</td>
</tr>
<tr>
<td style="width: 15.8421%;">
<hr />
</td>
<td style="width: 67.8092%;">
<hr />
</td>
<td style="width: 16.3486%; height: 24px;"></td>
</tr>
<tr>
<td style="width: 15.8421%;">Implementation:</td>
<td style="width: 84.1578%;" colspan="2">Mag. Dr. Stefanie Mayer<sup>a</sup> Barbara Liegl<br />
Mag. Martin Reisigl/ Mag.<sup>a</sup> Katharina Köhler (Institut für Sprachwissenschaft, Universität Wien)<br />
Mag. Dieter Schindlauer (BIM-Forschungsverein)</td>
</tr>
<tr>
<td style="width: 15.8421%;">
<hr />
</td>
<td style="width: 67.8092%;">
<hr />
</td>
<td style="width: 16.3486%;"></td>
</tr>
<tr>
<td style="width: 15.8421%;">Funded by:</td>
<td style="width: 84.1578%;" colspan="2">Europäische Stelle zur Beobachtung von Rassismus und Fremdenfeindlichkeit (EUMC)<br />
über BIM-Forschungsverein</td>
</tr>
<tr>
<td style="width: 15.8421%;">
<hr />
</td>
<td style="width: 67.8092%;">
<hr />
</td>
<td style="width: 16.3486%; height: 24px;"></td>
</tr>
<tr style="height: 24px;">
<td style="width: 15.8421%; height: 24px;">Completed in:</td>
<td style="height: 24px; width: 84.1578%;" colspan="2">Dezember 2002</td>
</tr>
</tbody>
</table>
</div>
</div></div></div></div></div>


<div style="color:#404168" class="wp-block-genesis-blocks-gb-spacer gb-block-spacer gb-divider-solid gb-spacer-divider gb-divider-size-1"><hr style="height:3px"/></div>



<div style="color:#404168" class="wp-block-genesis-blocks-gb-spacer gb-block-spacer gb-divider-solid gb-divider-size-1"><hr style="height:10px"/></div>


<div id="pl-gb2345-69f23fef874ab"  class="panel-layout" ><div id="pg-gb2345-69f23fef874ab-0"  class="panel-grid panel-no-style" ><div id="pgc-gb2345-69f23fef874ab-0-0"  class="panel-grid-cell panel-grid-cell-empty" ></div><div id="pgc-gb2345-69f23fef874ab-0-1"  class="panel-grid-cell panel-grid-cell-mobile-last" ><div id="panel-gb2345-69f23fef874ab-0-1-0" class="so-panel widget widget_text panel-first-child panel-last-child" data-index="0" >			<div class="textwidget"><p align="justify">Die 1997 von der EU eingerichtete Europäische Stelle zur Beobachtung von Rassismus und Fremdenfeindlichkeit (EUMC) ist für den Aufbau des europäischen Informationsnetzwerkes &#8220;RAXEN&#8221; (Racism and Xenophobia) verantwortlich. RAXEN vernetzt nichtstaatliche und staatliche Organisationen sowie Forschungseinrichtungen und hat die Aufgabe, Informationen und Daten über Rassismus, Fremdenfeindlichkeit und Antisemitismus zu sammeln, zu verarbeiten und an das EUMC weiterzuleiten. Um diesen transnationalen Informationsaustausch zu erleichtern und die Vergleichbarkeit der in den jeweiligen Mitgliedstaaten erhobenen Daten auf EU-Ebene zu garantieren, wurden vom EUMC National Focal Points als innerstaatliche Koordinationsstellen eingesetzt. Sie koordinieren den Informationsfluss sowohl zwischen den auf einzelstaatlicher Ebene agierenden spezialisierten Institutionen, den sogenannten &#8220;key actors&#8221;, als auch zwischen diesen HauptakteurInnen und der Europäischen Beobachtungsstelle. Das österreichische Team setzt sich aus VertreterInnen der folgenden drei Forschungseinrichtungen zusammen: dem Ludwig Boltzmann Institut für Menschenrechte-Forschungsverein, dem Institut für Sprachwissenschaft der Universität Wien und dem Institut für Konfliktforschung.</p>
<p align="justify">Der National Focal Point für Österreich wurde im April 2002 beauftragt, die dritte RAXEN-Phase durchzuführen. Dabei wurde die bereits in der Einstiegsphase 2000 begonnene Koordinierung und Institutionalisierung eines innerösterreichischen Informationsnetzwerkes bestehend aus wissenschaftlichen, staatlichen und nicht-staatlichen ebenso wie sozialpartnerschaftlichen Einrichtungen, die sich gegen Rassismus, Fremdenfeindlichkeit und Antisemitismus engagieren, fortgesetzt. Es wurden fast 40 Organisationen bzw. Einzelpersonen zusätzlich in dieses innerösterreichische Netzwerk aufgenommen.</p>
<p align="justify">Außerdem wurden die 2001 begonnenen Arbeiten in den vier vom EUMC ausgewählten Schwerpunktbereichen &#8211; (1) Änderungen in der Gesetzgebung, die zugewanderte und autochthone Minderheiten betrafen, (2) rassistisch und fremdenfeindlich motivierte Übergriffe, (3) Diskriminierung/Rassismus im Bildungsbereich ebenso wie (4) Diskriminierung/Rassismus im Arbeitsbereich &#8211; fortgesetzt und vertieft. Zu diesen Themenbereichen wurden Statistiken, deskriptives und analytisches Datenmaterial ebenso wie Informationen über die fünf wichtigsten Kampagnen und Konferenzen im Zeitraum 2001 bis 2002 gesammelt und beschrieben. Ziel war es, die wichtigsten quantitativen und qualitativen Daten für diese vier Bereiche zu erfassen, etwaige Nichtübereinstimmungen von statistischem Material aufzuzeigen, auf Schwächen in den von staatlichen und nicht-staatlichen Einrichtungen gesammelten Daten hinzuweisen und einen Überblick über Strukturen und AkteurInnen zu geben. Darüber hinaus wurden in vier analytischen Studien jeder der Schwerpunktbereiche in einen politischen Kontext eingebettet und Gründe für die jeweilige Datenlage aufgezeigt. Am Ende jeder Studie wurden Empfehlungen an staatliche und nichtstaatliche AkteurInnen verfasst, um die Datenlage in den einzelnen Bereichen zu verbessern und erste Schritte in Richtung eines Monitoring in Hinblick auf Rassismus, Fremdenfeindlichkeit und Antisemitismus zu setzen.</p>
</div>
		</div></div><div id="pgc-gb2345-69f23fef874ab-0-2"  class="panel-grid-cell panel-grid-cell-empty" ></div></div></div>


<div style="color:#333" class="wp-block-genesis-blocks-gb-spacer gb-block-spacer gb-divider-solid gb-spacer-divider gb-divider-size-1"><hr style="height:100px"/></div>
</div></div></div>
