{"id":2330,"date":"2021-03-25T10:48:14","date_gmt":"2021-03-25T10:48:14","guid":{"rendered":"http:\/\/test-ikf.online\/?page_id=2330"},"modified":"2021-03-25T11:15:07","modified_gmt":"2021-03-25T11:15:07","slug":"2006-raxen-6","status":"publish","type":"page","link":"https:\/\/ikf.ac.at\/en\/schwerpunkte\/cleavages\/antisemitismus\/2006-raxen-6","title":{"rendered":"2006: RAXEN 6 (Racism and Xenophobia Network)"},"content":{"rendered":"<div class=\"wp-block-atomic-blocks-ab-container alignfull ab-block-container\"><div class=\"ab-container-inside\"><div class=\"ab-container-content\"><div id=\"pl-gb2330-69f23feda09ed\"  class=\"panel-layout\" ><div id=\"pg-gb2330-69f23feda09ed-0\"  class=\"panel-grid panel-no-style\" ><div id=\"pgc-gb2330-69f23feda09ed-0-0\"  class=\"panel-grid-cell\" ><div id=\"panel-gb2330-69f23feda09ed-0-0-0\" class=\"so-panel widget widget_media_image panel-first-child panel-last-child\" data-index=\"0\" ><img loading=\"lazy\" decoding=\"async\" width=\"2554\" height=\"10\" src=\"https:\/\/ikf.ac.at\/wp-content\/uploads\/2021\/01\/linie_IKF.jpg\" class=\"image wp-image-754  attachment-full size-full\" alt=\"\" style=\"max-width: 100%; height: auto;\" srcset=\"https:\/\/ikf.ac.at\/wp-content\/uploads\/2021\/01\/linie_IKF.jpg 2554w, https:\/\/ikf.ac.at\/wp-content\/uploads\/2021\/01\/linie_IKF-300x1.jpg 300w, https:\/\/ikf.ac.at\/wp-content\/uploads\/2021\/01\/linie_IKF-1024x4.jpg 1024w, https:\/\/ikf.ac.at\/wp-content\/uploads\/2021\/01\/linie_IKF-768x3.jpg 768w, https:\/\/ikf.ac.at\/wp-content\/uploads\/2021\/01\/linie_IKF-1536x6.jpg 1536w, https:\/\/ikf.ac.at\/wp-content\/uploads\/2021\/01\/linie_IKF-2048x8.jpg 2048w\" sizes=\"auto, (max-width: 2554px) 100vw, 2554px\" \/><\/div><\/div><\/div><\/div>\n\n\n<div style=\"color:#ddd\" class=\"wp-block-genesis-blocks-gb-spacer gb-block-spacer gb-divider-solid gb-divider-size-1\"><hr style=\"height:30px\"\/><\/div>\n\n\n<div id=\"pl-gb2330-69f23feda1115\"  class=\"panel-layout\" ><div id=\"pg-gb2330-69f23feda1115-0\"  class=\"panel-grid panel-no-style\" ><div id=\"pgc-gb2330-69f23feda1115-0-0\"  class=\"panel-grid-cell panel-grid-cell-empty\" ><\/div><div id=\"pgc-gb2330-69f23feda1115-0-1\"  class=\"panel-grid-cell\" ><div id=\"panel-gb2330-69f23feda1115-0-1-0\" class=\"so-panel widget widget_sow-editor panel-first-child panel-last-child\" data-index=\"0\" ><div\n\t\t\t\n\t\t\tclass=\"so-widget-sow-editor so-widget-sow-editor-base\"\n\t\t\t\n\t\t>\n<div class=\"siteorigin-widget-tinymce textwidget\">\n\t<table style=\"height: 100px; width: 100%; border-collapse: collapse;\" border=\"1\" cellpadding=\"2\">\n<tbody>\n<tr style=\"height: 24px;\">\n<td style=\"width: 15.8421%; height: 24px;\">Project management:<\/td>\n<td style=\"width: 84.1578%; height: 24px;\" colspan=\"2\">ao. Univ.Prof. Dr. Hannes Tretter<br \/>\nUniv.Prof. Dr. Anton Pelinka<br \/>\nUniv.Prof.<sup>in<\/sup> Dr.<sup>in<\/sup> Ruth Wodak<\/td>\n<\/tr>\n<tr>\n<td style=\"width: 15.8421%;\">\n<hr \/>\n<\/td>\n<td style=\"width: 60.8479%;\">\n<hr \/>\n<\/td>\n<td style=\"width: 23.3099%; height: 24px;\"><\/td>\n<\/tr>\n<tr>\n<td style=\"width: 15.8421%;\">Implementation:<\/td>\n<td style=\"width: 84.1578%;\" colspan=\"2\">Mag. Dr. Stefanie Mayer<sup>a<\/sup> Barbara Liegl<br \/>\nMag. Dr. Stefanie Mayer<sup>a<\/sup> Katharina K\u00f6hler (Institut f\u00fcr Sprachwissenschaft, Universit\u00e4t Wien)<br \/>\nMag. Dr. Stefanie Mayer<sup>a<\/sup> Birgit Weyss\/ Mag.<sup>a<\/sup> Marta Hodasz (BIM-Forschungsverein)<\/td>\n<\/tr>\n<tr>\n<td style=\"width: 15.8421%;\">\n<hr \/>\n<\/td>\n<td style=\"width: 60.8479%;\">\n<hr \/>\n<\/td>\n<td style=\"width: 23.3099%;\"><\/td>\n<\/tr>\n<tr>\n<td style=\"width: 15.8421%;\">Funded by:<\/td>\n<td style=\"width: 84.1578%;\" colspan=\"2\">Europ\u00e4ische Stelle zur Beobachtung von Rassismus und Fremdenfeindlichkeit (EUMC)<br \/>\n\u00fcber BIM-Forschungsverein<\/td>\n<\/tr>\n<tr>\n<td style=\"width: 15.8421%;\">\n<hr \/>\n<\/td>\n<td style=\"width: 60.8479%;\">\n<hr \/>\n<\/td>\n<td style=\"width: 23.3099%; height: 24px;\"><\/td>\n<\/tr>\n<tr style=\"height: 24px;\">\n<td style=\"width: 15.8421%; height: 24px;\">Completed in:<\/td>\n<td style=\"height: 24px; width: 84.1578%;\" colspan=\"2\">Januar 2006<\/td>\n<\/tr>\n<\/tbody>\n<\/table>\n<\/div>\n<\/div><\/div><\/div><\/div><\/div>\n\n\n<div style=\"color:#404168\" class=\"wp-block-genesis-blocks-gb-spacer gb-block-spacer gb-divider-solid gb-spacer-divider gb-divider-size-1\"><hr style=\"height:3px\"\/><\/div>\n\n\n\n<div style=\"color:#404168\" class=\"wp-block-genesis-blocks-gb-spacer gb-block-spacer gb-divider-solid gb-divider-size-1\"><hr style=\"height:10px\"\/><\/div>\n\n\n<div id=\"pl-gb2330-69f23feda17b1\"  class=\"panel-layout\" ><div id=\"pg-gb2330-69f23feda17b1-0\"  class=\"panel-grid panel-no-style\" ><div id=\"pgc-gb2330-69f23feda17b1-0-0\"  class=\"panel-grid-cell panel-grid-cell-empty\" ><\/div><div id=\"pgc-gb2330-69f23feda17b1-0-1\"  class=\"panel-grid-cell panel-grid-cell-mobile-last\" ><div id=\"panel-gb2330-69f23feda17b1-0-1-0\" class=\"so-panel widget widget_text panel-first-child panel-last-child\" data-index=\"0\" >\t\t\t<div class=\"textwidget\"><p align=\"justify\">Die 1997 von der EU\u00a0eingerichtete Europ\u00e4ische Stelle zur Beobachtung von Rassismus und Fremdenfeindlichkeit (EUMC) ist f\u00fcr den Aufbau des europ\u00e4ischen Informationsnetzwerkes &#8220;RAXEN&#8221; (Racism and Xenophobia Network) verantwortlich. RAXEN vernetzt nichtstaatliche und staatliche Organisationen sowie Forschungseinrichtungen und hat die Aufgabe, Informationen und Daten \u00fcber Rassismus, Fremdenfeindlichkeit und Antisemitismus zu sammeln, zu verarbeiten und an das EUMC weiterzuleiten. Um diesen transnationalen Informationsaustausch zu erleichtern und die Vergleichbarkeit der in den jeweiligen Mitgliedstaaten erhobenen Daten auf EU-Ebene zu garantieren, wurden vom EUMC National Focal Points als innerstaatliche Koordinationsstellen eingesetzt. Sie koordinieren den Informationsfluss sowohl zwischen den auf einzelstaatlicher Ebene agierenden spezialisierten Institutionen, den sogenannten &#8220;key actors&#8221;, als auch zwischen diesen HauptakteurInnen und der Europ\u00e4ischen Beobachtungsstelle. Das \u00f6sterreichische Team setzt sich aus VertreterInnen der folgenden drei Forschungseinrichtungen zusammen: dem Ludwig Boltzmann Institut f\u00fcr Menschenrechte-Forschungsverein, dem Institut f\u00fcr Sprachwissenschaft der Universit\u00e4t Wien und dem Institut f\u00fcr Konfliktforschung.<\/p>\n<p align=\"justify\">Der National Focal Point f\u00fcr \u00d6sterreich wurde im J\u00e4nner 2005 beauftragt, die sechste RAXEN-Phase durchzuf\u00fchren. Dabei wurde die bereits in der Einstiegsphase 2000 begonnene Koordinierung und Institutionalisierung eines inner\u00f6sterreichischen Informationsnetzwerkes bestehend aus wissenschaftlichen, staatlichen und nicht-staatlichen ebenso wie sozialpartnerschaftlichen Einrichtungen, die sich gegen Rassismus, Fremdenfeindlichkeit und Antisemitismus engagieren, fortgesetzt.<\/p>\n<p align=\"justify\">Dar\u00fcber hinaus wurden die 2001 bzw. 2003 begonnenen Arbeiten in den f\u00fcnf vom EUMC ausgew\u00e4hlten Schwerpunktbereichen \u2013<br \/>\n(1) \u00c4nderungen in der Gesetzgebung, die zugewanderte und autochthone Minderheiten betrafen, (2) rassistisch und fremdenfeindlich motivierte \u00dcbergriffe, (3) Diskriminierung\/ Rassismus im Bildungsbereich ebenso wie (4) Diskriminierung\/ Rassismus im Arbeitsbereich, (5) Diskriminierung\/ Rassismus am Wohnungsmarkt \u2013 fortgesetzt bzw. vertieft. Zu diesen Themenbereichen wurden Statistiken, deskriptives ebenso wie analytisches Datenmaterial f\u00fcr den Zeitraum Januar bis Oktober 2005 gesammelt, das Einblick in rassistische, fremdenfeindliche, antisemitische und islamfeindliche Einstellungen, Handlungen, und \u00dcbergriffe in \u00d6sterreich gibt. Die wichtigsten sich aus diesen quantitativen und qualitativen Daten ergebenden Trends f\u00fcr die f\u00fcnf Bereiche wurden im &#8220;Nationalen Bericht f\u00fcr \u00d6sterreich&#8221; zusammengefasst.<\/p>\n<p align=\"justify\">Die in den Berichten erfassten Einrichtungen einschlie\u00dflich der von ihnen herausgegebenen Publikationen und durchgef\u00fchrten Projekte werden zus\u00e4tzlich in einer Datenbank erfasst.<\/p>\n<p align=\"justify\">Die 2005 vom EUMC in Auftrag gegebene Studie zu einem spezifischen Themenbereich identifiziert gesetzlich festgelegte und auch nicht in Gesetzen verankerte Organisationen, die Opfer von rassistischer Diskriminierung unterst\u00fctzen und deren Rechte geltend machen. Der erste Teil der Studie besch\u00e4ftigt sich mit dem rechtlichen Status, dem Mandat, den Verfahrensregeln und den Formen der angebotenen Unterst\u00fctzung der drei wichtigsten nationalen Einrichtungen \u2013 im Fall von \u00d6sterreich die\u00a0<em>Gleichbehandlungsanwaltschaft<\/em>, die\u00a0<em>Gleichbehandlungskommission<\/em>\u00a0und den\u00a0<em>Klagsverband zur Durchsetzung der Rechte von Diskriminierungsopfern<\/em>. Im zweiten Teil wird detailliert ein good practice Beispiel einer erfahrenen, niederschwelligen und nachhaltigen Organisation dargestellt: F\u00fcr \u00d6sterreich wurden die Entstehungsgeschichte, die T\u00e4tigkeiten und die Kompetenzen der in Wien ans\u00e4ssigen NGO ZARA \u2013 Zivilcourage und Anti-Rassismus-Arbeit beschrieben.<\/p>\n<p align=\"justify\">Weiters hat der National Focal Point demographische Daten zur Bev\u00f6lkerungsvielfalt in der EU, zu Migration und Asylwesen gesammelt und Kurzdarstellungen zur Gleichbehandlungs- und Antidiskriminierungsgesetzgebung ebenso wie zu den Gleichbehandlungseinrichtungen auf Bundes- und L\u00e4nderebene nach Vorgabe des EUMC aufbereitet. Diese Daten werden im Laufe des Jahres 2006 auf der Homepage des EUMC in der Form von &#8220;Info-Sheets&#8221; abrufbar sein.<\/p>\n<\/div>\n\t\t<\/div><\/div><div id=\"pgc-gb2330-69f23feda17b1-0-2\"  class=\"panel-grid-cell panel-grid-cell-empty\" ><\/div><\/div><\/div>\n\n\n<div style=\"color:#333\" class=\"wp-block-genesis-blocks-gb-spacer gb-block-spacer gb-divider-solid gb-spacer-divider gb-divider-size-1\"><hr style=\"height:100px\"\/><\/div>\n<\/div><\/div><\/div>","protected":false},"excerpt":{"rendered":"","protected":false},"author":2,"featured_media":0,"parent":486,"menu_order":32,"comment_status":"closed","ping_status":"closed","template":"","meta":{"footnotes":""},"class_list":["post-2330","page","type-page","status-publish","hentry","post"],"featured_image_src":null,"featured_image_src_square":null,"_links":{"self":[{"href":"https:\/\/ikf.ac.at\/en\/wp-json\/wp\/v2\/pages\/2330","targetHints":{"allow":["GET"]}}],"collection":[{"href":"https:\/\/ikf.ac.at\/en\/wp-json\/wp\/v2\/pages"}],"about":[{"href":"https:\/\/ikf.ac.at\/en\/wp-json\/wp\/v2\/types\/page"}],"author":[{"embeddable":true,"href":"https:\/\/ikf.ac.at\/en\/wp-json\/wp\/v2\/users\/2"}],"replies":[{"embeddable":true,"href":"https:\/\/ikf.ac.at\/en\/wp-json\/wp\/v2\/comments?post=2330"}],"version-history":[{"count":3,"href":"https:\/\/ikf.ac.at\/en\/wp-json\/wp\/v2\/pages\/2330\/revisions"}],"predecessor-version":[{"id":2341,"href":"https:\/\/ikf.ac.at\/en\/wp-json\/wp\/v2\/pages\/2330\/revisions\/2341"}],"up":[{"embeddable":true,"href":"https:\/\/ikf.ac.at\/en\/wp-json\/wp\/v2\/pages\/486"}],"wp:attachment":[{"href":"https:\/\/ikf.ac.at\/en\/wp-json\/wp\/v2\/media?parent=2330"}],"curies":[{"name":"wp","href":"https:\/\/api.w.org\/{rel}","templated":true}]}}

<div class="wp-block-atomic-blocks-ab-container alignfull ab-block-container"><div class="ab-container-inside"><div class="ab-container-content"><div id="pl-gb2330-69f23feda09ed"  class="panel-layout" ><div id="pg-gb2330-69f23feda09ed-0"  class="panel-grid panel-no-style" ><div id="pgc-gb2330-69f23feda09ed-0-0"  class="panel-grid-cell" ><div id="panel-gb2330-69f23feda09ed-0-0-0" class="so-panel widget widget_media_image panel-first-child panel-last-child" data-index="0" ><img loading="lazy" decoding="async" width="2554" height="10" src="https://ikf.ac.at/wp-content/uploads/2021/01/linie_IKF.jpg" class="image wp-image-754  attachment-full size-full" alt="" style="max-width: 100%; height: auto;" srcset="https://ikf.ac.at/wp-content/uploads/2021/01/linie_IKF.jpg 2554w, https://ikf.ac.at/wp-content/uploads/2021/01/linie_IKF-300x1.jpg 300w, https://ikf.ac.at/wp-content/uploads/2021/01/linie_IKF-1024x4.jpg 1024w, https://ikf.ac.at/wp-content/uploads/2021/01/linie_IKF-768x3.jpg 768w, https://ikf.ac.at/wp-content/uploads/2021/01/linie_IKF-1536x6.jpg 1536w, https://ikf.ac.at/wp-content/uploads/2021/01/linie_IKF-2048x8.jpg 2048w" sizes="auto, (max-width: 2554px) 100vw, 2554px" /></div></div></div></div>


<div style="color:#ddd" class="wp-block-genesis-blocks-gb-spacer gb-block-spacer gb-divider-solid gb-divider-size-1"><hr style="height:30px"/></div>


<div id="pl-gb2330-69f23feda1115"  class="panel-layout" ><div id="pg-gb2330-69f23feda1115-0"  class="panel-grid panel-no-style" ><div id="pgc-gb2330-69f23feda1115-0-0"  class="panel-grid-cell panel-grid-cell-empty" ></div><div id="pgc-gb2330-69f23feda1115-0-1"  class="panel-grid-cell" ><div id="panel-gb2330-69f23feda1115-0-1-0" class="so-panel widget widget_sow-editor panel-first-child panel-last-child" data-index="0" ><div
			
			class="so-widget-sow-editor so-widget-sow-editor-base"
			
		>
<div class="siteorigin-widget-tinymce textwidget">
	<table style="height: 100px; width: 100%; border-collapse: collapse;" border="1" cellpadding="2">
<tbody>
<tr style="height: 24px;">
<td style="width: 15.8421%; height: 24px;">Project management:</td>
<td style="width: 84.1578%; height: 24px;" colspan="2">ao. Univ.Prof. Dr. Hannes Tretter<br />
Univ.Prof. Dr. Anton Pelinka<br />
Univ.Prof.<sup>in</sup> Dr.<sup>in</sup> Ruth Wodak</td>
</tr>
<tr>
<td style="width: 15.8421%;">
<hr />
</td>
<td style="width: 60.8479%;">
<hr />
</td>
<td style="width: 23.3099%; height: 24px;"></td>
</tr>
<tr>
<td style="width: 15.8421%;">Implementation:</td>
<td style="width: 84.1578%;" colspan="2">Mag. Dr. Stefanie Mayer<sup>a</sup> Barbara Liegl<br />
Mag. Dr. Stefanie Mayer<sup>a</sup> Katharina Köhler (Institut für Sprachwissenschaft, Universität Wien)<br />
Mag. Dr. Stefanie Mayer<sup>a</sup> Birgit Weyss/ Mag.<sup>a</sup> Marta Hodasz (BIM-Forschungsverein)</td>
</tr>
<tr>
<td style="width: 15.8421%;">
<hr />
</td>
<td style="width: 60.8479%;">
<hr />
</td>
<td style="width: 23.3099%;"></td>
</tr>
<tr>
<td style="width: 15.8421%;">Funded by:</td>
<td style="width: 84.1578%;" colspan="2">Europäische Stelle zur Beobachtung von Rassismus und Fremdenfeindlichkeit (EUMC)<br />
über BIM-Forschungsverein</td>
</tr>
<tr>
<td style="width: 15.8421%;">
<hr />
</td>
<td style="width: 60.8479%;">
<hr />
</td>
<td style="width: 23.3099%; height: 24px;"></td>
</tr>
<tr style="height: 24px;">
<td style="width: 15.8421%; height: 24px;">Completed in:</td>
<td style="height: 24px; width: 84.1578%;" colspan="2">Januar 2006</td>
</tr>
</tbody>
</table>
</div>
</div></div></div></div></div>


<div style="color:#404168" class="wp-block-genesis-blocks-gb-spacer gb-block-spacer gb-divider-solid gb-spacer-divider gb-divider-size-1"><hr style="height:3px"/></div>



<div style="color:#404168" class="wp-block-genesis-blocks-gb-spacer gb-block-spacer gb-divider-solid gb-divider-size-1"><hr style="height:10px"/></div>


<div id="pl-gb2330-69f23feda17b1"  class="panel-layout" ><div id="pg-gb2330-69f23feda17b1-0"  class="panel-grid panel-no-style" ><div id="pgc-gb2330-69f23feda17b1-0-0"  class="panel-grid-cell panel-grid-cell-empty" ></div><div id="pgc-gb2330-69f23feda17b1-0-1"  class="panel-grid-cell panel-grid-cell-mobile-last" ><div id="panel-gb2330-69f23feda17b1-0-1-0" class="so-panel widget widget_text panel-first-child panel-last-child" data-index="0" >			<div class="textwidget"><p align="justify">Die 1997 von der EU eingerichtete Europäische Stelle zur Beobachtung von Rassismus und Fremdenfeindlichkeit (EUMC) ist für den Aufbau des europäischen Informationsnetzwerkes &#8220;RAXEN&#8221; (Racism and Xenophobia Network) verantwortlich. RAXEN vernetzt nichtstaatliche und staatliche Organisationen sowie Forschungseinrichtungen und hat die Aufgabe, Informationen und Daten über Rassismus, Fremdenfeindlichkeit und Antisemitismus zu sammeln, zu verarbeiten und an das EUMC weiterzuleiten. Um diesen transnationalen Informationsaustausch zu erleichtern und die Vergleichbarkeit der in den jeweiligen Mitgliedstaaten erhobenen Daten auf EU-Ebene zu garantieren, wurden vom EUMC National Focal Points als innerstaatliche Koordinationsstellen eingesetzt. Sie koordinieren den Informationsfluss sowohl zwischen den auf einzelstaatlicher Ebene agierenden spezialisierten Institutionen, den sogenannten &#8220;key actors&#8221;, als auch zwischen diesen HauptakteurInnen und der Europäischen Beobachtungsstelle. Das österreichische Team setzt sich aus VertreterInnen der folgenden drei Forschungseinrichtungen zusammen: dem Ludwig Boltzmann Institut für Menschenrechte-Forschungsverein, dem Institut für Sprachwissenschaft der Universität Wien und dem Institut für Konfliktforschung.</p>
<p align="justify">Der National Focal Point für Österreich wurde im Jänner 2005 beauftragt, die sechste RAXEN-Phase durchzuführen. Dabei wurde die bereits in der Einstiegsphase 2000 begonnene Koordinierung und Institutionalisierung eines innerösterreichischen Informationsnetzwerkes bestehend aus wissenschaftlichen, staatlichen und nicht-staatlichen ebenso wie sozialpartnerschaftlichen Einrichtungen, die sich gegen Rassismus, Fremdenfeindlichkeit und Antisemitismus engagieren, fortgesetzt.</p>
<p align="justify">Darüber hinaus wurden die 2001 bzw. 2003 begonnenen Arbeiten in den fünf vom EUMC ausgewählten Schwerpunktbereichen –<br />
(1) Änderungen in der Gesetzgebung, die zugewanderte und autochthone Minderheiten betrafen, (2) rassistisch und fremdenfeindlich motivierte Übergriffe, (3) Diskriminierung/ Rassismus im Bildungsbereich ebenso wie (4) Diskriminierung/ Rassismus im Arbeitsbereich, (5) Diskriminierung/ Rassismus am Wohnungsmarkt – fortgesetzt bzw. vertieft. Zu diesen Themenbereichen wurden Statistiken, deskriptives ebenso wie analytisches Datenmaterial für den Zeitraum Januar bis Oktober 2005 gesammelt, das Einblick in rassistische, fremdenfeindliche, antisemitische und islamfeindliche Einstellungen, Handlungen, und Übergriffe in Österreich gibt. Die wichtigsten sich aus diesen quantitativen und qualitativen Daten ergebenden Trends für die fünf Bereiche wurden im &#8220;Nationalen Bericht für Österreich&#8221; zusammengefasst.</p>
<p align="justify">Die in den Berichten erfassten Einrichtungen einschließlich der von ihnen herausgegebenen Publikationen und durchgeführten Projekte werden zusätzlich in einer Datenbank erfasst.</p>
<p align="justify">Die 2005 vom EUMC in Auftrag gegebene Studie zu einem spezifischen Themenbereich identifiziert gesetzlich festgelegte und auch nicht in Gesetzen verankerte Organisationen, die Opfer von rassistischer Diskriminierung unterstützen und deren Rechte geltend machen. Der erste Teil der Studie beschäftigt sich mit dem rechtlichen Status, dem Mandat, den Verfahrensregeln und den Formen der angebotenen Unterstützung der drei wichtigsten nationalen Einrichtungen – im Fall von Österreich die <em>Gleichbehandlungsanwaltschaft</em>, die <em>Gleichbehandlungskommission</em> und den <em>Klagsverband zur Durchsetzung der Rechte von Diskriminierungsopfern</em>. Im zweiten Teil wird detailliert ein good practice Beispiel einer erfahrenen, niederschwelligen und nachhaltigen Organisation dargestellt: Für Österreich wurden die Entstehungsgeschichte, die Tätigkeiten und die Kompetenzen der in Wien ansässigen NGO ZARA – Zivilcourage und Anti-Rassismus-Arbeit beschrieben.</p>
<p align="justify">Weiters hat der National Focal Point demographische Daten zur Bevölkerungsvielfalt in der EU, zu Migration und Asylwesen gesammelt und Kurzdarstellungen zur Gleichbehandlungs- und Antidiskriminierungsgesetzgebung ebenso wie zu den Gleichbehandlungseinrichtungen auf Bundes- und Länderebene nach Vorgabe des EUMC aufbereitet. Diese Daten werden im Laufe des Jahres 2006 auf der Homepage des EUMC in der Form von &#8220;Info-Sheets&#8221; abrufbar sein.</p>
</div>
		</div></div><div id="pgc-gb2330-69f23feda17b1-0-2"  class="panel-grid-cell panel-grid-cell-empty" ></div></div></div>


<div style="color:#333" class="wp-block-genesis-blocks-gb-spacer gb-block-spacer gb-divider-solid gb-spacer-divider gb-divider-size-1"><hr style="height:100px"/></div>
</div></div></div>
