{"id":2326,"date":"2021-03-25T10:39:58","date_gmt":"2021-03-25T10:39:58","guid":{"rendered":"http:\/\/test-ikf.online\/?page_id=2326"},"modified":"2021-03-25T11:14:31","modified_gmt":"2021-03-25T11:14:31","slug":"2007-raxen-7","status":"publish","type":"page","link":"https:\/\/ikf.ac.at\/en\/schwerpunkte\/cleavages\/antisemitismus\/2007-raxen-7","title":{"rendered":"2007: RAXEN 7 (Racism and Xenophobia Network)"},"content":{"rendered":"<div class=\"wp-block-atomic-blocks-ab-container alignfull ab-block-container\"><div class=\"ab-container-inside\"><div class=\"ab-container-content\"><div id=\"pl-gb2326-69f24013d0dbd\"  class=\"panel-layout\" ><div id=\"pg-gb2326-69f24013d0dbd-0\"  class=\"panel-grid panel-no-style\" ><div id=\"pgc-gb2326-69f24013d0dbd-0-0\"  class=\"panel-grid-cell\" ><div id=\"panel-gb2326-69f24013d0dbd-0-0-0\" class=\"so-panel widget widget_media_image panel-first-child panel-last-child\" data-index=\"0\" ><img loading=\"lazy\" decoding=\"async\" width=\"2554\" height=\"10\" src=\"https:\/\/ikf.ac.at\/wp-content\/uploads\/2021\/01\/linie_IKF.jpg\" class=\"image wp-image-754  attachment-full size-full\" alt=\"\" style=\"max-width: 100%; height: auto;\" srcset=\"https:\/\/ikf.ac.at\/wp-content\/uploads\/2021\/01\/linie_IKF.jpg 2554w, https:\/\/ikf.ac.at\/wp-content\/uploads\/2021\/01\/linie_IKF-300x1.jpg 300w, https:\/\/ikf.ac.at\/wp-content\/uploads\/2021\/01\/linie_IKF-1024x4.jpg 1024w, https:\/\/ikf.ac.at\/wp-content\/uploads\/2021\/01\/linie_IKF-768x3.jpg 768w, https:\/\/ikf.ac.at\/wp-content\/uploads\/2021\/01\/linie_IKF-1536x6.jpg 1536w, https:\/\/ikf.ac.at\/wp-content\/uploads\/2021\/01\/linie_IKF-2048x8.jpg 2048w\" sizes=\"auto, (max-width: 2554px) 100vw, 2554px\" \/><\/div><\/div><\/div><\/div>\n\n\n<div style=\"color:#ddd\" class=\"wp-block-genesis-blocks-gb-spacer gb-block-spacer gb-divider-solid gb-divider-size-1\"><hr style=\"height:30px\"\/><\/div>\n\n\n<div id=\"pl-gb2326-69f24013d13e0\"  class=\"panel-layout\" ><div id=\"pg-gb2326-69f24013d13e0-0\"  class=\"panel-grid panel-no-style\" ><div id=\"pgc-gb2326-69f24013d13e0-0-0\"  class=\"panel-grid-cell panel-grid-cell-empty\" ><\/div><div id=\"pgc-gb2326-69f24013d13e0-0-1\"  class=\"panel-grid-cell\" ><div id=\"panel-gb2326-69f24013d13e0-0-1-0\" class=\"so-panel widget widget_sow-editor panel-first-child panel-last-child\" data-index=\"0\" ><div\n\t\t\t\n\t\t\tclass=\"so-widget-sow-editor so-widget-sow-editor-base\"\n\t\t\t\n\t\t>\n<div class=\"siteorigin-widget-tinymce textwidget\">\n\t<table style=\"height: 100px; width: 100%; border-collapse: collapse;\" border=\"1\" cellpadding=\"2\">\n<tbody>\n<tr style=\"height: 24px;\">\n<td style=\"width: 15.8421%; height: 24px;\">Project management:<\/td>\n<td style=\"width: 84.1578%; height: 24px;\" colspan=\"2\">ao. Univ.Prof. Dr. Hannes Tretter<br \/>\nUniv.Prof. Dr. Anton Pelinka<br \/>\nUniv.Prof.<sup>in<\/sup> Dr.<sup>in<\/sup> Ruth Wodak<\/td>\n<\/tr>\n<tr>\n<td style=\"width: 15.8421%;\">\n<hr \/>\n<\/td>\n<td style=\"width: 60.8479%;\">\n<hr \/>\n<\/td>\n<td style=\"width: 23.3099%; height: 24px;\"><\/td>\n<\/tr>\n<tr>\n<td style=\"width: 15.8421%;\">Implementation:<\/td>\n<td style=\"width: 84.1578%;\" colspan=\"2\">Mag. Dr. Stefanie Mayer<sup>a<\/sup> Barbara Liegl<br \/>\nMag. Dr. Stefanie Mayer<sup>a<\/sup> Katharina K\u00f6hler (Institut f\u00fcr Sprachwissenschaft, Universit\u00e4t Wien)<br \/>\nDr.<sup>in<\/sup> Marta Hodasz (BIM-Forschungsverein)<\/td>\n<\/tr>\n<tr>\n<td style=\"width: 15.8421%;\">\n<hr \/>\n<\/td>\n<td style=\"width: 60.8479%;\">\n<hr \/>\n<\/td>\n<td style=\"width: 23.3099%;\"><\/td>\n<\/tr>\n<tr>\n<td style=\"width: 15.8421%;\">Funded by:<\/td>\n<td style=\"width: 84.1578%;\" colspan=\"2\">Europ\u00e4ische Stelle zur Beobachtung von Rassismus und Fremdenfeindlichkeit (EUMC)<br \/>\n\u00fcber BIM-Forschungsverein<\/td>\n<\/tr>\n<tr>\n<td style=\"width: 15.8421%;\">\n<hr \/>\n<\/td>\n<td style=\"width: 60.8479%;\">\n<hr \/>\n<\/td>\n<td style=\"width: 23.3099%; height: 24px;\"><\/td>\n<\/tr>\n<tr style=\"height: 24px;\">\n<td style=\"width: 15.8421%; height: 24px;\">Completed in:<\/td>\n<td style=\"height: 24px; width: 84.1578%;\" colspan=\"2\">Januar 2007<\/td>\n<\/tr>\n<\/tbody>\n<\/table>\n<\/div>\n<\/div><\/div><\/div><\/div><\/div>\n\n\n<div style=\"color:#404168\" class=\"wp-block-genesis-blocks-gb-spacer gb-block-spacer gb-divider-solid gb-spacer-divider gb-divider-size-1\"><hr style=\"height:3px\"\/><\/div>\n\n\n\n<div style=\"color:#404168\" class=\"wp-block-genesis-blocks-gb-spacer gb-block-spacer gb-divider-solid gb-divider-size-1\"><hr style=\"height:10px\"\/><\/div>\n\n\n<div id=\"pl-gb2326-69f24013d193b\"  class=\"panel-layout\" ><div id=\"pg-gb2326-69f24013d193b-0\"  class=\"panel-grid panel-no-style\" ><div id=\"pgc-gb2326-69f24013d193b-0-0\"  class=\"panel-grid-cell panel-grid-cell-empty\" ><\/div><div id=\"pgc-gb2326-69f24013d193b-0-1\"  class=\"panel-grid-cell panel-grid-cell-mobile-last\" ><div id=\"panel-gb2326-69f24013d193b-0-1-0\" class=\"so-panel widget widget_text panel-first-child panel-last-child\" data-index=\"0\" >\t\t\t<div class=\"textwidget\"><p align=\"justify\">Die 1997 von der EU eingerichtete Europ\u00e4ische Stelle zur Beobachtung von Rassismus und Fremdenfeindlichkeit (EUMC) ist f\u00fcr den Aufbau des europ\u00e4ischen Informationsnetzwerkes &#8220;RAXEN&#8221; (Racism and Xenophobia Network) verantwortlich. RAXEN vernetzt nichtstaatliche und staatliche Organisationen sowie Forschungseinrichtungen und hat die Aufgabe, Informationen und Daten \u00fcber Rassismus, Fremdenfeindlichkeit und Antisemitismus zu sammeln, zu verarbeiten und an das EUMC weiterzuleiten. Um diesen transnationalen Informationsaustausch zu erleichtern und die Vergleichbarkeit der in den jeweiligen Mitgliedstaaten erhobenen Daten auf EU-Ebene zu garantieren, wurden vom EUMC National Focal Points als innerstaatliche Koordinationsstellen eingesetzt. Sie koordinieren den Informationsfluss sowohl zwischen den auf einzelstaatlicher Ebene agierenden spezialisierten Institutionen, den sogenannten &#8220;key actors&#8221;, als auch zwischen diesen HauptakteurInnen und der Europ\u00e4ischen Beobachtungsstelle. Das \u00f6sterreichische Team setzt sich aus VertreterInnen der folgenden drei Forschungseinrichtungen zusammen: dem Ludwig Boltzmann Institut f\u00fcr Menschenrechte-Forschungsverein, dem Institut f\u00fcr Sprachwissenschaft der Universit\u00e4t Wien und dem Institut f\u00fcr Konfliktforschung.<\/p>\n<p align=\"justify\">Der National Focal Point f\u00fcr \u00d6sterreich wurde im J\u00e4nner 2006 beauftragt, die siebente RAXEN-Phase durchzuf\u00fchren. Dabei wurde die bereits in der Einstiegsphase 2000 begonnene Koordinierung und Institutionalisierung eines inner\u00f6sterreichischen Informationsnetzwerkes bestehend aus wissenschaftlichen, staatlichen und nicht-staatlichen ebenso wie sozialpartnerschaftlichen Einrichtungen, die sich gegen Rassismus, Fremdenfeindlichkeit und Antisemitismus engagieren, fortgesetzt.<\/p>\n<p align=\"justify\">Dar\u00fcber hinaus wurden die 2001 bzw. 2003 begonnenen Arbeiten in den f\u00fcnf vom EUMC ausgew\u00e4hlten Schwerpunktbereichen \u2013 (1) \u00c4nderungen in der Gesetzgebung, die zugewanderte und autochthone Minderheiten betrafen, (2) rassistisch und fremdenfeindlich motivierte \u00dcbergriffe, (3) Diskriminierung\/ Rassismus im Bildungsbereich ebenso wie (4) Diskriminierung\/ Rassismus im Arbeitsbereich, (5) Diskriminierung\/ Rassismus am Wohnungsmarkt \u2013 fortgesetzt bzw. vertieft. Zu diesen Themenbereichen wurden Statistiken, deskriptives ebenso wie analytisches Datenmaterial f\u00fcr den Zeitraum J\u00e4nner bis Oktober 2006 gesammelt, das Einblick in rassistische, fremdenfeindliche, antisemitische und islamfeindliche Einstellungen, Handlungen und \u00dcbergriffe in \u00d6sterreich gibt. Die wichtigsten sich aus diesen quantitativen und qualitativen Daten ergebenden Trends f\u00fcr die f\u00fcnf Bereiche wurden im &#8220;Nationalen Bericht \u00fcber die Datensammlung zu \u00d6sterreich&#8221; zusammengefasst.<\/p>\n<p align=\"justify\">Die in den Berichten erfassten Einrichtungen einschlie\u00dflich der von ihnen herausgegebenen Publikationen und durchgef\u00fchrten Projekte werden zus\u00e4tzlich in einer Datenbank erfasst.<\/p>\n<p align=\"justify\">Die 2006 vom EUMC zu einem spezifischen Thema in Auftrag gegebene Studie setzt sich mit Trends und Entwicklungen in den Jahren 2000 bis 2005 in den Bereichen Bek\u00e4mpfung von ethnischer und rassistischer Diskriminierung und F\u00f6rderung von Gleichstellung auseinander. In den bereits oben definierten f\u00fcnf Schwerpunktbereichen wurden auf Basis von statistischem und qualitativem Datenmaterial Entwicklungen in der Datenerfassung, der Etablierung von neu eingerichteten gesetzlichen Institutionen zur Bek\u00e4mpfung von Diskriminierung und der Umsetzung von good practice Beispielen nachgezeichnet. Die Studie beinhaltet auch ein Hintergrundkapitel zu politischen Entwicklungen im vorgegebenen Beobachtungszeitraum.<\/p>\n<p align=\"justify\">Weiters hat der National Focal Point die bereits im Jahr 2004 begonnene Aufgabe der Datenaufbereitung f\u00fcr die vom EUMC konzipierten Info Sheets fortgesetzt und aktuelle demographische Daten zur Bev\u00f6lkerungsvielfalt in der EU, zu Migration und Asylwesen ebenso wie \u00fcber die 2006 eingerichteten Gleichbehandlungseinrichtungen in den Bundesl\u00e4ndern gesammelt und aufbereitet. Diese Daten sollen im Laufe des Jahres 2007 auf der Homepage des EUMC abrufbar sein.<\/p>\n<p align=\"justify\">Die aktuellsten Daten werden an das EUMC mittels zwei monatlich erstellter Bulletins weitergegeben. Diese beinhalten politische Schlagzeilen, neueste gesetzliche Entwicklungen und relevante Beispiele aus der Rechtssprechung, aktuelle wissenschaftliche Studien und statistische Daten ebenso wie Angaben zu rassistischen \u00dcbergriffen und Vorf\u00e4llen.<\/p>\n<\/div>\n\t\t<\/div><\/div><div id=\"pgc-gb2326-69f24013d193b-0-2\"  class=\"panel-grid-cell panel-grid-cell-empty\" ><\/div><\/div><\/div>\n\n\n<div style=\"color:#333\" class=\"wp-block-genesis-blocks-gb-spacer gb-block-spacer gb-divider-solid gb-spacer-divider gb-divider-size-1\"><hr style=\"height:100px\"\/><\/div>\n<\/div><\/div><\/div>","protected":false},"excerpt":{"rendered":"","protected":false},"author":2,"featured_media":0,"parent":486,"menu_order":31,"comment_status":"closed","ping_status":"closed","template":"","meta":{"footnotes":""},"class_list":["post-2326","page","type-page","status-publish","hentry","post"],"featured_image_src":null,"featured_image_src_square":null,"_links":{"self":[{"href":"https:\/\/ikf.ac.at\/en\/wp-json\/wp\/v2\/pages\/2326","targetHints":{"allow":["GET"]}}],"collection":[{"href":"https:\/\/ikf.ac.at\/en\/wp-json\/wp\/v2\/pages"}],"about":[{"href":"https:\/\/ikf.ac.at\/en\/wp-json\/wp\/v2\/types\/page"}],"author":[{"embeddable":true,"href":"https:\/\/ikf.ac.at\/en\/wp-json\/wp\/v2\/users\/2"}],"replies":[{"embeddable":true,"href":"https:\/\/ikf.ac.at\/en\/wp-json\/wp\/v2\/comments?post=2326"}],"version-history":[{"count":4,"href":"https:\/\/ikf.ac.at\/en\/wp-json\/wp\/v2\/pages\/2326\/revisions"}],"predecessor-version":[{"id":2340,"href":"https:\/\/ikf.ac.at\/en\/wp-json\/wp\/v2\/pages\/2326\/revisions\/2340"}],"up":[{"embeddable":true,"href":"https:\/\/ikf.ac.at\/en\/wp-json\/wp\/v2\/pages\/486"}],"wp:attachment":[{"href":"https:\/\/ikf.ac.at\/en\/wp-json\/wp\/v2\/media?parent=2326"}],"curies":[{"name":"wp","href":"https:\/\/api.w.org\/{rel}","templated":true}]}}

<div class="wp-block-atomic-blocks-ab-container alignfull ab-block-container"><div class="ab-container-inside"><div class="ab-container-content"><div id="pl-gb2326-69f24013d0dbd"  class="panel-layout" ><div id="pg-gb2326-69f24013d0dbd-0"  class="panel-grid panel-no-style" ><div id="pgc-gb2326-69f24013d0dbd-0-0"  class="panel-grid-cell" ><div id="panel-gb2326-69f24013d0dbd-0-0-0" class="so-panel widget widget_media_image panel-first-child panel-last-child" data-index="0" ><img loading="lazy" decoding="async" width="2554" height="10" src="https://ikf.ac.at/wp-content/uploads/2021/01/linie_IKF.jpg" class="image wp-image-754  attachment-full size-full" alt="" style="max-width: 100%; height: auto;" srcset="https://ikf.ac.at/wp-content/uploads/2021/01/linie_IKF.jpg 2554w, https://ikf.ac.at/wp-content/uploads/2021/01/linie_IKF-300x1.jpg 300w, https://ikf.ac.at/wp-content/uploads/2021/01/linie_IKF-1024x4.jpg 1024w, https://ikf.ac.at/wp-content/uploads/2021/01/linie_IKF-768x3.jpg 768w, https://ikf.ac.at/wp-content/uploads/2021/01/linie_IKF-1536x6.jpg 1536w, https://ikf.ac.at/wp-content/uploads/2021/01/linie_IKF-2048x8.jpg 2048w" sizes="auto, (max-width: 2554px) 100vw, 2554px" /></div></div></div></div>


<div style="color:#ddd" class="wp-block-genesis-blocks-gb-spacer gb-block-spacer gb-divider-solid gb-divider-size-1"><hr style="height:30px"/></div>


<div id="pl-gb2326-69f24013d13e0"  class="panel-layout" ><div id="pg-gb2326-69f24013d13e0-0"  class="panel-grid panel-no-style" ><div id="pgc-gb2326-69f24013d13e0-0-0"  class="panel-grid-cell panel-grid-cell-empty" ></div><div id="pgc-gb2326-69f24013d13e0-0-1"  class="panel-grid-cell" ><div id="panel-gb2326-69f24013d13e0-0-1-0" class="so-panel widget widget_sow-editor panel-first-child panel-last-child" data-index="0" ><div
			
			class="so-widget-sow-editor so-widget-sow-editor-base"
			
		>
<div class="siteorigin-widget-tinymce textwidget">
	<table style="height: 100px; width: 100%; border-collapse: collapse;" border="1" cellpadding="2">
<tbody>
<tr style="height: 24px;">
<td style="width: 15.8421%; height: 24px;">Project management:</td>
<td style="width: 84.1578%; height: 24px;" colspan="2">ao. Univ.Prof. Dr. Hannes Tretter<br />
Univ.Prof. Dr. Anton Pelinka<br />
Univ.Prof.<sup>in</sup> Dr.<sup>in</sup> Ruth Wodak</td>
</tr>
<tr>
<td style="width: 15.8421%;">
<hr />
</td>
<td style="width: 60.8479%;">
<hr />
</td>
<td style="width: 23.3099%; height: 24px;"></td>
</tr>
<tr>
<td style="width: 15.8421%;">Implementation:</td>
<td style="width: 84.1578%;" colspan="2">Mag. Dr. Stefanie Mayer<sup>a</sup> Barbara Liegl<br />
Mag. Dr. Stefanie Mayer<sup>a</sup> Katharina Köhler (Institut für Sprachwissenschaft, Universität Wien)<br />
Dr.<sup>in</sup> Marta Hodasz (BIM-Forschungsverein)</td>
</tr>
<tr>
<td style="width: 15.8421%;">
<hr />
</td>
<td style="width: 60.8479%;">
<hr />
</td>
<td style="width: 23.3099%;"></td>
</tr>
<tr>
<td style="width: 15.8421%;">Funded by:</td>
<td style="width: 84.1578%;" colspan="2">Europäische Stelle zur Beobachtung von Rassismus und Fremdenfeindlichkeit (EUMC)<br />
über BIM-Forschungsverein</td>
</tr>
<tr>
<td style="width: 15.8421%;">
<hr />
</td>
<td style="width: 60.8479%;">
<hr />
</td>
<td style="width: 23.3099%; height: 24px;"></td>
</tr>
<tr style="height: 24px;">
<td style="width: 15.8421%; height: 24px;">Completed in:</td>
<td style="height: 24px; width: 84.1578%;" colspan="2">Januar 2007</td>
</tr>
</tbody>
</table>
</div>
</div></div></div></div></div>


<div style="color:#404168" class="wp-block-genesis-blocks-gb-spacer gb-block-spacer gb-divider-solid gb-spacer-divider gb-divider-size-1"><hr style="height:3px"/></div>



<div style="color:#404168" class="wp-block-genesis-blocks-gb-spacer gb-block-spacer gb-divider-solid gb-divider-size-1"><hr style="height:10px"/></div>


<div id="pl-gb2326-69f24013d193b"  class="panel-layout" ><div id="pg-gb2326-69f24013d193b-0"  class="panel-grid panel-no-style" ><div id="pgc-gb2326-69f24013d193b-0-0"  class="panel-grid-cell panel-grid-cell-empty" ></div><div id="pgc-gb2326-69f24013d193b-0-1"  class="panel-grid-cell panel-grid-cell-mobile-last" ><div id="panel-gb2326-69f24013d193b-0-1-0" class="so-panel widget widget_text panel-first-child panel-last-child" data-index="0" >			<div class="textwidget"><p align="justify">Die 1997 von der EU eingerichtete Europäische Stelle zur Beobachtung von Rassismus und Fremdenfeindlichkeit (EUMC) ist für den Aufbau des europäischen Informationsnetzwerkes &#8220;RAXEN&#8221; (Racism and Xenophobia Network) verantwortlich. RAXEN vernetzt nichtstaatliche und staatliche Organisationen sowie Forschungseinrichtungen und hat die Aufgabe, Informationen und Daten über Rassismus, Fremdenfeindlichkeit und Antisemitismus zu sammeln, zu verarbeiten und an das EUMC weiterzuleiten. Um diesen transnationalen Informationsaustausch zu erleichtern und die Vergleichbarkeit der in den jeweiligen Mitgliedstaaten erhobenen Daten auf EU-Ebene zu garantieren, wurden vom EUMC National Focal Points als innerstaatliche Koordinationsstellen eingesetzt. Sie koordinieren den Informationsfluss sowohl zwischen den auf einzelstaatlicher Ebene agierenden spezialisierten Institutionen, den sogenannten &#8220;key actors&#8221;, als auch zwischen diesen HauptakteurInnen und der Europäischen Beobachtungsstelle. Das österreichische Team setzt sich aus VertreterInnen der folgenden drei Forschungseinrichtungen zusammen: dem Ludwig Boltzmann Institut für Menschenrechte-Forschungsverein, dem Institut für Sprachwissenschaft der Universität Wien und dem Institut für Konfliktforschung.</p>
<p align="justify">Der National Focal Point für Österreich wurde im Jänner 2006 beauftragt, die siebente RAXEN-Phase durchzuführen. Dabei wurde die bereits in der Einstiegsphase 2000 begonnene Koordinierung und Institutionalisierung eines innerösterreichischen Informationsnetzwerkes bestehend aus wissenschaftlichen, staatlichen und nicht-staatlichen ebenso wie sozialpartnerschaftlichen Einrichtungen, die sich gegen Rassismus, Fremdenfeindlichkeit und Antisemitismus engagieren, fortgesetzt.</p>
<p align="justify">Darüber hinaus wurden die 2001 bzw. 2003 begonnenen Arbeiten in den fünf vom EUMC ausgewählten Schwerpunktbereichen – (1) Änderungen in der Gesetzgebung, die zugewanderte und autochthone Minderheiten betrafen, (2) rassistisch und fremdenfeindlich motivierte Übergriffe, (3) Diskriminierung/ Rassismus im Bildungsbereich ebenso wie (4) Diskriminierung/ Rassismus im Arbeitsbereich, (5) Diskriminierung/ Rassismus am Wohnungsmarkt – fortgesetzt bzw. vertieft. Zu diesen Themenbereichen wurden Statistiken, deskriptives ebenso wie analytisches Datenmaterial für den Zeitraum Jänner bis Oktober 2006 gesammelt, das Einblick in rassistische, fremdenfeindliche, antisemitische und islamfeindliche Einstellungen, Handlungen und Übergriffe in Österreich gibt. Die wichtigsten sich aus diesen quantitativen und qualitativen Daten ergebenden Trends für die fünf Bereiche wurden im &#8220;Nationalen Bericht über die Datensammlung zu Österreich&#8221; zusammengefasst.</p>
<p align="justify">Die in den Berichten erfassten Einrichtungen einschließlich der von ihnen herausgegebenen Publikationen und durchgeführten Projekte werden zusätzlich in einer Datenbank erfasst.</p>
<p align="justify">Die 2006 vom EUMC zu einem spezifischen Thema in Auftrag gegebene Studie setzt sich mit Trends und Entwicklungen in den Jahren 2000 bis 2005 in den Bereichen Bekämpfung von ethnischer und rassistischer Diskriminierung und Förderung von Gleichstellung auseinander. In den bereits oben definierten fünf Schwerpunktbereichen wurden auf Basis von statistischem und qualitativem Datenmaterial Entwicklungen in der Datenerfassung, der Etablierung von neu eingerichteten gesetzlichen Institutionen zur Bekämpfung von Diskriminierung und der Umsetzung von good practice Beispielen nachgezeichnet. Die Studie beinhaltet auch ein Hintergrundkapitel zu politischen Entwicklungen im vorgegebenen Beobachtungszeitraum.</p>
<p align="justify">Weiters hat der National Focal Point die bereits im Jahr 2004 begonnene Aufgabe der Datenaufbereitung für die vom EUMC konzipierten Info Sheets fortgesetzt und aktuelle demographische Daten zur Bevölkerungsvielfalt in der EU, zu Migration und Asylwesen ebenso wie über die 2006 eingerichteten Gleichbehandlungseinrichtungen in den Bundesländern gesammelt und aufbereitet. Diese Daten sollen im Laufe des Jahres 2007 auf der Homepage des EUMC abrufbar sein.</p>
<p align="justify">Die aktuellsten Daten werden an das EUMC mittels zwei monatlich erstellter Bulletins weitergegeben. Diese beinhalten politische Schlagzeilen, neueste gesetzliche Entwicklungen und relevante Beispiele aus der Rechtssprechung, aktuelle wissenschaftliche Studien und statistische Daten ebenso wie Angaben zu rassistischen Übergriffen und Vorfällen.</p>
</div>
		</div></div><div id="pgc-gb2326-69f24013d193b-0-2"  class="panel-grid-cell panel-grid-cell-empty" ></div></div></div>


<div style="color:#333" class="wp-block-genesis-blocks-gb-spacer gb-block-spacer gb-divider-solid gb-spacer-divider gb-divider-size-1"><hr style="height:100px"/></div>
</div></div></div>
