{"id":2320,"date":"2021-03-25T09:32:33","date_gmt":"2021-03-25T09:32:33","guid":{"rendered":"http:\/\/test-ikf.online\/?page_id=2320"},"modified":"2021-03-25T09:35:41","modified_gmt":"2021-03-25T09:35:41","slug":"2007-handbuch-der-vorurteile","status":"publish","type":"page","link":"https:\/\/ikf.ac.at\/en\/schwerpunkte\/cleavages\/antisemitismus\/2007-handbuch-der-vorurteile","title":{"rendered":"2007: Handbuch der Vorurteile"},"content":{"rendered":"<div class=\"wp-block-atomic-blocks-ab-container alignfull ab-block-container\"><div class=\"ab-container-inside\"><div class=\"ab-container-content\"><div id=\"pl-gb2320-69f23fecd151c\"  class=\"panel-layout\" ><div id=\"pg-gb2320-69f23fecd151c-0\"  class=\"panel-grid panel-no-style\" ><div id=\"pgc-gb2320-69f23fecd151c-0-0\"  class=\"panel-grid-cell\" ><div id=\"panel-gb2320-69f23fecd151c-0-0-0\" class=\"so-panel widget widget_media_image panel-first-child panel-last-child\" data-index=\"0\" ><img loading=\"lazy\" decoding=\"async\" width=\"2554\" height=\"10\" src=\"https:\/\/ikf.ac.at\/wp-content\/uploads\/2021\/01\/linie_IKF.jpg\" class=\"image wp-image-754  attachment-full size-full\" alt=\"\" style=\"max-width: 100%; height: auto;\" srcset=\"https:\/\/ikf.ac.at\/wp-content\/uploads\/2021\/01\/linie_IKF.jpg 2554w, https:\/\/ikf.ac.at\/wp-content\/uploads\/2021\/01\/linie_IKF-300x1.jpg 300w, https:\/\/ikf.ac.at\/wp-content\/uploads\/2021\/01\/linie_IKF-1024x4.jpg 1024w, https:\/\/ikf.ac.at\/wp-content\/uploads\/2021\/01\/linie_IKF-768x3.jpg 768w, https:\/\/ikf.ac.at\/wp-content\/uploads\/2021\/01\/linie_IKF-1536x6.jpg 1536w, https:\/\/ikf.ac.at\/wp-content\/uploads\/2021\/01\/linie_IKF-2048x8.jpg 2048w\" sizes=\"auto, (max-width: 2554px) 100vw, 2554px\" \/><\/div><\/div><\/div><\/div>\n\n\n<div style=\"color:#ddd\" class=\"wp-block-genesis-blocks-gb-spacer gb-block-spacer gb-divider-solid gb-divider-size-1\"><hr style=\"height:30px\"\/><\/div>\n\n\n<div id=\"pl-gb2320-69f23fecd1a10\"  class=\"panel-layout\" ><div id=\"pg-gb2320-69f23fecd1a10-0\"  class=\"panel-grid panel-no-style\" ><div id=\"pgc-gb2320-69f23fecd1a10-0-0\"  class=\"panel-grid-cell panel-grid-cell-empty\" ><\/div><div id=\"pgc-gb2320-69f23fecd1a10-0-1\"  class=\"panel-grid-cell\" ><div id=\"panel-gb2320-69f23fecd1a10-0-1-0\" class=\"so-panel widget widget_sow-editor panel-first-child panel-last-child\" data-index=\"0\" ><div\n\t\t\t\n\t\t\tclass=\"so-widget-sow-editor so-widget-sow-editor-base\"\n\t\t\t\n\t\t>\n<div class=\"siteorigin-widget-tinymce textwidget\">\n\t<table style=\"height: 100px; width: 100%; border-collapse: collapse;\" border=\"1\" cellpadding=\"2\">\n<tbody>\n<tr style=\"height: 24px;\">\n<td style=\"width: 15.8421%; height: 24px;\">Project management:<\/td>\n<td style=\"width: 84.1578%; height: 24px;\" colspan=\"2\">Univ.-Prof. Dr. Anton Pelinka<\/td>\n<\/tr>\n<tr>\n<td style=\"width: 15.8421%;\">\n<hr \/>\n<\/td>\n<td style=\"width: 39.5713%;\">\n<hr \/>\n<\/td>\n<td style=\"width: 44.5865%; height: 24px;\"><\/td>\n<\/tr>\n<tr>\n<td style=\"width: 15.8421%;\">Implementation:<\/td>\n<td style=\"width: 84.1578%;\" colspan=\"2\">Mag. Dr. Stefanie Mayer<sup>a<\/sup> Karin Bischof<br \/>\nMMag.<sup>a<\/sup> Karin St\u00f6gner<br \/>\nDr.<sup>in<\/sup> Birgitt Haller<\/td>\n<\/tr>\n<tr>\n<td style=\"width: 15.8421%;\">\n<hr \/>\n<\/td>\n<td style=\"width: 39.5713%;\">\n<hr \/>\n<\/td>\n<td style=\"width: 44.5865%;\"><\/td>\n<\/tr>\n<tr>\n<td style=\"width: 15.8421%;\">Funded by:<\/td>\n<td style=\"width: 84.1578%;\" colspan=\"2\">voestalpine AG \u00fcber Sir Peter Ustinov Institut<\/td>\n<\/tr>\n<tr>\n<td style=\"width: 15.8421%;\">\n<hr \/>\n<\/td>\n<td style=\"width: 39.5713%;\">\n<hr \/>\n<\/td>\n<td style=\"width: 44.5865%; height: 24px;\"><\/td>\n<\/tr>\n<tr style=\"height: 24px;\">\n<td style=\"width: 15.8421%; height: 24px;\">Completed in:<\/td>\n<td style=\"height: 24px; width: 84.1578%;\" colspan=\"2\">September 2007<\/td>\n<\/tr>\n<\/tbody>\n<\/table>\n<\/div>\n<\/div><\/div><\/div><\/div><\/div>\n\n\n<div style=\"color:#404168\" class=\"wp-block-genesis-blocks-gb-spacer gb-block-spacer gb-divider-solid gb-spacer-divider gb-divider-size-1\"><hr style=\"height:3px\"\/><\/div>\n\n\n\n<div style=\"color:#404168\" class=\"wp-block-genesis-blocks-gb-spacer gb-block-spacer gb-divider-solid gb-divider-size-1\"><hr style=\"height:10px\"\/><\/div>\n\n\n<div id=\"pl-gb2320-69f23fecd1f75\"  class=\"panel-layout\" ><div id=\"pg-gb2320-69f23fecd1f75-0\"  class=\"panel-grid panel-no-style\" ><div id=\"pgc-gb2320-69f23fecd1f75-0-0\"  class=\"panel-grid-cell panel-grid-cell-empty\" ><\/div><div id=\"pgc-gb2320-69f23fecd1f75-0-1\"  class=\"panel-grid-cell panel-grid-cell-mobile-last\" ><div id=\"panel-gb2320-69f23fecd1f75-0-1-0\" class=\"so-panel widget widget_text panel-first-child panel-last-child\" data-index=\"0\" >\t\t\t<div class=\"textwidget\"><p align=\"justify\">Die redaktionellen Arbeiten am englischsprachigen &#8220;Handbook of Prejudice&#8221; wurden im Herbst 2007 abgeschlossen. Das Handbuch besteht aus zwei Hauptteilen: Im ersten Teil werden sechs gesellschaftlich relevante Vorurteile (Antisemitismus; Sexismus\/ Homophobie; Vorurteile gegen Alter, Krankheit, Behinderung; religi\u00f6se Vorurteile; Rassismus; Klassenvorurteile) ausf\u00fchrlichen Analysen zugef\u00fchrt, in denen sowohl die historische Dimension der jeweiligen Vorurteile als auch &#8220;good practices&#8221; ber\u00fccksichtigt werden. Der zweite Teil versammelt Artikel, die Vorurteile aus der Perspektive verschiedener Wissenschaftsdisziplinen behandeln (Geschichte und Kunstgeschichte; Sozial- und Wirtschaftswissenschaften; Psychologie und P\u00e4dagogik; Naturwissenschaften und Medizin; normative Wissenschaften, Religions- und Rechtswissenschaften; Sprach-, Literatur- und Kommunikationswissenschaften). Das Hauptaugenmerk in diesen Artikeln liegt auf der Verwendung des Begriffs &#8220;Vorurteil&#8221; in den jeweiligen wissenschaftlichen Disziplinen sowie auf den Ursachen und Wirkungen von Vorurteilen. Dar\u00fcber hinaus wurde die gesellschaftliche Funktion von Vorurteilen aus der Sicht der jeweiligen Disziplin beschrieben.<\/p>\n<p align=\"justify\">Diese beiden Hauptteile sind gerahmt von zwei ausf\u00fchrlichen Einleitungsartikeln, die auf Hauptbegriffe und Problemfelder der Vorurteilsforschung allgemein eingehen, und einem abschlie\u00dfenden R\u00e9sum\u00e9, in welchem die Theoriestr\u00e4nge und zentralen Themen der in diesem Handbuch versammelten Artikel strukturiert einander gegen\u00fcbergestellt werden.<\/p>\n<p align=\"justify\">Das Handbuch, das als Sachbuch mit wissenschaftlicher Qualifikation gedacht ist, wurde sowohl in englischer als auch in deutscher Sprache publiziert. Bei der Auswahl der international renommierten AutorInnen, die \u00fcber den Einbezug von wissenschaftlichen &#8220;peers&#8221; getroffen wurde, wurde das IKF von einem Beirat unterst\u00fctzt.<\/p>\n<p>&nbsp;<\/p>\n<p><a href=\"https:\/\/www.cambriapress.com\/pub.cfm?bid=329\" target=\"_blank\" rel=\"noopener\">Handbook of Prejudice<\/a>\u00a0(Cambria Press, New York 2009)<\/p>\n<p><a href=\"https:\/\/www.degruyter.com\/document\/doi\/10.1515\/9783110267198\/html\" target=\"_blank\" rel=\"noopener\">Vorurteile. Urspr\u00fcnge, Formen, Bedeutung<\/a>\u00a0(De Gruyter, Berlin 2012)<\/p>\n<\/div>\n\t\t<\/div><\/div><div id=\"pgc-gb2320-69f23fecd1f75-0-2\"  class=\"panel-grid-cell panel-grid-cell-empty\" ><\/div><\/div><\/div>\n\n\n<div style=\"color:#333\" class=\"wp-block-genesis-blocks-gb-spacer gb-block-spacer gb-divider-solid gb-spacer-divider gb-divider-size-1\"><hr style=\"height:100px\"\/><\/div>\n<\/div><\/div><\/div>","protected":false},"excerpt":{"rendered":"","protected":false},"author":2,"featured_media":0,"parent":486,"menu_order":30,"comment_status":"closed","ping_status":"closed","template":"","meta":{"footnotes":""},"class_list":["post-2320","page","type-page","status-publish","hentry","post"],"featured_image_src":null,"featured_image_src_square":null,"_links":{"self":[{"href":"https:\/\/ikf.ac.at\/en\/wp-json\/wp\/v2\/pages\/2320","targetHints":{"allow":["GET"]}}],"collection":[{"href":"https:\/\/ikf.ac.at\/en\/wp-json\/wp\/v2\/pages"}],"about":[{"href":"https:\/\/ikf.ac.at\/en\/wp-json\/wp\/v2\/types\/page"}],"author":[{"embeddable":true,"href":"https:\/\/ikf.ac.at\/en\/wp-json\/wp\/v2\/users\/2"}],"replies":[{"embeddable":true,"href":"https:\/\/ikf.ac.at\/en\/wp-json\/wp\/v2\/comments?post=2320"}],"version-history":[{"count":4,"href":"https:\/\/ikf.ac.at\/en\/wp-json\/wp\/v2\/pages\/2320\/revisions"}],"predecessor-version":[{"id":2325,"href":"https:\/\/ikf.ac.at\/en\/wp-json\/wp\/v2\/pages\/2320\/revisions\/2325"}],"up":[{"embeddable":true,"href":"https:\/\/ikf.ac.at\/en\/wp-json\/wp\/v2\/pages\/486"}],"wp:attachment":[{"href":"https:\/\/ikf.ac.at\/en\/wp-json\/wp\/v2\/media?parent=2320"}],"curies":[{"name":"wp","href":"https:\/\/api.w.org\/{rel}","templated":true}]}}

<div class="wp-block-atomic-blocks-ab-container alignfull ab-block-container"><div class="ab-container-inside"><div class="ab-container-content"><div id="pl-gb2320-69f23fecd151c"  class="panel-layout" ><div id="pg-gb2320-69f23fecd151c-0"  class="panel-grid panel-no-style" ><div id="pgc-gb2320-69f23fecd151c-0-0"  class="panel-grid-cell" ><div id="panel-gb2320-69f23fecd151c-0-0-0" class="so-panel widget widget_media_image panel-first-child panel-last-child" data-index="0" ><img loading="lazy" decoding="async" width="2554" height="10" src="https://ikf.ac.at/wp-content/uploads/2021/01/linie_IKF.jpg" class="image wp-image-754  attachment-full size-full" alt="" style="max-width: 100%; height: auto;" srcset="https://ikf.ac.at/wp-content/uploads/2021/01/linie_IKF.jpg 2554w, https://ikf.ac.at/wp-content/uploads/2021/01/linie_IKF-300x1.jpg 300w, https://ikf.ac.at/wp-content/uploads/2021/01/linie_IKF-1024x4.jpg 1024w, https://ikf.ac.at/wp-content/uploads/2021/01/linie_IKF-768x3.jpg 768w, https://ikf.ac.at/wp-content/uploads/2021/01/linie_IKF-1536x6.jpg 1536w, https://ikf.ac.at/wp-content/uploads/2021/01/linie_IKF-2048x8.jpg 2048w" sizes="auto, (max-width: 2554px) 100vw, 2554px" /></div></div></div></div>


<div style="color:#ddd" class="wp-block-genesis-blocks-gb-spacer gb-block-spacer gb-divider-solid gb-divider-size-1"><hr style="height:30px"/></div>


<div id="pl-gb2320-69f23fecd1a10"  class="panel-layout" ><div id="pg-gb2320-69f23fecd1a10-0"  class="panel-grid panel-no-style" ><div id="pgc-gb2320-69f23fecd1a10-0-0"  class="panel-grid-cell panel-grid-cell-empty" ></div><div id="pgc-gb2320-69f23fecd1a10-0-1"  class="panel-grid-cell" ><div id="panel-gb2320-69f23fecd1a10-0-1-0" class="so-panel widget widget_sow-editor panel-first-child panel-last-child" data-index="0" ><div
			
			class="so-widget-sow-editor so-widget-sow-editor-base"
			
		>
<div class="siteorigin-widget-tinymce textwidget">
	<table style="height: 100px; width: 100%; border-collapse: collapse;" border="1" cellpadding="2">
<tbody>
<tr style="height: 24px;">
<td style="width: 15.8421%; height: 24px;">Project management:</td>
<td style="width: 84.1578%; height: 24px;" colspan="2">Univ.-Prof. Dr. Anton Pelinka</td>
</tr>
<tr>
<td style="width: 15.8421%;">
<hr />
</td>
<td style="width: 39.5713%;">
<hr />
</td>
<td style="width: 44.5865%; height: 24px;"></td>
</tr>
<tr>
<td style="width: 15.8421%;">Implementation:</td>
<td style="width: 84.1578%;" colspan="2">Mag. Dr. Stefanie Mayer<sup>a</sup> Karin Bischof<br />
MMag.<sup>a</sup> Karin Stögner<br />
Dr.<sup>in</sup> Birgitt Haller</td>
</tr>
<tr>
<td style="width: 15.8421%;">
<hr />
</td>
<td style="width: 39.5713%;">
<hr />
</td>
<td style="width: 44.5865%;"></td>
</tr>
<tr>
<td style="width: 15.8421%;">Funded by:</td>
<td style="width: 84.1578%;" colspan="2">voestalpine AG über Sir Peter Ustinov Institut</td>
</tr>
<tr>
<td style="width: 15.8421%;">
<hr />
</td>
<td style="width: 39.5713%;">
<hr />
</td>
<td style="width: 44.5865%; height: 24px;"></td>
</tr>
<tr style="height: 24px;">
<td style="width: 15.8421%; height: 24px;">Completed in:</td>
<td style="height: 24px; width: 84.1578%;" colspan="2">September 2007</td>
</tr>
</tbody>
</table>
</div>
</div></div></div></div></div>


<div style="color:#404168" class="wp-block-genesis-blocks-gb-spacer gb-block-spacer gb-divider-solid gb-spacer-divider gb-divider-size-1"><hr style="height:3px"/></div>



<div style="color:#404168" class="wp-block-genesis-blocks-gb-spacer gb-block-spacer gb-divider-solid gb-divider-size-1"><hr style="height:10px"/></div>


<div id="pl-gb2320-69f23fecd1f75"  class="panel-layout" ><div id="pg-gb2320-69f23fecd1f75-0"  class="panel-grid panel-no-style" ><div id="pgc-gb2320-69f23fecd1f75-0-0"  class="panel-grid-cell panel-grid-cell-empty" ></div><div id="pgc-gb2320-69f23fecd1f75-0-1"  class="panel-grid-cell panel-grid-cell-mobile-last" ><div id="panel-gb2320-69f23fecd1f75-0-1-0" class="so-panel widget widget_text panel-first-child panel-last-child" data-index="0" >			<div class="textwidget"><p align="justify">Die redaktionellen Arbeiten am englischsprachigen &#8220;Handbook of Prejudice&#8221; wurden im Herbst 2007 abgeschlossen. Das Handbuch besteht aus zwei Hauptteilen: Im ersten Teil werden sechs gesellschaftlich relevante Vorurteile (Antisemitismus; Sexismus/ Homophobie; Vorurteile gegen Alter, Krankheit, Behinderung; religiöse Vorurteile; Rassismus; Klassenvorurteile) ausführlichen Analysen zugeführt, in denen sowohl die historische Dimension der jeweiligen Vorurteile als auch &#8220;good practices&#8221; berücksichtigt werden. Der zweite Teil versammelt Artikel, die Vorurteile aus der Perspektive verschiedener Wissenschaftsdisziplinen behandeln (Geschichte und Kunstgeschichte; Sozial- und Wirtschaftswissenschaften; Psychologie und Pädagogik; Naturwissenschaften und Medizin; normative Wissenschaften, Religions- und Rechtswissenschaften; Sprach-, Literatur- und Kommunikationswissenschaften). Das Hauptaugenmerk in diesen Artikeln liegt auf der Verwendung des Begriffs &#8220;Vorurteil&#8221; in den jeweiligen wissenschaftlichen Disziplinen sowie auf den Ursachen und Wirkungen von Vorurteilen. Darüber hinaus wurde die gesellschaftliche Funktion von Vorurteilen aus der Sicht der jeweiligen Disziplin beschrieben.</p>
<p align="justify">Diese beiden Hauptteile sind gerahmt von zwei ausführlichen Einleitungsartikeln, die auf Hauptbegriffe und Problemfelder der Vorurteilsforschung allgemein eingehen, und einem abschließenden Résumé, in welchem die Theoriestränge und zentralen Themen der in diesem Handbuch versammelten Artikel strukturiert einander gegenübergestellt werden.</p>
<p align="justify">Das Handbuch, das als Sachbuch mit wissenschaftlicher Qualifikation gedacht ist, wurde sowohl in englischer als auch in deutscher Sprache publiziert. Bei der Auswahl der international renommierten AutorInnen, die über den Einbezug von wissenschaftlichen &#8220;peers&#8221; getroffen wurde, wurde das IKF von einem Beirat unterstützt.</p>
<p>&nbsp;</p>
<p><a href="https://www.cambriapress.com/pub.cfm?bid=329" target="_blank" rel="noopener">Handbook of Prejudice</a> (Cambria Press, New York 2009)</p>
<p><a href="https://www.degruyter.com/document/doi/10.1515/9783110267198/html" target="_blank" rel="noopener">Vorurteile. Ursprünge, Formen, Bedeutung</a> (De Gruyter, Berlin 2012)</p>
</div>
		</div></div><div id="pgc-gb2320-69f23fecd1f75-0-2"  class="panel-grid-cell panel-grid-cell-empty" ></div></div></div>


<div style="color:#333" class="wp-block-genesis-blocks-gb-spacer gb-block-spacer gb-divider-solid gb-spacer-divider gb-divider-size-1"><hr style="height:100px"/></div>
</div></div></div>
