{"id":2287,"date":"2021-03-17T13:48:12","date_gmt":"2021-03-17T13:48:12","guid":{"rendered":"http:\/\/test-ikf.online\/?page_id=2287"},"modified":"2021-03-17T13:48:52","modified_gmt":"2021-03-17T13:48:52","slug":"1995-beyond-beijing","status":"publish","type":"page","link":"https:\/\/ikf.ac.at\/en\/schwerpunkte\/cleavages\/gender\/1995-beyond-beijing","title":{"rendered":"1995: Beyond Beijing"},"content":{"rendered":"<div class=\"wp-block-atomic-blocks-ab-container alignfull ab-block-container\"><div class=\"ab-container-inside\"><div class=\"ab-container-content\"><div id=\"pl-gb2287-69f25260b11b1\"  class=\"panel-layout\" ><div id=\"pg-gb2287-69f25260b11b1-0\"  class=\"panel-grid panel-no-style\" ><div id=\"pgc-gb2287-69f25260b11b1-0-0\"  class=\"panel-grid-cell\" ><div id=\"panel-gb2287-69f25260b11b1-0-0-0\" class=\"so-panel widget widget_media_image panel-first-child panel-last-child\" data-index=\"0\" ><img loading=\"lazy\" decoding=\"async\" width=\"2554\" height=\"10\" src=\"https:\/\/ikf.ac.at\/wp-content\/uploads\/2021\/01\/linie_IKF.jpg\" class=\"image wp-image-754  attachment-full size-full\" alt=\"\" style=\"max-width: 100%; height: auto;\" srcset=\"https:\/\/ikf.ac.at\/wp-content\/uploads\/2021\/01\/linie_IKF.jpg 2554w, https:\/\/ikf.ac.at\/wp-content\/uploads\/2021\/01\/linie_IKF-300x1.jpg 300w, https:\/\/ikf.ac.at\/wp-content\/uploads\/2021\/01\/linie_IKF-1024x4.jpg 1024w, https:\/\/ikf.ac.at\/wp-content\/uploads\/2021\/01\/linie_IKF-768x3.jpg 768w, https:\/\/ikf.ac.at\/wp-content\/uploads\/2021\/01\/linie_IKF-1536x6.jpg 1536w, https:\/\/ikf.ac.at\/wp-content\/uploads\/2021\/01\/linie_IKF-2048x8.jpg 2048w\" sizes=\"auto, (max-width: 2554px) 100vw, 2554px\" \/><\/div><\/div><\/div><\/div>\n\n\n<div style=\"color:#ddd\" class=\"wp-block-genesis-blocks-gb-spacer gb-block-spacer gb-divider-solid gb-divider-size-1\"><hr style=\"height:30px\"\/><\/div>\n\n\n<div id=\"pl-gb2287-69f25260b15b8\"  class=\"panel-layout\" ><div id=\"pg-gb2287-69f25260b15b8-0\"  class=\"panel-grid panel-no-style\" ><div id=\"pgc-gb2287-69f25260b15b8-0-0\"  class=\"panel-grid-cell panel-grid-cell-empty\" ><\/div><div id=\"pgc-gb2287-69f25260b15b8-0-1\"  class=\"panel-grid-cell\" ><div id=\"panel-gb2287-69f25260b15b8-0-1-0\" class=\"so-panel widget widget_sow-editor panel-first-child panel-last-child\" data-index=\"0\" ><div\n\t\t\t\n\t\t\tclass=\"so-widget-sow-editor so-widget-sow-editor-base\"\n\t\t\t\n\t\t>\n<div class=\"siteorigin-widget-tinymce textwidget\">\n\t<table style=\"height: 100px; width: 100%; border-collapse: collapse;\" border=\"1\" cellpadding=\"2\">\n<tbody>\n<tr style=\"height: 24px;\">\n<td style=\"width: 15.8421%; height: 24px;\">Project management:<\/td>\n<td style=\"width: 84.1578%; height: 24px;\" colspan=\"2\">Dr. Ilse K\u00f6nig<sup><br \/>\n<\/sup><\/td>\n<\/tr>\n<tr>\n<td style=\"width: 15.8421%;\">\n<hr \/>\n<\/td>\n<td style=\"width: 49.867%;\">\n<hr \/>\n<\/td>\n<td style=\"width: 34.2908%; height: 24px;\"><\/td>\n<\/tr>\n<tr>\n<td style=\"width: 15.8421%;\">Implementation:<\/td>\n<td style=\"width: 84.1578%;\" colspan=\"2\">Mag. Katharina Demel<br \/>\nMag. Regina Haberfellner<br \/>\nDr. Birgitt Haller<br \/>\nDSA Christina Radner<\/td>\n<\/tr>\n<tr>\n<td style=\"width: 15.8421%;\">\n<hr \/>\n<\/td>\n<td style=\"width: 49.867%;\">\n<hr \/>\n<\/td>\n<td style=\"width: 34.2908%;\"><\/td>\n<\/tr>\n<tr>\n<td style=\"width: 15.8421%;\">Funded by:<\/td>\n<td style=\"width: 84.1578%;\" colspan=\"2\">Bundeskanzleramt\/Bundesministerin f\u00fcr Frauenangelegenheiten<\/td>\n<\/tr>\n<tr>\n<td style=\"width: 15.8421%;\">\n<hr \/>\n<\/td>\n<td style=\"width: 49.867%;\">\n<hr \/>\n<\/td>\n<td style=\"width: 34.2908%; height: 24px;\"><\/td>\n<\/tr>\n<tr style=\"height: 24px;\">\n<td style=\"width: 15.8421%; height: 24px;\">Completed in:<\/td>\n<td style=\"height: 24px; width: 84.1578%;\" colspan=\"2\">Dezember 1995<\/td>\n<\/tr>\n<\/tbody>\n<\/table>\n<\/div>\n<\/div><\/div><\/div><\/div><\/div>\n\n\n<div style=\"color:#404168\" class=\"wp-block-genesis-blocks-gb-spacer gb-block-spacer gb-divider-solid gb-spacer-divider gb-divider-size-1\"><hr style=\"height:3px\"\/><\/div>\n\n\n\n<div style=\"color:#404168\" class=\"wp-block-genesis-blocks-gb-spacer gb-block-spacer gb-divider-solid gb-divider-size-1\"><hr style=\"height:10px\"\/><\/div>\n\n\n<div id=\"pl-gb2287-69f25260b1982\"  class=\"panel-layout\" ><div id=\"pg-gb2287-69f25260b1982-0\"  class=\"panel-grid panel-no-style\" ><div id=\"pgc-gb2287-69f25260b1982-0-0\"  class=\"panel-grid-cell panel-grid-cell-empty\" ><\/div><div id=\"pgc-gb2287-69f25260b1982-0-1\"  class=\"panel-grid-cell panel-grid-cell-mobile-last\" ><div id=\"panel-gb2287-69f25260b1982-0-1-0\" class=\"so-panel widget widget_text panel-first-child panel-last-child\" data-index=\"0\" >\t\t\t<div class=\"textwidget\"><p align=\"justify\">Die internationale Tagung &#8220;Beyond Beijing&#8221; am 6. und 7. Dezember 1995 war der Beginn der Umsetzungsphase der Ergebnisse der 4. UN-Weltfrauenkonferenz, die im September 1995 in Peking abgehalten wurde. Sie sollte verdeutlichen, welche Intentionen und Ergebnisse der Weltfrauenkonferenz f\u00fcr die Frauenpolitik weltweit, insbesondere aber aus dem Blickwinkel einzelner L\u00e4nder und Regionen von besonderer Bedeutung waren und welche Umsetzungsstrategien in den verschiedenen L\u00e4ndern und Regionen eingeschlagen wurden. Anhand einiger Kernbereiche der in Peking beschlossenen Aktionsplattform wurden konkrete Vorstellungen f\u00fcr Programme und Aktionen entwickelt, die auch in \u00d6sterreich im Sinne der Weltfrauenkonferenz verwirklicht werden sollten. Die Themenbereiche waren: Frauenrechte &#8211; Menschenrechte, Gewalt gegen Frauen, Umverteilung (bezahlte-unbezahlte Arbeit), Entwicklungspolitik, sexuelle Rechte von Frauen.<\/p>\n<p align=\"justify\">Als Referentinnen wurden zehn Expertinnen aus staatlichen und nichtstaatlichen Organisationen aus acht L\u00e4ndern (USA, Tansania, Bangladesh, Irland, Niederlande, Norwegen, Bulgarien, Slowenien) sowie von der Internationalen Arbeitsorganisation in Genf (ILO) eingeladen, die mit den KonferenzteilnehmerInnen einerseits Vorhaben in ihren L\u00e4ndern bzw. Organisationen und andererseits die M\u00f6glichkeiten grenz\u00fcberschreitender Kooperationen er\u00f6rterten.<\/p>\n<p align=\"justify\">Die Konferenz richtete sich an alle frauenpolitisch interessierten Frauen und M\u00e4nner aus \u00f6ffentlichen Einrichtungen, nichtstaatlichen Organisationen, Parteien, Initiativen und Einzelpersonen aus allen Bundesl\u00e4ndern \u00d6sterreichs sowie aus dem benachbarten Ausland.<\/p>\n<\/div>\n\t\t<\/div><\/div><div id=\"pgc-gb2287-69f25260b1982-0-2\"  class=\"panel-grid-cell panel-grid-cell-empty\" ><\/div><\/div><\/div>\n\n\n<div style=\"color:#333\" class=\"wp-block-genesis-blocks-gb-spacer gb-block-spacer gb-divider-solid gb-spacer-divider gb-divider-size-1\"><hr style=\"height:100px\"\/><\/div>\n<\/div><\/div><\/div>","protected":false},"excerpt":{"rendered":"","protected":false},"author":2,"featured_media":0,"parent":454,"menu_order":45,"comment_status":"closed","ping_status":"closed","template":"","meta":{"footnotes":""},"class_list":["post-2287","page","type-page","status-publish","hentry","post"],"featured_image_src":null,"featured_image_src_square":null,"_links":{"self":[{"href":"https:\/\/ikf.ac.at\/en\/wp-json\/wp\/v2\/pages\/2287","targetHints":{"allow":["GET"]}}],"collection":[{"href":"https:\/\/ikf.ac.at\/en\/wp-json\/wp\/v2\/pages"}],"about":[{"href":"https:\/\/ikf.ac.at\/en\/wp-json\/wp\/v2\/types\/page"}],"author":[{"embeddable":true,"href":"https:\/\/ikf.ac.at\/en\/wp-json\/wp\/v2\/users\/2"}],"replies":[{"embeddable":true,"href":"https:\/\/ikf.ac.at\/en\/wp-json\/wp\/v2\/comments?post=2287"}],"version-history":[{"count":1,"href":"https:\/\/ikf.ac.at\/en\/wp-json\/wp\/v2\/pages\/2287\/revisions"}],"predecessor-version":[{"id":2288,"href":"https:\/\/ikf.ac.at\/en\/wp-json\/wp\/v2\/pages\/2287\/revisions\/2288"}],"up":[{"embeddable":true,"href":"https:\/\/ikf.ac.at\/en\/wp-json\/wp\/v2\/pages\/454"}],"wp:attachment":[{"href":"https:\/\/ikf.ac.at\/en\/wp-json\/wp\/v2\/media?parent=2287"}],"curies":[{"name":"wp","href":"https:\/\/api.w.org\/{rel}","templated":true}]}}

<div class="wp-block-atomic-blocks-ab-container alignfull ab-block-container"><div class="ab-container-inside"><div class="ab-container-content"><div id="pl-gb2287-69f25260b11b1"  class="panel-layout" ><div id="pg-gb2287-69f25260b11b1-0"  class="panel-grid panel-no-style" ><div id="pgc-gb2287-69f25260b11b1-0-0"  class="panel-grid-cell" ><div id="panel-gb2287-69f25260b11b1-0-0-0" class="so-panel widget widget_media_image panel-first-child panel-last-child" data-index="0" ><img loading="lazy" decoding="async" width="2554" height="10" src="https://ikf.ac.at/wp-content/uploads/2021/01/linie_IKF.jpg" class="image wp-image-754  attachment-full size-full" alt="" style="max-width: 100%; height: auto;" srcset="https://ikf.ac.at/wp-content/uploads/2021/01/linie_IKF.jpg 2554w, https://ikf.ac.at/wp-content/uploads/2021/01/linie_IKF-300x1.jpg 300w, https://ikf.ac.at/wp-content/uploads/2021/01/linie_IKF-1024x4.jpg 1024w, https://ikf.ac.at/wp-content/uploads/2021/01/linie_IKF-768x3.jpg 768w, https://ikf.ac.at/wp-content/uploads/2021/01/linie_IKF-1536x6.jpg 1536w, https://ikf.ac.at/wp-content/uploads/2021/01/linie_IKF-2048x8.jpg 2048w" sizes="auto, (max-width: 2554px) 100vw, 2554px" /></div></div></div></div>


<div style="color:#ddd" class="wp-block-genesis-blocks-gb-spacer gb-block-spacer gb-divider-solid gb-divider-size-1"><hr style="height:30px"/></div>


<div id="pl-gb2287-69f25260b15b8"  class="panel-layout" ><div id="pg-gb2287-69f25260b15b8-0"  class="panel-grid panel-no-style" ><div id="pgc-gb2287-69f25260b15b8-0-0"  class="panel-grid-cell panel-grid-cell-empty" ></div><div id="pgc-gb2287-69f25260b15b8-0-1"  class="panel-grid-cell" ><div id="panel-gb2287-69f25260b15b8-0-1-0" class="so-panel widget widget_sow-editor panel-first-child panel-last-child" data-index="0" ><div
			
			class="so-widget-sow-editor so-widget-sow-editor-base"
			
		>
<div class="siteorigin-widget-tinymce textwidget">
	<table style="height: 100px; width: 100%; border-collapse: collapse;" border="1" cellpadding="2">
<tbody>
<tr style="height: 24px;">
<td style="width: 15.8421%; height: 24px;">Project management:</td>
<td style="width: 84.1578%; height: 24px;" colspan="2">Dr. Ilse König<sup><br />
</sup></td>
</tr>
<tr>
<td style="width: 15.8421%;">
<hr />
</td>
<td style="width: 49.867%;">
<hr />
</td>
<td style="width: 34.2908%; height: 24px;"></td>
</tr>
<tr>
<td style="width: 15.8421%;">Implementation:</td>
<td style="width: 84.1578%;" colspan="2">Mag. Katharina Demel<br />
Mag. Regina Haberfellner<br />
Dr. Birgitt Haller<br />
DSA Christina Radner</td>
</tr>
<tr>
<td style="width: 15.8421%;">
<hr />
</td>
<td style="width: 49.867%;">
<hr />
</td>
<td style="width: 34.2908%;"></td>
</tr>
<tr>
<td style="width: 15.8421%;">Funded by:</td>
<td style="width: 84.1578%;" colspan="2">Bundeskanzleramt/Bundesministerin für Frauenangelegenheiten</td>
</tr>
<tr>
<td style="width: 15.8421%;">
<hr />
</td>
<td style="width: 49.867%;">
<hr />
</td>
<td style="width: 34.2908%; height: 24px;"></td>
</tr>
<tr style="height: 24px;">
<td style="width: 15.8421%; height: 24px;">Completed in:</td>
<td style="height: 24px; width: 84.1578%;" colspan="2">Dezember 1995</td>
</tr>
</tbody>
</table>
</div>
</div></div></div></div></div>


<div style="color:#404168" class="wp-block-genesis-blocks-gb-spacer gb-block-spacer gb-divider-solid gb-spacer-divider gb-divider-size-1"><hr style="height:3px"/></div>



<div style="color:#404168" class="wp-block-genesis-blocks-gb-spacer gb-block-spacer gb-divider-solid gb-divider-size-1"><hr style="height:10px"/></div>


<div id="pl-gb2287-69f25260b1982"  class="panel-layout" ><div id="pg-gb2287-69f25260b1982-0"  class="panel-grid panel-no-style" ><div id="pgc-gb2287-69f25260b1982-0-0"  class="panel-grid-cell panel-grid-cell-empty" ></div><div id="pgc-gb2287-69f25260b1982-0-1"  class="panel-grid-cell panel-grid-cell-mobile-last" ><div id="panel-gb2287-69f25260b1982-0-1-0" class="so-panel widget widget_text panel-first-child panel-last-child" data-index="0" >			<div class="textwidget"><p align="justify">Die internationale Tagung &#8220;Beyond Beijing&#8221; am 6. und 7. Dezember 1995 war der Beginn der Umsetzungsphase der Ergebnisse der 4. UN-Weltfrauenkonferenz, die im September 1995 in Peking abgehalten wurde. Sie sollte verdeutlichen, welche Intentionen und Ergebnisse der Weltfrauenkonferenz für die Frauenpolitik weltweit, insbesondere aber aus dem Blickwinkel einzelner Länder und Regionen von besonderer Bedeutung waren und welche Umsetzungsstrategien in den verschiedenen Ländern und Regionen eingeschlagen wurden. Anhand einiger Kernbereiche der in Peking beschlossenen Aktionsplattform wurden konkrete Vorstellungen für Programme und Aktionen entwickelt, die auch in Österreich im Sinne der Weltfrauenkonferenz verwirklicht werden sollten. Die Themenbereiche waren: Frauenrechte &#8211; Menschenrechte, Gewalt gegen Frauen, Umverteilung (bezahlte-unbezahlte Arbeit), Entwicklungspolitik, sexuelle Rechte von Frauen.</p>
<p align="justify">Als Referentinnen wurden zehn Expertinnen aus staatlichen und nichtstaatlichen Organisationen aus acht Ländern (USA, Tansania, Bangladesh, Irland, Niederlande, Norwegen, Bulgarien, Slowenien) sowie von der Internationalen Arbeitsorganisation in Genf (ILO) eingeladen, die mit den KonferenzteilnehmerInnen einerseits Vorhaben in ihren Ländern bzw. Organisationen und andererseits die Möglichkeiten grenzüberschreitender Kooperationen erörterten.</p>
<p align="justify">Die Konferenz richtete sich an alle frauenpolitisch interessierten Frauen und Männer aus öffentlichen Einrichtungen, nichtstaatlichen Organisationen, Parteien, Initiativen und Einzelpersonen aus allen Bundesländern Österreichs sowie aus dem benachbarten Ausland.</p>
</div>
		</div></div><div id="pgc-gb2287-69f25260b1982-0-2"  class="panel-grid-cell panel-grid-cell-empty" ></div></div></div>


<div style="color:#333" class="wp-block-genesis-blocks-gb-spacer gb-block-spacer gb-divider-solid gb-spacer-divider gb-divider-size-1"><hr style="height:100px"/></div>
</div></div></div>
