{"id":2285,"date":"2021-03-17T13:43:16","date_gmt":"2021-03-17T13:43:16","guid":{"rendered":"http:\/\/test-ikf.online\/?page_id=2285"},"modified":"2021-03-17T13:44:09","modified_gmt":"2021-03-17T13:44:09","slug":"1995-oesterreichischen-vorbereitungen-weltfrauenkonferenz-peking","status":"publish","type":"page","link":"https:\/\/ikf.ac.at\/en\/schwerpunkte\/cleavages\/gender\/1995-oesterreichischen-vorbereitungen-weltfrauenkonferenz-peking","title":{"rendered":"1995: Koordination der \u00f6sterreichischen Vorbereitungen zur Weltfrauenkonferenz in Peking 1995"},"content":{"rendered":"<div class=\"wp-block-atomic-blocks-ab-container alignfull ab-block-container\"><div class=\"ab-container-inside\"><div class=\"ab-container-content\"><div id=\"pl-gb2285-69f23fd8bbb1c\"  class=\"panel-layout\" ><div id=\"pg-gb2285-69f23fd8bbb1c-0\"  class=\"panel-grid panel-no-style\" ><div id=\"pgc-gb2285-69f23fd8bbb1c-0-0\"  class=\"panel-grid-cell\" ><div id=\"panel-gb2285-69f23fd8bbb1c-0-0-0\" class=\"so-panel widget widget_media_image panel-first-child panel-last-child\" data-index=\"0\" ><img loading=\"lazy\" decoding=\"async\" width=\"2554\" height=\"10\" src=\"https:\/\/ikf.ac.at\/wp-content\/uploads\/2021\/01\/linie_IKF.jpg\" class=\"image wp-image-754  attachment-full size-full\" alt=\"\" style=\"max-width: 100%; height: auto;\" srcset=\"https:\/\/ikf.ac.at\/wp-content\/uploads\/2021\/01\/linie_IKF.jpg 2554w, https:\/\/ikf.ac.at\/wp-content\/uploads\/2021\/01\/linie_IKF-300x1.jpg 300w, https:\/\/ikf.ac.at\/wp-content\/uploads\/2021\/01\/linie_IKF-1024x4.jpg 1024w, https:\/\/ikf.ac.at\/wp-content\/uploads\/2021\/01\/linie_IKF-768x3.jpg 768w, https:\/\/ikf.ac.at\/wp-content\/uploads\/2021\/01\/linie_IKF-1536x6.jpg 1536w, https:\/\/ikf.ac.at\/wp-content\/uploads\/2021\/01\/linie_IKF-2048x8.jpg 2048w\" sizes=\"auto, (max-width: 2554px) 100vw, 2554px\" \/><\/div><\/div><\/div><\/div>\n\n\n<div style=\"color:#ddd\" class=\"wp-block-genesis-blocks-gb-spacer gb-block-spacer gb-divider-solid gb-divider-size-1\"><hr style=\"height:30px\"\/><\/div>\n\n\n<div id=\"pl-gb2285-69f23fd8ceea4\"  class=\"panel-layout\" ><div id=\"pg-gb2285-69f23fd8ceea4-0\"  class=\"panel-grid panel-no-style\" ><div id=\"pgc-gb2285-69f23fd8ceea4-0-0\"  class=\"panel-grid-cell panel-grid-cell-empty\" ><\/div><div id=\"pgc-gb2285-69f23fd8ceea4-0-1\"  class=\"panel-grid-cell\" ><div id=\"panel-gb2285-69f23fd8ceea4-0-1-0\" class=\"so-panel widget widget_sow-editor panel-first-child panel-last-child\" data-index=\"0\" ><div\n\t\t\t\n\t\t\tclass=\"so-widget-sow-editor so-widget-sow-editor-base\"\n\t\t\t\n\t\t>\n<div class=\"siteorigin-widget-tinymce textwidget\">\n\t<table style=\"height: 100px; width: 100%; border-collapse: collapse;\" border=\"1\" cellpadding=\"2\">\n<tbody>\n<tr style=\"height: 24px;\">\n<td style=\"width: 15.8421%; height: 24px;\">Project management:<\/td>\n<td style=\"width: 84.1579%; height: 24px;\" colspan=\"2\">Dr. Ilse K\u00f6nig<\/td>\n<\/tr>\n<tr>\n<td style=\"width: 15.8421%;\">\n<hr \/>\n<\/td>\n<td style=\"width: 52.8244%;\">\n<hr \/>\n<\/td>\n<td style=\"width: 31.3335%; height: 24px;\"><\/td>\n<\/tr>\n<tr>\n<td style=\"width: 15.8421%;\">Implementation:<\/td>\n<td style=\"width: 84.1579%;\" colspan=\"2\">DSA Christina Radner<\/td>\n<\/tr>\n<tr>\n<td style=\"width: 15.8421%;\">\n<hr \/>\n<\/td>\n<td style=\"width: 52.8244%;\">\n<hr \/>\n<\/td>\n<td style=\"width: 31.3335%;\"><\/td>\n<\/tr>\n<tr>\n<td style=\"width: 15.8421%;\">Funded by:<\/td>\n<td style=\"width: 52.8244%;\" valign=\"top\" width=\"80%\">Bundeskanzleramt\/Bundesministerin f\u00fcr Frauenangelegenheiten<\/td>\n<td style=\"width: 31.3335%;\"><\/td>\n<\/tr>\n<tr>\n<td style=\"width: 15.8421%;\">\n<hr \/>\n<\/td>\n<td style=\"width: 52.8244%;\">\n<hr \/>\n<\/td>\n<td style=\"width: 31.3335%; height: 24px;\"><\/td>\n<\/tr>\n<tr style=\"height: 24px;\">\n<td style=\"width: 15.8421%; height: 24px;\">Completed in:<\/td>\n<td style=\"height: 24px; width: 84.1579%;\" colspan=\"2\">November 1995<\/td>\n<\/tr>\n<\/tbody>\n<\/table>\n<\/div>\n<\/div><\/div><\/div><\/div><\/div>\n\n\n<div style=\"color:#404168\" class=\"wp-block-genesis-blocks-gb-spacer gb-block-spacer gb-divider-solid gb-spacer-divider gb-divider-size-1\"><hr style=\"height:3px\"\/><\/div>\n\n\n\n<div style=\"color:#404168\" class=\"wp-block-genesis-blocks-gb-spacer gb-block-spacer gb-divider-solid gb-divider-size-1\"><hr style=\"height:10px\"\/><\/div>\n\n\n<div id=\"pl-gb2285-69f23fd8cf4ea\"  class=\"panel-layout\" ><div id=\"pg-gb2285-69f23fd8cf4ea-0\"  class=\"panel-grid panel-no-style\" ><div id=\"pgc-gb2285-69f23fd8cf4ea-0-0\"  class=\"panel-grid-cell panel-grid-cell-empty\" ><\/div><div id=\"pgc-gb2285-69f23fd8cf4ea-0-1\"  class=\"panel-grid-cell panel-grid-cell-mobile-last\" ><div id=\"panel-gb2285-69f23fd8cf4ea-0-1-0\" class=\"so-panel widget widget_text panel-first-child panel-last-child\" data-index=\"0\" >\t\t\t<div class=\"textwidget\"><p align=\"justify\">In \u00d6sterreich hat sich am 29. September 1993 ein Nationalkomitee unter dem Vorsitz der Bundesministerin f\u00fcr Frauenangelegenheiten konstituiert, das zwei Jahre lang nationale Aktivit\u00e4ten in Vorbereitung der 4. UN-Weltfrauenkonferenz in Peking inhaltliche erarbeitete und koordinierte. Im Nationalkomitee waren rund 150 Frauen aus allen gesellschaftspolitischen Bereichen, Frauen aus \u00f6ffentlichen und privaten Institutionen und Organisationen ebenso vertreten wie Frauen aus Initiativen oder ExpertInnen und inter\u00adessierte Frauen, die nicht in Institutionen eingebunden sind.<\/p>\n<p align=\"justify\">In der zweij\u00e4hrigen T\u00e4tigkeit des Nationalkomitees wurde auf mehreren Ebenen gearbeitet: In regelm\u00e4\u00dfigen regionalen und \u00f6sterreichweiten Sitzungen, in thematischen Arbeitsgruppen, und in 14 \u00f6ffentlichen Veranstaltungen in Form von Fachtagungen, Ausstellun\u00adgen, Filmprogrammen. Dar\u00fcber hinaus wurden Materialien zur Informations- und Bil\u00addungsarbeit f\u00fcr verschiedene Altersgruppen als &#8220;Frauenrucksack&#8221; hergestellt.<\/p>\n<p align=\"justify\">Den vorl\u00e4ufigen Abschlu\u00df der Arbeit bildete die Teilnahme von Vertreterinnen des Nationalkomitees an der Weltfrauenkonferenz in Peking im September 1995, teilweise als Mitglied der Regierungsdelegation (u.a. auch die Koordinatorin), teilweise beim NGO-Forum, sowie der Bericht \u00fcber die Ergebnisse der Konferenz an das Nationalkomitee.<\/p>\n<p align=\"justify\">Die Arbeit des Nationalkomitees wurde in einer deutsch- und englischsprachigen Dokumentation publiziert, ebenso die Ergebnisse einiger Fachtagungen. Erschienen ist auch ein Katalog der im Rahmen des Nationalkomitees entstandenen, in Hangzhou\/China und in Wien und Graz gezeigten Ausstellung &#8220;Spaces&#8221;, einer gemeinsamen Arbeit \u00f6sterreichischer und chinesischer K\u00fcnstlerinnen.<\/p>\n<\/div>\n\t\t<\/div><\/div><div id=\"pgc-gb2285-69f23fd8cf4ea-0-2\"  class=\"panel-grid-cell panel-grid-cell-empty\" ><\/div><\/div><\/div>\n\n\n<div style=\"color:#333\" class=\"wp-block-genesis-blocks-gb-spacer gb-block-spacer gb-divider-solid gb-spacer-divider gb-divider-size-1\"><hr style=\"height:100px\"\/><\/div>\n<\/div><\/div><\/div>","protected":false},"excerpt":{"rendered":"","protected":false},"author":2,"featured_media":0,"parent":454,"menu_order":44,"comment_status":"closed","ping_status":"closed","template":"","meta":{"footnotes":""},"class_list":["post-2285","page","type-page","status-publish","hentry","post"],"featured_image_src":null,"featured_image_src_square":null,"_links":{"self":[{"href":"https:\/\/ikf.ac.at\/en\/wp-json\/wp\/v2\/pages\/2285","targetHints":{"allow":["GET"]}}],"collection":[{"href":"https:\/\/ikf.ac.at\/en\/wp-json\/wp\/v2\/pages"}],"about":[{"href":"https:\/\/ikf.ac.at\/en\/wp-json\/wp\/v2\/types\/page"}],"author":[{"embeddable":true,"href":"https:\/\/ikf.ac.at\/en\/wp-json\/wp\/v2\/users\/2"}],"replies":[{"embeddable":true,"href":"https:\/\/ikf.ac.at\/en\/wp-json\/wp\/v2\/comments?post=2285"}],"version-history":[{"count":1,"href":"https:\/\/ikf.ac.at\/en\/wp-json\/wp\/v2\/pages\/2285\/revisions"}],"predecessor-version":[{"id":2286,"href":"https:\/\/ikf.ac.at\/en\/wp-json\/wp\/v2\/pages\/2285\/revisions\/2286"}],"up":[{"embeddable":true,"href":"https:\/\/ikf.ac.at\/en\/wp-json\/wp\/v2\/pages\/454"}],"wp:attachment":[{"href":"https:\/\/ikf.ac.at\/en\/wp-json\/wp\/v2\/media?parent=2285"}],"curies":[{"name":"wp","href":"https:\/\/api.w.org\/{rel}","templated":true}]}}

1995: Koordination der österreichischen Vorbereitungen zur Weltfrauenkonferenz in Peking 1995

<div class="wp-block-atomic-blocks-ab-container alignfull ab-block-container"><div class="ab-container-inside"><div class="ab-container-content"><div id="pl-gb2285-69f23fd8bbb1c"  class="panel-layout" ><div id="pg-gb2285-69f23fd8bbb1c-0"  class="panel-grid panel-no-style" ><div id="pgc-gb2285-69f23fd8bbb1c-0-0"  class="panel-grid-cell" ><div id="panel-gb2285-69f23fd8bbb1c-0-0-0" class="so-panel widget widget_media_image panel-first-child panel-last-child" data-index="0" ><img loading="lazy" decoding="async" width="2554" height="10" src="https://ikf.ac.at/wp-content/uploads/2021/01/linie_IKF.jpg" class="image wp-image-754  attachment-full size-full" alt="" style="max-width: 100%; height: auto;" srcset="https://ikf.ac.at/wp-content/uploads/2021/01/linie_IKF.jpg 2554w, https://ikf.ac.at/wp-content/uploads/2021/01/linie_IKF-300x1.jpg 300w, https://ikf.ac.at/wp-content/uploads/2021/01/linie_IKF-1024x4.jpg 1024w, https://ikf.ac.at/wp-content/uploads/2021/01/linie_IKF-768x3.jpg 768w, https://ikf.ac.at/wp-content/uploads/2021/01/linie_IKF-1536x6.jpg 1536w, https://ikf.ac.at/wp-content/uploads/2021/01/linie_IKF-2048x8.jpg 2048w" sizes="auto, (max-width: 2554px) 100vw, 2554px" /></div></div></div></div>


<div style="color:#ddd" class="wp-block-genesis-blocks-gb-spacer gb-block-spacer gb-divider-solid gb-divider-size-1"><hr style="height:30px"/></div>


<div id="pl-gb2285-69f23fd8ceea4"  class="panel-layout" ><div id="pg-gb2285-69f23fd8ceea4-0"  class="panel-grid panel-no-style" ><div id="pgc-gb2285-69f23fd8ceea4-0-0"  class="panel-grid-cell panel-grid-cell-empty" ></div><div id="pgc-gb2285-69f23fd8ceea4-0-1"  class="panel-grid-cell" ><div id="panel-gb2285-69f23fd8ceea4-0-1-0" class="so-panel widget widget_sow-editor panel-first-child panel-last-child" data-index="0" ><div
			
			class="so-widget-sow-editor so-widget-sow-editor-base"
			
		>
<div class="siteorigin-widget-tinymce textwidget">
	<table style="height: 100px; width: 100%; border-collapse: collapse;" border="1" cellpadding="2">
<tbody>
<tr style="height: 24px;">
<td style="width: 15.8421%; height: 24px;">Project management:</td>
<td style="width: 84.1579%; height: 24px;" colspan="2">Dr. Ilse König</td>
</tr>
<tr>
<td style="width: 15.8421%;">
<hr />
</td>
<td style="width: 52.8244%;">
<hr />
</td>
<td style="width: 31.3335%; height: 24px;"></td>
</tr>
<tr>
<td style="width: 15.8421%;">Implementation:</td>
<td style="width: 84.1579%;" colspan="2">DSA Christina Radner</td>
</tr>
<tr>
<td style="width: 15.8421%;">
<hr />
</td>
<td style="width: 52.8244%;">
<hr />
</td>
<td style="width: 31.3335%;"></td>
</tr>
<tr>
<td style="width: 15.8421%;">Funded by:</td>
<td style="width: 52.8244%;" valign="top" width="80%">Bundeskanzleramt/Bundesministerin für Frauenangelegenheiten</td>
<td style="width: 31.3335%;"></td>
</tr>
<tr>
<td style="width: 15.8421%;">
<hr />
</td>
<td style="width: 52.8244%;">
<hr />
</td>
<td style="width: 31.3335%; height: 24px;"></td>
</tr>
<tr style="height: 24px;">
<td style="width: 15.8421%; height: 24px;">Completed in:</td>
<td style="height: 24px; width: 84.1579%;" colspan="2">November 1995</td>
</tr>
</tbody>
</table>
</div>
</div></div></div></div></div>


<div style="color:#404168" class="wp-block-genesis-blocks-gb-spacer gb-block-spacer gb-divider-solid gb-spacer-divider gb-divider-size-1"><hr style="height:3px"/></div>



<div style="color:#404168" class="wp-block-genesis-blocks-gb-spacer gb-block-spacer gb-divider-solid gb-divider-size-1"><hr style="height:10px"/></div>


<div id="pl-gb2285-69f23fd8cf4ea"  class="panel-layout" ><div id="pg-gb2285-69f23fd8cf4ea-0"  class="panel-grid panel-no-style" ><div id="pgc-gb2285-69f23fd8cf4ea-0-0"  class="panel-grid-cell panel-grid-cell-empty" ></div><div id="pgc-gb2285-69f23fd8cf4ea-0-1"  class="panel-grid-cell panel-grid-cell-mobile-last" ><div id="panel-gb2285-69f23fd8cf4ea-0-1-0" class="so-panel widget widget_text panel-first-child panel-last-child" data-index="0" >			<div class="textwidget"><p align="justify">In Österreich hat sich am 29. September 1993 ein Nationalkomitee unter dem Vorsitz der Bundesministerin für Frauenangelegenheiten konstituiert, das zwei Jahre lang nationale Aktivitäten in Vorbereitung der 4. UN-Weltfrauenkonferenz in Peking inhaltliche erarbeitete und koordinierte. Im Nationalkomitee waren rund 150 Frauen aus allen gesellschaftspolitischen Bereichen, Frauen aus öffentlichen und privaten Institutionen und Organisationen ebenso vertreten wie Frauen aus Initiativen oder ExpertInnen und inter­essierte Frauen, die nicht in Institutionen eingebunden sind.</p>
<p align="justify">In der zweijährigen Tätigkeit des Nationalkomitees wurde auf mehreren Ebenen gearbeitet: In regelmäßigen regionalen und österreichweiten Sitzungen, in thematischen Arbeitsgruppen, und in 14 öffentlichen Veranstaltungen in Form von Fachtagungen, Ausstellun­gen, Filmprogrammen. Darüber hinaus wurden Materialien zur Informations- und Bil­dungsarbeit für verschiedene Altersgruppen als &#8220;Frauenrucksack&#8221; hergestellt.</p>
<p align="justify">Den vorläufigen Abschluß der Arbeit bildete die Teilnahme von Vertreterinnen des Nationalkomitees an der Weltfrauenkonferenz in Peking im September 1995, teilweise als Mitglied der Regierungsdelegation (u.a. auch die Koordinatorin), teilweise beim NGO-Forum, sowie der Bericht über die Ergebnisse der Konferenz an das Nationalkomitee.</p>
<p align="justify">Die Arbeit des Nationalkomitees wurde in einer deutsch- und englischsprachigen Dokumentation publiziert, ebenso die Ergebnisse einiger Fachtagungen. Erschienen ist auch ein Katalog der im Rahmen des Nationalkomitees entstandenen, in Hangzhou/China und in Wien und Graz gezeigten Ausstellung &#8220;Spaces&#8221;, einer gemeinsamen Arbeit österreichischer und chinesischer Künstlerinnen.</p>
</div>
		</div></div><div id="pgc-gb2285-69f23fd8cf4ea-0-2"  class="panel-grid-cell panel-grid-cell-empty" ></div></div></div>


<div style="color:#333" class="wp-block-genesis-blocks-gb-spacer gb-block-spacer gb-divider-solid gb-spacer-divider gb-divider-size-1"><hr style="height:100px"/></div>
</div></div></div>
