{"id":2283,"date":"2021-03-17T13:36:36","date_gmt":"2021-03-17T13:36:36","guid":{"rendered":"http:\/\/test-ikf.online\/?page_id=2283"},"modified":"2021-03-17T13:37:35","modified_gmt":"2021-03-17T13:37:35","slug":"1995-weltfrauenkonferenz","status":"publish","type":"page","link":"https:\/\/ikf.ac.at\/en\/schwerpunkte\/cleavages\/gender\/1995-weltfrauenkonferenz","title":{"rendered":"1995: Organisation und Administration der Umsetzung der vom \u00d6sterreichischen Nationalkomitee zur Vorbereitung der UNO-Weltfrauenkonferenz 1995 bzw. ihrer regionalen Vorbereitungsgruppen entwickelten Ideen und Vorschl\u00e4ge"},"content":{"rendered":"<div class=\"wp-block-atomic-blocks-ab-container alignfull ab-block-container\"><div class=\"ab-container-inside\"><div class=\"ab-container-content\"><div id=\"pl-gb2283-69f254e3a5d0f\"  class=\"panel-layout\" ><div id=\"pg-gb2283-69f254e3a5d0f-0\"  class=\"panel-grid panel-no-style\" ><div id=\"pgc-gb2283-69f254e3a5d0f-0-0\"  class=\"panel-grid-cell\" ><div id=\"panel-gb2283-69f254e3a5d0f-0-0-0\" class=\"so-panel widget widget_media_image panel-first-child panel-last-child\" data-index=\"0\" ><img loading=\"lazy\" decoding=\"async\" width=\"2554\" height=\"10\" src=\"https:\/\/ikf.ac.at\/wp-content\/uploads\/2021\/01\/linie_IKF.jpg\" class=\"image wp-image-754  attachment-full size-full\" alt=\"\" style=\"max-width: 100%; height: auto;\" srcset=\"https:\/\/ikf.ac.at\/wp-content\/uploads\/2021\/01\/linie_IKF.jpg 2554w, https:\/\/ikf.ac.at\/wp-content\/uploads\/2021\/01\/linie_IKF-300x1.jpg 300w, https:\/\/ikf.ac.at\/wp-content\/uploads\/2021\/01\/linie_IKF-1024x4.jpg 1024w, https:\/\/ikf.ac.at\/wp-content\/uploads\/2021\/01\/linie_IKF-768x3.jpg 768w, https:\/\/ikf.ac.at\/wp-content\/uploads\/2021\/01\/linie_IKF-1536x6.jpg 1536w, https:\/\/ikf.ac.at\/wp-content\/uploads\/2021\/01\/linie_IKF-2048x8.jpg 2048w\" sizes=\"auto, (max-width: 2554px) 100vw, 2554px\" \/><\/div><\/div><\/div><\/div>\n\n\n<div style=\"color:#ddd\" class=\"wp-block-genesis-blocks-gb-spacer gb-block-spacer gb-divider-solid gb-divider-size-1\"><hr style=\"height:30px\"\/><\/div>\n\n\n<div id=\"pl-gb2283-69f254e3a61a7\"  class=\"panel-layout\" ><div id=\"pg-gb2283-69f254e3a61a7-0\"  class=\"panel-grid panel-no-style\" ><div id=\"pgc-gb2283-69f254e3a61a7-0-0\"  class=\"panel-grid-cell panel-grid-cell-empty\" ><\/div><div id=\"pgc-gb2283-69f254e3a61a7-0-1\"  class=\"panel-grid-cell\" ><div id=\"panel-gb2283-69f254e3a61a7-0-1-0\" class=\"so-panel widget widget_sow-editor panel-first-child panel-last-child\" data-index=\"0\" ><div\n\t\t\t\n\t\t\tclass=\"so-widget-sow-editor so-widget-sow-editor-base\"\n\t\t\t\n\t\t>\n<div class=\"siteorigin-widget-tinymce textwidget\">\n\t<table style=\"height: 100px; width: 100%; border-collapse: collapse;\" border=\"1\" cellpadding=\"2\">\n<tbody>\n<tr style=\"height: 24px;\">\n<td style=\"width: 15.8421%; height: 24px;\">Project management:<\/td>\n<td style=\"width: 84.1578%; height: 24px;\" colspan=\"2\">Univ.-Prof. Dr. Anton Pelinka<\/td>\n<\/tr>\n<tr>\n<td style=\"width: 15.8421%;\">\n<hr \/>\n<\/td>\n<td style=\"width: 47.2383%;\">\n<hr \/>\n<\/td>\n<td style=\"width: 36.9195%; height: 24px;\"><\/td>\n<\/tr>\n<tr>\n<td style=\"width: 15.8421%;\">Implementation:<\/td>\n<td style=\"width: 84.1578%;\" colspan=\"2\">Mag. Helga Amesberger<br \/>\nMaria Reiter<\/td>\n<\/tr>\n<tr>\n<td style=\"width: 15.8421%;\">\n<hr \/>\n<\/td>\n<td style=\"width: 47.2383%;\">\n<hr \/>\n<\/td>\n<td style=\"width: 36.9195%;\"><\/td>\n<\/tr>\n<tr>\n<td style=\"width: 15.8421%;\">Funded by:<\/td>\n<td style=\"width: 84.1578%;\" colspan=\"2\">Bundeskanzleramt\/Bundesministerin f\u00fcr Frauenangelegenheiten<\/td>\n<\/tr>\n<tr>\n<td style=\"width: 15.8421%;\">\n<hr \/>\n<\/td>\n<td style=\"width: 47.2383%;\">\n<hr \/>\n<\/td>\n<td style=\"width: 36.9195%; height: 24px;\"><\/td>\n<\/tr>\n<tr style=\"height: 24px;\">\n<td style=\"width: 15.8421%; height: 24px;\">Completed in:<\/td>\n<td style=\"height: 24px; width: 84.1578%;\" colspan=\"2\">September 1995<\/td>\n<\/tr>\n<\/tbody>\n<\/table>\n<\/div>\n<\/div><\/div><\/div><\/div><\/div>\n\n\n<div style=\"color:#404168\" class=\"wp-block-genesis-blocks-gb-spacer gb-block-spacer gb-divider-solid gb-spacer-divider gb-divider-size-1\"><hr style=\"height:3px\"\/><\/div>\n\n\n\n<div style=\"color:#404168\" class=\"wp-block-genesis-blocks-gb-spacer gb-block-spacer gb-divider-solid gb-divider-size-1\"><hr style=\"height:10px\"\/><\/div>\n\n\n<div id=\"pl-gb2283-69f254e3a65ea\"  class=\"panel-layout\" ><div id=\"pg-gb2283-69f254e3a65ea-0\"  class=\"panel-grid panel-no-style\" ><div id=\"pgc-gb2283-69f254e3a65ea-0-0\"  class=\"panel-grid-cell panel-grid-cell-empty\" ><\/div><div id=\"pgc-gb2283-69f254e3a65ea-0-1\"  class=\"panel-grid-cell panel-grid-cell-mobile-last\" ><div id=\"panel-gb2283-69f254e3a65ea-0-1-0\" class=\"so-panel widget widget_text panel-first-child panel-last-child\" data-index=\"0\" >\t\t\t<div class=\"textwidget\"><p align=\"justify\">Das Institut f\u00fcr Konfliktforschung \u00fcbernahm im Auftrag der Bundesministerin f\u00fcr Frauenangelegenheiten die Organisation und Administration zur Umsetzung der Ideen und Vorschl\u00e4ge des \u00d6sterreichischen Nationalkomitees zur Vorbereitung der UNO-Weltfrauenkonferenz 1995.<\/p>\n<\/div>\n\t\t<\/div><\/div><div id=\"pgc-gb2283-69f254e3a65ea-0-2\"  class=\"panel-grid-cell panel-grid-cell-empty\" ><\/div><\/div><\/div>\n\n\n<div style=\"color:#333\" class=\"wp-block-genesis-blocks-gb-spacer gb-block-spacer gb-divider-solid gb-spacer-divider gb-divider-size-1\"><hr style=\"height:100px\"\/><\/div>\n<\/div><\/div><\/div>","protected":false},"excerpt":{"rendered":"","protected":false},"author":2,"featured_media":0,"parent":454,"menu_order":43,"comment_status":"closed","ping_status":"closed","template":"","meta":{"footnotes":""},"class_list":["post-2283","page","type-page","status-publish","hentry","post"],"featured_image_src":null,"featured_image_src_square":null,"_links":{"self":[{"href":"https:\/\/ikf.ac.at\/en\/wp-json\/wp\/v2\/pages\/2283","targetHints":{"allow":["GET"]}}],"collection":[{"href":"https:\/\/ikf.ac.at\/en\/wp-json\/wp\/v2\/pages"}],"about":[{"href":"https:\/\/ikf.ac.at\/en\/wp-json\/wp\/v2\/types\/page"}],"author":[{"embeddable":true,"href":"https:\/\/ikf.ac.at\/en\/wp-json\/wp\/v2\/users\/2"}],"replies":[{"embeddable":true,"href":"https:\/\/ikf.ac.at\/en\/wp-json\/wp\/v2\/comments?post=2283"}],"version-history":[{"count":1,"href":"https:\/\/ikf.ac.at\/en\/wp-json\/wp\/v2\/pages\/2283\/revisions"}],"predecessor-version":[{"id":2284,"href":"https:\/\/ikf.ac.at\/en\/wp-json\/wp\/v2\/pages\/2283\/revisions\/2284"}],"up":[{"embeddable":true,"href":"https:\/\/ikf.ac.at\/en\/wp-json\/wp\/v2\/pages\/454"}],"wp:attachment":[{"href":"https:\/\/ikf.ac.at\/en\/wp-json\/wp\/v2\/media?parent=2283"}],"curies":[{"name":"wp","href":"https:\/\/api.w.org\/{rel}","templated":true}]}}

1995: Organisation und Administration der Umsetzung der vom Österreichischen Nationalkomitee zur Vorbereitung der UNO-Weltfrauenkonferenz 1995 bzw. ihrer regionalen Vorbereitungsgruppen entwickelten Ideen und Vorschläge

<div class="wp-block-atomic-blocks-ab-container alignfull ab-block-container"><div class="ab-container-inside"><div class="ab-container-content"><div id="pl-gb2283-69f254e3a5d0f"  class="panel-layout" ><div id="pg-gb2283-69f254e3a5d0f-0"  class="panel-grid panel-no-style" ><div id="pgc-gb2283-69f254e3a5d0f-0-0"  class="panel-grid-cell" ><div id="panel-gb2283-69f254e3a5d0f-0-0-0" class="so-panel widget widget_media_image panel-first-child panel-last-child" data-index="0" ><img loading="lazy" decoding="async" width="2554" height="10" src="https://ikf.ac.at/wp-content/uploads/2021/01/linie_IKF.jpg" class="image wp-image-754  attachment-full size-full" alt="" style="max-width: 100%; height: auto;" srcset="https://ikf.ac.at/wp-content/uploads/2021/01/linie_IKF.jpg 2554w, https://ikf.ac.at/wp-content/uploads/2021/01/linie_IKF-300x1.jpg 300w, https://ikf.ac.at/wp-content/uploads/2021/01/linie_IKF-1024x4.jpg 1024w, https://ikf.ac.at/wp-content/uploads/2021/01/linie_IKF-768x3.jpg 768w, https://ikf.ac.at/wp-content/uploads/2021/01/linie_IKF-1536x6.jpg 1536w, https://ikf.ac.at/wp-content/uploads/2021/01/linie_IKF-2048x8.jpg 2048w" sizes="auto, (max-width: 2554px) 100vw, 2554px" /></div></div></div></div>


<div style="color:#ddd" class="wp-block-genesis-blocks-gb-spacer gb-block-spacer gb-divider-solid gb-divider-size-1"><hr style="height:30px"/></div>


<div id="pl-gb2283-69f254e3a61a7"  class="panel-layout" ><div id="pg-gb2283-69f254e3a61a7-0"  class="panel-grid panel-no-style" ><div id="pgc-gb2283-69f254e3a61a7-0-0"  class="panel-grid-cell panel-grid-cell-empty" ></div><div id="pgc-gb2283-69f254e3a61a7-0-1"  class="panel-grid-cell" ><div id="panel-gb2283-69f254e3a61a7-0-1-0" class="so-panel widget widget_sow-editor panel-first-child panel-last-child" data-index="0" ><div
			
			class="so-widget-sow-editor so-widget-sow-editor-base"
			
		>
<div class="siteorigin-widget-tinymce textwidget">
	<table style="height: 100px; width: 100%; border-collapse: collapse;" border="1" cellpadding="2">
<tbody>
<tr style="height: 24px;">
<td style="width: 15.8421%; height: 24px;">Project management:</td>
<td style="width: 84.1578%; height: 24px;" colspan="2">Univ.-Prof. Dr. Anton Pelinka</td>
</tr>
<tr>
<td style="width: 15.8421%;">
<hr />
</td>
<td style="width: 47.2383%;">
<hr />
</td>
<td style="width: 36.9195%; height: 24px;"></td>
</tr>
<tr>
<td style="width: 15.8421%;">Implementation:</td>
<td style="width: 84.1578%;" colspan="2">Mag. Helga Amesberger<br />
Maria Reiter</td>
</tr>
<tr>
<td style="width: 15.8421%;">
<hr />
</td>
<td style="width: 47.2383%;">
<hr />
</td>
<td style="width: 36.9195%;"></td>
</tr>
<tr>
<td style="width: 15.8421%;">Funded by:</td>
<td style="width: 84.1578%;" colspan="2">Bundeskanzleramt/Bundesministerin für Frauenangelegenheiten</td>
</tr>
<tr>
<td style="width: 15.8421%;">
<hr />
</td>
<td style="width: 47.2383%;">
<hr />
</td>
<td style="width: 36.9195%; height: 24px;"></td>
</tr>
<tr style="height: 24px;">
<td style="width: 15.8421%; height: 24px;">Completed in:</td>
<td style="height: 24px; width: 84.1578%;" colspan="2">September 1995</td>
</tr>
</tbody>
</table>
</div>
</div></div></div></div></div>


<div style="color:#404168" class="wp-block-genesis-blocks-gb-spacer gb-block-spacer gb-divider-solid gb-spacer-divider gb-divider-size-1"><hr style="height:3px"/></div>



<div style="color:#404168" class="wp-block-genesis-blocks-gb-spacer gb-block-spacer gb-divider-solid gb-divider-size-1"><hr style="height:10px"/></div>


<div id="pl-gb2283-69f254e3a65ea"  class="panel-layout" ><div id="pg-gb2283-69f254e3a65ea-0"  class="panel-grid panel-no-style" ><div id="pgc-gb2283-69f254e3a65ea-0-0"  class="panel-grid-cell panel-grid-cell-empty" ></div><div id="pgc-gb2283-69f254e3a65ea-0-1"  class="panel-grid-cell panel-grid-cell-mobile-last" ><div id="panel-gb2283-69f254e3a65ea-0-1-0" class="so-panel widget widget_text panel-first-child panel-last-child" data-index="0" >			<div class="textwidget"><p align="justify">Das Institut für Konfliktforschung übernahm im Auftrag der Bundesministerin für Frauenangelegenheiten die Organisation und Administration zur Umsetzung der Ideen und Vorschläge des Österreichischen Nationalkomitees zur Vorbereitung der UNO-Weltfrauenkonferenz 1995.</p>
</div>
		</div></div><div id="pgc-gb2283-69f254e3a65ea-0-2"  class="panel-grid-cell panel-grid-cell-empty" ></div></div></div>


<div style="color:#333" class="wp-block-genesis-blocks-gb-spacer gb-block-spacer gb-divider-solid gb-spacer-divider gb-divider-size-1"><hr style="height:100px"/></div>
</div></div></div>
