{"id":2266,"date":"2021-03-17T13:07:12","date_gmt":"2021-03-17T13:07:12","guid":{"rendered":"http:\/\/test-ikf.online\/?page_id=2266"},"modified":"2021-03-17T13:07:46","modified_gmt":"2021-03-17T13:07:46","slug":"1997-karenzurlaub","status":"publish","type":"page","link":"https:\/\/ikf.ac.at\/en\/schwerpunkte\/cleavages\/gender\/1997-karenzurlaub","title":{"rendered":"1997: Karenzurlaub"},"content":{"rendered":"<div class=\"wp-block-atomic-blocks-ab-container alignfull ab-block-container\"><div class=\"ab-container-inside\"><div class=\"ab-container-content\"><div id=\"pl-gb2266-69f254e2ed603\"  class=\"panel-layout\" ><div id=\"pg-gb2266-69f254e2ed603-0\"  class=\"panel-grid panel-no-style\" ><div id=\"pgc-gb2266-69f254e2ed603-0-0\"  class=\"panel-grid-cell\" ><div id=\"panel-gb2266-69f254e2ed603-0-0-0\" class=\"so-panel widget widget_media_image panel-first-child panel-last-child\" data-index=\"0\" ><img loading=\"lazy\" decoding=\"async\" width=\"2554\" height=\"10\" src=\"https:\/\/ikf.ac.at\/wp-content\/uploads\/2021\/01\/linie_IKF.jpg\" class=\"image wp-image-754  attachment-full size-full\" alt=\"\" style=\"max-width: 100%; height: auto;\" srcset=\"https:\/\/ikf.ac.at\/wp-content\/uploads\/2021\/01\/linie_IKF.jpg 2554w, https:\/\/ikf.ac.at\/wp-content\/uploads\/2021\/01\/linie_IKF-300x1.jpg 300w, https:\/\/ikf.ac.at\/wp-content\/uploads\/2021\/01\/linie_IKF-1024x4.jpg 1024w, https:\/\/ikf.ac.at\/wp-content\/uploads\/2021\/01\/linie_IKF-768x3.jpg 768w, https:\/\/ikf.ac.at\/wp-content\/uploads\/2021\/01\/linie_IKF-1536x6.jpg 1536w, https:\/\/ikf.ac.at\/wp-content\/uploads\/2021\/01\/linie_IKF-2048x8.jpg 2048w\" sizes=\"auto, (max-width: 2554px) 100vw, 2554px\" \/><\/div><\/div><\/div><\/div>\n\n\n<div style=\"color:#ddd\" class=\"wp-block-genesis-blocks-gb-spacer gb-block-spacer gb-divider-solid gb-divider-size-1\"><hr style=\"height:30px\"\/><\/div>\n\n\n<div id=\"pl-gb2266-69f254e2edb2a\"  class=\"panel-layout\" ><div id=\"pg-gb2266-69f254e2edb2a-0\"  class=\"panel-grid panel-no-style\" ><div id=\"pgc-gb2266-69f254e2edb2a-0-0\"  class=\"panel-grid-cell panel-grid-cell-empty\" ><\/div><div id=\"pgc-gb2266-69f254e2edb2a-0-1\"  class=\"panel-grid-cell\" ><div id=\"panel-gb2266-69f254e2edb2a-0-1-0\" class=\"so-panel widget widget_sow-editor panel-first-child panel-last-child\" data-index=\"0\" ><div\n\t\t\t\n\t\t\tclass=\"so-widget-sow-editor so-widget-sow-editor-base\"\n\t\t\t\n\t\t>\n<div class=\"siteorigin-widget-tinymce textwidget\">\n\t<table style=\"height: 100px; width: 100%; border-collapse: collapse;\" border=\"1\" cellpadding=\"2\">\n<tbody>\n<tr style=\"height: 24px;\">\n<td style=\"width: 15.8421%; height: 24px;\">Project management:<\/td>\n<td style=\"width: 84.1578%; height: 24px;\" colspan=\"2\">Dr. Birgitt Haller<\/td>\n<\/tr>\n<tr>\n<td style=\"width: 15.8421%;\">\n<hr \/>\n<\/td>\n<td style=\"width: 38.1474%;\">\n<hr \/>\n<\/td>\n<td style=\"width: 46.0104%; height: 24px;\"><\/td>\n<\/tr>\n<tr>\n<td style=\"width: 15.8421%;\">Implementation:<\/td>\n<td style=\"width: 84.1578%;\" colspan=\"2\">Dr. Traude Horvath<br \/>\nMag. Katharina Demel<br \/>\nDSA Christina Radner<\/td>\n<\/tr>\n<tr>\n<td style=\"width: 15.8421%;\">\n<hr \/>\n<\/td>\n<td style=\"width: 38.1474%;\">\n<hr \/>\n<\/td>\n<td style=\"width: 46.0104%;\"><\/td>\n<\/tr>\n<tr>\n<td style=\"width: 15.8421%;\">Funded by:<\/td>\n<td style=\"width: 84.1578%;\" colspan=\"2\">\u00d6sterreichische Akademie der Wissenschaften\/<br \/>\nInstitut f\u00fcr Demographie<\/td>\n<\/tr>\n<tr>\n<td style=\"width: 15.8421%;\">\n<hr \/>\n<\/td>\n<td style=\"width: 38.1474%;\">\n<hr \/>\n<\/td>\n<td style=\"width: 46.0104%; height: 24px;\"><\/td>\n<\/tr>\n<tr style=\"height: 24px;\">\n<td style=\"width: 15.8421%; height: 24px;\">Completed in:<\/td>\n<td style=\"height: 24px; width: 84.1578%;\" colspan=\"2\">Dezember 1997<\/td>\n<\/tr>\n<\/tbody>\n<\/table>\n<\/div>\n<\/div><\/div><\/div><\/div><\/div>\n\n\n<div style=\"color:#404168\" class=\"wp-block-genesis-blocks-gb-spacer gb-block-spacer gb-divider-solid gb-spacer-divider gb-divider-size-1\"><hr style=\"height:3px\"\/><\/div>\n\n\n\n<div style=\"color:#404168\" class=\"wp-block-genesis-blocks-gb-spacer gb-block-spacer gb-divider-solid gb-divider-size-1\"><hr style=\"height:10px\"\/><\/div>\n\n\n<div id=\"pl-gb2266-69f254e2edf7c\"  class=\"panel-layout\" ><div id=\"pg-gb2266-69f254e2edf7c-0\"  class=\"panel-grid panel-no-style\" ><div id=\"pgc-gb2266-69f254e2edf7c-0-0\"  class=\"panel-grid-cell panel-grid-cell-empty\" ><\/div><div id=\"pgc-gb2266-69f254e2edf7c-0-1\"  class=\"panel-grid-cell panel-grid-cell-mobile-last\" ><div id=\"panel-gb2266-69f254e2edf7c-0-1-0\" class=\"so-panel widget widget_text panel-first-child panel-last-child\" data-index=\"0\" >\t\t\t<div class=\"textwidget\"><p align=\"justify\">Das Forschungsprojekt &#8220;Karenzurlaub&#8221; umfa\u00dft eine quantitative Erhebung, die vom Institut f\u00fcr Demographie abgedeckt wurde, und eine qualitative Untersuchung, die am IKF durchgef\u00fchrt wurde. Der quantitative Teil wurde durch eine Befragung von 471 Personen (405 Frauen und 66 M\u00e4nner) mittels standardisiertem Fragebogen abgedeckt. Dabei wurde auch danach gefragt, ob diese Personen f\u00fcr ein weiteres, ausf\u00fchrlicheres Interview zum selben Themenbereich zur Verf\u00fcgung st\u00fcnden.<\/p>\n<p align=\"justify\">F\u00fcr diese qualitativen Interviews wurden 20 Frauen und zehn M\u00e4nner aus der Ostregion \u00d6sterreichs nach den Kriterien Geschlecht, Beruf, Familienstand, Kinderzahl und Wohnort ausgew\u00e4hlt. Die Leitf\u00e4den f\u00fcr Frauen wie M\u00e4nner konzentrierten sich auf die Arbeitssituation vor der letzten Karenzierung, Beziehung\/Partnerschaft vor der Karenzierung, die Vorbereitung auf die Karenz, die Zeit der Karenzierung und den Wiedereinstieg.<\/p>\n<p align=\"justify\">Der Schwerpunkt des Forschungsprojektes lag auf der Frage, wie sich Kinder und Berufst\u00e4tigkeit miteinander vereinbaren lassen. Aus der Perspektive von M\u00fcttern und V\u00e4tern wurden die Entscheidung f\u00fcr eine Karenzierung, f\u00fcr die Wahl der Form der Karenzierung und die Auswirkungen der Karenzzeit auf die weitere Erwerbst\u00e4tigkeit dargestellt, sowie die Mechanismen transparent gemacht, die M\u00fctter und V\u00e4ter dazu bringen, in Karenz zu gehen bzw. die Verantwortung f\u00fcr das Kind, den gesetzlichen Rahmenbedingungen entsprechend, zu teilen.<\/p>\n<\/div>\n\t\t<\/div><\/div><div id=\"pgc-gb2266-69f254e2edf7c-0-2\"  class=\"panel-grid-cell panel-grid-cell-empty\" ><\/div><\/div><\/div>\n\n\n<div style=\"color:#333\" class=\"wp-block-genesis-blocks-gb-spacer gb-block-spacer gb-divider-solid gb-spacer-divider gb-divider-size-1\"><hr style=\"height:100px\"\/><\/div>\n<\/div><\/div><\/div>","protected":false},"excerpt":{"rendered":"","protected":false},"author":2,"featured_media":0,"parent":454,"menu_order":39,"comment_status":"closed","ping_status":"closed","template":"","meta":{"footnotes":""},"class_list":["post-2266","page","type-page","status-publish","hentry","post"],"featured_image_src":null,"featured_image_src_square":null,"_links":{"self":[{"href":"https:\/\/ikf.ac.at\/en\/wp-json\/wp\/v2\/pages\/2266","targetHints":{"allow":["GET"]}}],"collection":[{"href":"https:\/\/ikf.ac.at\/en\/wp-json\/wp\/v2\/pages"}],"about":[{"href":"https:\/\/ikf.ac.at\/en\/wp-json\/wp\/v2\/types\/page"}],"author":[{"embeddable":true,"href":"https:\/\/ikf.ac.at\/en\/wp-json\/wp\/v2\/users\/2"}],"replies":[{"embeddable":true,"href":"https:\/\/ikf.ac.at\/en\/wp-json\/wp\/v2\/comments?post=2266"}],"version-history":[{"count":1,"href":"https:\/\/ikf.ac.at\/en\/wp-json\/wp\/v2\/pages\/2266\/revisions"}],"predecessor-version":[{"id":2267,"href":"https:\/\/ikf.ac.at\/en\/wp-json\/wp\/v2\/pages\/2266\/revisions\/2267"}],"up":[{"embeddable":true,"href":"https:\/\/ikf.ac.at\/en\/wp-json\/wp\/v2\/pages\/454"}],"wp:attachment":[{"href":"https:\/\/ikf.ac.at\/en\/wp-json\/wp\/v2\/media?parent=2266"}],"curies":[{"name":"wp","href":"https:\/\/api.w.org\/{rel}","templated":true}]}}

<div class="wp-block-atomic-blocks-ab-container alignfull ab-block-container"><div class="ab-container-inside"><div class="ab-container-content"><div id="pl-gb2266-69f254e2ed603"  class="panel-layout" ><div id="pg-gb2266-69f254e2ed603-0"  class="panel-grid panel-no-style" ><div id="pgc-gb2266-69f254e2ed603-0-0"  class="panel-grid-cell" ><div id="panel-gb2266-69f254e2ed603-0-0-0" class="so-panel widget widget_media_image panel-first-child panel-last-child" data-index="0" ><img loading="lazy" decoding="async" width="2554" height="10" src="https://ikf.ac.at/wp-content/uploads/2021/01/linie_IKF.jpg" class="image wp-image-754  attachment-full size-full" alt="" style="max-width: 100%; height: auto;" srcset="https://ikf.ac.at/wp-content/uploads/2021/01/linie_IKF.jpg 2554w, https://ikf.ac.at/wp-content/uploads/2021/01/linie_IKF-300x1.jpg 300w, https://ikf.ac.at/wp-content/uploads/2021/01/linie_IKF-1024x4.jpg 1024w, https://ikf.ac.at/wp-content/uploads/2021/01/linie_IKF-768x3.jpg 768w, https://ikf.ac.at/wp-content/uploads/2021/01/linie_IKF-1536x6.jpg 1536w, https://ikf.ac.at/wp-content/uploads/2021/01/linie_IKF-2048x8.jpg 2048w" sizes="auto, (max-width: 2554px) 100vw, 2554px" /></div></div></div></div>


<div style="color:#ddd" class="wp-block-genesis-blocks-gb-spacer gb-block-spacer gb-divider-solid gb-divider-size-1"><hr style="height:30px"/></div>


<div id="pl-gb2266-69f254e2edb2a"  class="panel-layout" ><div id="pg-gb2266-69f254e2edb2a-0"  class="panel-grid panel-no-style" ><div id="pgc-gb2266-69f254e2edb2a-0-0"  class="panel-grid-cell panel-grid-cell-empty" ></div><div id="pgc-gb2266-69f254e2edb2a-0-1"  class="panel-grid-cell" ><div id="panel-gb2266-69f254e2edb2a-0-1-0" class="so-panel widget widget_sow-editor panel-first-child panel-last-child" data-index="0" ><div
			
			class="so-widget-sow-editor so-widget-sow-editor-base"
			
		>
<div class="siteorigin-widget-tinymce textwidget">
	<table style="height: 100px; width: 100%; border-collapse: collapse;" border="1" cellpadding="2">
<tbody>
<tr style="height: 24px;">
<td style="width: 15.8421%; height: 24px;">Project management:</td>
<td style="width: 84.1578%; height: 24px;" colspan="2">Dr. Birgitt Haller</td>
</tr>
<tr>
<td style="width: 15.8421%;">
<hr />
</td>
<td style="width: 38.1474%;">
<hr />
</td>
<td style="width: 46.0104%; height: 24px;"></td>
</tr>
<tr>
<td style="width: 15.8421%;">Implementation:</td>
<td style="width: 84.1578%;" colspan="2">Dr. Traude Horvath<br />
Mag. Katharina Demel<br />
DSA Christina Radner</td>
</tr>
<tr>
<td style="width: 15.8421%;">
<hr />
</td>
<td style="width: 38.1474%;">
<hr />
</td>
<td style="width: 46.0104%;"></td>
</tr>
<tr>
<td style="width: 15.8421%;">Funded by:</td>
<td style="width: 84.1578%;" colspan="2">Österreichische Akademie der Wissenschaften/<br />
Institut für Demographie</td>
</tr>
<tr>
<td style="width: 15.8421%;">
<hr />
</td>
<td style="width: 38.1474%;">
<hr />
</td>
<td style="width: 46.0104%; height: 24px;"></td>
</tr>
<tr style="height: 24px;">
<td style="width: 15.8421%; height: 24px;">Completed in:</td>
<td style="height: 24px; width: 84.1578%;" colspan="2">Dezember 1997</td>
</tr>
</tbody>
</table>
</div>
</div></div></div></div></div>


<div style="color:#404168" class="wp-block-genesis-blocks-gb-spacer gb-block-spacer gb-divider-solid gb-spacer-divider gb-divider-size-1"><hr style="height:3px"/></div>



<div style="color:#404168" class="wp-block-genesis-blocks-gb-spacer gb-block-spacer gb-divider-solid gb-divider-size-1"><hr style="height:10px"/></div>


<div id="pl-gb2266-69f254e2edf7c"  class="panel-layout" ><div id="pg-gb2266-69f254e2edf7c-0"  class="panel-grid panel-no-style" ><div id="pgc-gb2266-69f254e2edf7c-0-0"  class="panel-grid-cell panel-grid-cell-empty" ></div><div id="pgc-gb2266-69f254e2edf7c-0-1"  class="panel-grid-cell panel-grid-cell-mobile-last" ><div id="panel-gb2266-69f254e2edf7c-0-1-0" class="so-panel widget widget_text panel-first-child panel-last-child" data-index="0" >			<div class="textwidget"><p align="justify">Das Forschungsprojekt &#8220;Karenzurlaub&#8221; umfaßt eine quantitative Erhebung, die vom Institut für Demographie abgedeckt wurde, und eine qualitative Untersuchung, die am IKF durchgeführt wurde. Der quantitative Teil wurde durch eine Befragung von 471 Personen (405 Frauen und 66 Männer) mittels standardisiertem Fragebogen abgedeckt. Dabei wurde auch danach gefragt, ob diese Personen für ein weiteres, ausführlicheres Interview zum selben Themenbereich zur Verfügung stünden.</p>
<p align="justify">Für diese qualitativen Interviews wurden 20 Frauen und zehn Männer aus der Ostregion Österreichs nach den Kriterien Geschlecht, Beruf, Familienstand, Kinderzahl und Wohnort ausgewählt. Die Leitfäden für Frauen wie Männer konzentrierten sich auf die Arbeitssituation vor der letzten Karenzierung, Beziehung/Partnerschaft vor der Karenzierung, die Vorbereitung auf die Karenz, die Zeit der Karenzierung und den Wiedereinstieg.</p>
<p align="justify">Der Schwerpunkt des Forschungsprojektes lag auf der Frage, wie sich Kinder und Berufstätigkeit miteinander vereinbaren lassen. Aus der Perspektive von Müttern und Vätern wurden die Entscheidung für eine Karenzierung, für die Wahl der Form der Karenzierung und die Auswirkungen der Karenzzeit auf die weitere Erwerbstätigkeit dargestellt, sowie die Mechanismen transparent gemacht, die Mütter und Väter dazu bringen, in Karenz zu gehen bzw. die Verantwortung für das Kind, den gesetzlichen Rahmenbedingungen entsprechend, zu teilen.</p>
</div>
		</div></div><div id="pgc-gb2266-69f254e2edf7c-0-2"  class="panel-grid-cell panel-grid-cell-empty" ></div></div></div>


<div style="color:#333" class="wp-block-genesis-blocks-gb-spacer gb-block-spacer gb-divider-solid gb-spacer-divider gb-divider-size-1"><hr style="height:100px"/></div>
</div></div></div>
