{"id":2188,"date":"2021-03-16T13:07:51","date_gmt":"2021-03-16T13:07:51","guid":{"rendered":"http:\/\/test-ikf.online\/?page_id=2188"},"modified":"2021-06-28T13:13:30","modified_gmt":"2021-06-28T13:13:30","slug":"2004-praevention-postpartaler-depression","status":"publish","type":"page","link":"https:\/\/ikf.ac.at\/en\/schwerpunkte\/cleavages\/gender\/2004-praevention-postpartaler-depression","title":{"rendered":"2004: Pr\u00e4vention Postpartaler Depression"},"content":{"rendered":"<div class=\"wp-block-atomic-blocks-ab-container alignfull ab-block-container\"><div class=\"ab-container-inside\"><div class=\"ab-container-content\"><div id=\"pl-gb2188-69f23ffc2b390\"  class=\"panel-layout\" ><div id=\"pg-gb2188-69f23ffc2b390-0\"  class=\"panel-grid panel-no-style\" ><div id=\"pgc-gb2188-69f23ffc2b390-0-0\"  class=\"panel-grid-cell\" ><div id=\"panel-gb2188-69f23ffc2b390-0-0-0\" class=\"so-panel widget widget_media_image panel-first-child panel-last-child\" data-index=\"0\" ><img loading=\"lazy\" decoding=\"async\" width=\"2554\" height=\"10\" src=\"https:\/\/ikf.ac.at\/wp-content\/uploads\/2021\/01\/linie_IKF.jpg\" class=\"image wp-image-754  attachment-full size-full\" alt=\"\" style=\"max-width: 100%; height: auto;\" srcset=\"https:\/\/ikf.ac.at\/wp-content\/uploads\/2021\/01\/linie_IKF.jpg 2554w, https:\/\/ikf.ac.at\/wp-content\/uploads\/2021\/01\/linie_IKF-300x1.jpg 300w, https:\/\/ikf.ac.at\/wp-content\/uploads\/2021\/01\/linie_IKF-1024x4.jpg 1024w, https:\/\/ikf.ac.at\/wp-content\/uploads\/2021\/01\/linie_IKF-768x3.jpg 768w, https:\/\/ikf.ac.at\/wp-content\/uploads\/2021\/01\/linie_IKF-1536x6.jpg 1536w, https:\/\/ikf.ac.at\/wp-content\/uploads\/2021\/01\/linie_IKF-2048x8.jpg 2048w\" sizes=\"auto, (max-width: 2554px) 100vw, 2554px\" \/><\/div><\/div><\/div><\/div>\n\n\n<div style=\"color:#ddd\" class=\"wp-block-genesis-blocks-gb-spacer gb-block-spacer gb-divider-solid gb-divider-size-1\"><hr style=\"height:30px\"\/><\/div>\n\n\n<div id=\"pl-gb2188-69f23ffc2baf7\"  class=\"panel-layout\" ><div id=\"pg-gb2188-69f23ffc2baf7-0\"  class=\"panel-grid panel-no-style\" ><div id=\"pgc-gb2188-69f23ffc2baf7-0-0\"  class=\"panel-grid-cell panel-grid-cell-empty\" ><\/div><div id=\"pgc-gb2188-69f23ffc2baf7-0-1\"  class=\"panel-grid-cell\" ><div id=\"panel-gb2188-69f23ffc2baf7-0-1-0\" class=\"so-panel widget widget_sow-editor panel-first-child panel-last-child\" data-index=\"0\" ><div\n\t\t\t\n\t\t\tclass=\"so-widget-sow-editor so-widget-sow-editor-base\"\n\t\t\t\n\t\t>\n<div class=\"siteorigin-widget-tinymce textwidget\">\n\t<table style=\"height: 100px; width: 100%; border-collapse: collapse;\" border=\"1\" cellpadding=\"2\">\n<tbody>\n<tr style=\"height: 24px;\">\n<td style=\"width: 15.8421%; height: 24px;\">Project management:<\/td>\n<td style=\"width: 84.1578%; height: 24px;\" colspan=\"2\">Mag. Dr. Stefanie Mayer<sup>a<\/sup> Helga Amesberger<\/td>\n<\/tr>\n<tr>\n<td style=\"width: 15.8421%;\">\n<hr \/>\n<\/td>\n<td style=\"width: 66.2858%;\">\n<hr \/>\n<\/td>\n<td style=\"width: 17.872%; height: 24px;\"><\/td>\n<\/tr>\n<tr>\n<td style=\"width: 15.8421%;\">Implementation:<\/td>\n<td style=\"width: 84.1578%;\" colspan=\"2\">Mag. Dr. Stefanie Mayer<sup>a<\/sup> Helga Amesberger<br \/>\nMag. Dr. Stefanie Mayer<sup>a<\/sup> Katrin Auer<br \/>\nMag. Dr. Stefanie Mayer<sup>a<\/sup> Brigitte Halbmayr<br \/>\nMag. Dr. Stefanie Mayer<sup>a<\/sup> Barbara Liegl<br \/>\nUniv.-Prof. Dr. Peter Bauer (Institut f\u00fcr medizinische Statistik der Universit\u00e4t Wien)<\/td>\n<\/tr>\n<tr>\n<td style=\"width: 15.8421%;\">\n<hr \/>\n<\/td>\n<td style=\"width: 66.2858%;\">\n<hr \/>\n<\/td>\n<td style=\"width: 17.872%;\"><\/td>\n<\/tr>\n<tr>\n<td style=\"width: 15.8421%;\">Funded by:<\/td>\n<td style=\"width: 84.1578%;\" colspan=\"2\">Magistrat der Stadt Wien \u2013 Wiener Frauengesundheitsbeauftragte<br \/>\n(jetzt: Fonds Soziales Wien)<\/td>\n<\/tr>\n<tr>\n<td style=\"width: 15.8421%;\">\n<hr \/>\n<\/td>\n<td style=\"width: 66.2858%;\">\n<hr \/>\n<\/td>\n<td style=\"width: 17.872%; height: 24px;\"><\/td>\n<\/tr>\n<tr style=\"height: 24px;\">\n<td style=\"width: 15.8421%; height: 24px;\">Completed in:<\/td>\n<td style=\"height: 24px; width: 84.1578%;\" colspan=\"2\">Februar 2004<\/td>\n<\/tr>\n<\/tbody>\n<\/table>\n<\/div>\n<\/div><\/div><\/div><\/div><\/div>\n\n\n<div style=\"color:#404168\" class=\"wp-block-genesis-blocks-gb-spacer gb-block-spacer gb-divider-solid gb-spacer-divider gb-divider-size-1\"><hr style=\"height:3px\"\/><\/div>\n\n\n\n<div style=\"color:#404168\" class=\"wp-block-genesis-blocks-gb-spacer gb-block-spacer gb-divider-solid gb-divider-size-1\"><hr style=\"height:10px\"\/><\/div>\n\n\n<div id=\"pl-gb2188-69f23ffc2c18d\"  class=\"panel-layout\" ><div id=\"pg-gb2188-69f23ffc2c18d-0\"  class=\"panel-grid panel-no-style\" ><div id=\"pgc-gb2188-69f23ffc2c18d-0-0\"  class=\"panel-grid-cell panel-grid-cell-empty\" ><\/div><div id=\"pgc-gb2188-69f23ffc2c18d-0-1\"  class=\"panel-grid-cell panel-grid-cell-mobile-last\" ><div id=\"panel-gb2188-69f23ffc2c18d-0-1-0\" class=\"so-panel widget widget_text panel-first-child panel-last-child\" data-index=\"0\" >\t\t\t<div class=\"textwidget\"><p align=\"justify\">Die in \u00d6sterreich vergleichsweise hohe Inzidenz von postpartaler, nicht psychotischer Depression (PPD) von 21,3 Prozent im Vergleich zur internationalen Pr\u00e4valenz von 10-15 Prozent (nach Herz et al., 1997) veranlasste die Wiener Frauengesundheitsbeauftragte, ein Pilotprojekt in drei Wiener Krankenh\u00e4usern (Semmelweis Frauenklinik, Kaiser Franz Josef Spital und SMZO-Donauspital) durchzuf\u00fchren. In diesem Projekt wurden Frauen mit einem erh\u00f6hten Risiko zur PPD durch spezifische Interventionsma\u00dfnahmen in ein interdisziplin\u00e4res Betreuungsnetz (\u00c4rztInnen, Hebammen, PsychologInnen, PsychotherapeutInnen, SozialarbeiterInnen) eingebunden. Ziel des Projektes war, durch prim\u00e4re und sekund\u00e4re Pr\u00e4ventionsma\u00dfnahmen die PPD-Rate deutlich &#8211; zumindest auf den internationalen Durchschnitt &#8211; zu senken. Um die jeweiligen medizinischen und psychosozialen Interventionsma\u00dfnahmen auf ihre pr\u00e4ventive Wirksamkeit zu pr\u00fcfen, wurde dieses Projekt einer begleitenden Evaluierung unterzogen, die vom IKF durchgef\u00fchrt wurde. Diese sollte auf der Analyse der Rahmenbedingungen des Pilotprojektes im Allgemeinen und der bereits angesprochenen pr\u00e4ventiven Interventionsma\u00dfnahmen im Besonderen basieren.<\/p>\n<p align=\"justify\">Kernst\u00fcck der Evaluierung war die \u00dcberpr\u00fcfung der Wirksamkeit der gesetzten Ma\u00dfnahmen zur Senkung der PPD-Rate. Die Unterteilung der Schwangeren\/M\u00fctter in zwei Gruppen &#8211; Frauen mit niedrigem und Frauen mit hohem PPD-Risiko &#8211; sowie die Differenzierung der Gruppe mit einem hohen PPD-Risiko in eine &#8220;Interventionsgruppe&#8221;, welche zus\u00e4tzlich zu der Standardbetreuung ein spezifisches Betreuungsangebot in Anspruch nehmen konnte, und eine &#8220;Kontrollgruppe&#8221; &#8211; sollte die Wirkung der gesetzten Ma\u00dfnahmen analysieren helfen. Zu diesem Zweck und um Entwicklungen abzulesen, wurde in vier Erhebungswellen eine Reihe von Befragungen (EPDS, gek\u00fcrzter IHS-Gesundheitssurvey) unter den Schwangeren\/M\u00fcttern durchgef\u00fchrt. Zugleich wurde die Zufriedenheit der Schwangeren\/M\u00fctter aus der &#8220;Projektgruppe&#8221; mit den gesetzten Ma\u00dfnahmen mittels eines Kurzfragebogens eruiert.<\/p>\n<p align=\"justify\">Wenngleich die Ergebnisse der Interventionen die Ausgangshypothese, dass durch prim\u00e4re und sekund\u00e4re Pr\u00e4ventionsma\u00dfnahmen das Risiko an postpartalen Depressionen zu erkranken, gesenkt werden kann, statistisch nicht eindeutig best\u00e4tigt werden konnte, zeitigte die Pilotstudie doch eine Reihe positiver Effekte in den Pilotkrankenh\u00e4usern, welche prim\u00e4r auf den Einsatz der sog. Projekthebammen zur\u00fcckzuf\u00fchren sind, wie etwa die Beschleunigung und Verbesserung des Arbeitsablaufes im Krankenhaus, die Qualit\u00e4tsverbesserung bei der Anamnese, die Effizienzsteigerung und Ressourcenersparnis durch ad\u00e4quate Zuweisung, die Verbesserung der krankenhausinternen Vernetzung, die beobachtete Zunahme der Zufriedenheit unter den Klientinnen und die verst\u00e4rkte Sensibilisierung sowohl des Krankenhauspersonals als auch der Schwangeren, sprechen f\u00fcr eine Implementierung des Pilotprojektes in den Regelbetrieb, ebenso die hohe Akzeptanz und positive Beurteilung durch die befragten Frauen.<\/p>\n<\/div>\n\t\t<\/div><\/div><div id=\"pgc-gb2188-69f23ffc2c18d-0-2\"  class=\"panel-grid-cell panel-grid-cell-empty\" ><\/div><\/div><\/div>\n\n\n<div style=\"color:#333\" class=\"wp-block-genesis-blocks-gb-spacer gb-block-spacer gb-divider-solid gb-spacer-divider gb-divider-size-1\"><hr style=\"height:100px\"\/><\/div>\n<\/div><\/div><\/div>","protected":false},"excerpt":{"rendered":"","protected":false},"author":2,"featured_media":0,"parent":454,"menu_order":33,"comment_status":"closed","ping_status":"closed","template":"","meta":{"footnotes":""},"class_list":["post-2188","page","type-page","status-publish","hentry","post"],"featured_image_src":null,"featured_image_src_square":null,"_links":{"self":[{"href":"https:\/\/ikf.ac.at\/en\/wp-json\/wp\/v2\/pages\/2188","targetHints":{"allow":["GET"]}}],"collection":[{"href":"https:\/\/ikf.ac.at\/en\/wp-json\/wp\/v2\/pages"}],"about":[{"href":"https:\/\/ikf.ac.at\/en\/wp-json\/wp\/v2\/types\/page"}],"author":[{"embeddable":true,"href":"https:\/\/ikf.ac.at\/en\/wp-json\/wp\/v2\/users\/2"}],"replies":[{"embeddable":true,"href":"https:\/\/ikf.ac.at\/en\/wp-json\/wp\/v2\/comments?post=2188"}],"version-history":[{"count":5,"href":"https:\/\/ikf.ac.at\/en\/wp-json\/wp\/v2\/pages\/2188\/revisions"}],"predecessor-version":[{"id":3034,"href":"https:\/\/ikf.ac.at\/en\/wp-json\/wp\/v2\/pages\/2188\/revisions\/3034"}],"up":[{"embeddable":true,"href":"https:\/\/ikf.ac.at\/en\/wp-json\/wp\/v2\/pages\/454"}],"wp:attachment":[{"href":"https:\/\/ikf.ac.at\/en\/wp-json\/wp\/v2\/media?parent=2188"}],"curies":[{"name":"wp","href":"https:\/\/api.w.org\/{rel}","templated":true}]}}

2004: Prävention Postpartaler Depression

<div class="wp-block-atomic-blocks-ab-container alignfull ab-block-container"><div class="ab-container-inside"><div class="ab-container-content"><div id="pl-gb2188-69f23ffc2b390"  class="panel-layout" ><div id="pg-gb2188-69f23ffc2b390-0"  class="panel-grid panel-no-style" ><div id="pgc-gb2188-69f23ffc2b390-0-0"  class="panel-grid-cell" ><div id="panel-gb2188-69f23ffc2b390-0-0-0" class="so-panel widget widget_media_image panel-first-child panel-last-child" data-index="0" ><img loading="lazy" decoding="async" width="2554" height="10" src="https://ikf.ac.at/wp-content/uploads/2021/01/linie_IKF.jpg" class="image wp-image-754  attachment-full size-full" alt="" style="max-width: 100%; height: auto;" srcset="https://ikf.ac.at/wp-content/uploads/2021/01/linie_IKF.jpg 2554w, https://ikf.ac.at/wp-content/uploads/2021/01/linie_IKF-300x1.jpg 300w, https://ikf.ac.at/wp-content/uploads/2021/01/linie_IKF-1024x4.jpg 1024w, https://ikf.ac.at/wp-content/uploads/2021/01/linie_IKF-768x3.jpg 768w, https://ikf.ac.at/wp-content/uploads/2021/01/linie_IKF-1536x6.jpg 1536w, https://ikf.ac.at/wp-content/uploads/2021/01/linie_IKF-2048x8.jpg 2048w" sizes="auto, (max-width: 2554px) 100vw, 2554px" /></div></div></div></div>


<div style="color:#ddd" class="wp-block-genesis-blocks-gb-spacer gb-block-spacer gb-divider-solid gb-divider-size-1"><hr style="height:30px"/></div>


<div id="pl-gb2188-69f23ffc2baf7"  class="panel-layout" ><div id="pg-gb2188-69f23ffc2baf7-0"  class="panel-grid panel-no-style" ><div id="pgc-gb2188-69f23ffc2baf7-0-0"  class="panel-grid-cell panel-grid-cell-empty" ></div><div id="pgc-gb2188-69f23ffc2baf7-0-1"  class="panel-grid-cell" ><div id="panel-gb2188-69f23ffc2baf7-0-1-0" class="so-panel widget widget_sow-editor panel-first-child panel-last-child" data-index="0" ><div
			
			class="so-widget-sow-editor so-widget-sow-editor-base"
			
		>
<div class="siteorigin-widget-tinymce textwidget">
	<table style="height: 100px; width: 100%; border-collapse: collapse;" border="1" cellpadding="2">
<tbody>
<tr style="height: 24px;">
<td style="width: 15.8421%; height: 24px;">Project management:</td>
<td style="width: 84.1578%; height: 24px;" colspan="2">Mag. Dr. Stefanie Mayer<sup>a</sup> Helga Amesberger</td>
</tr>
<tr>
<td style="width: 15.8421%;">
<hr />
</td>
<td style="width: 66.2858%;">
<hr />
</td>
<td style="width: 17.872%; height: 24px;"></td>
</tr>
<tr>
<td style="width: 15.8421%;">Implementation:</td>
<td style="width: 84.1578%;" colspan="2">Mag. Dr. Stefanie Mayer<sup>a</sup> Helga Amesberger<br />
Mag. Dr. Stefanie Mayer<sup>a</sup> Katrin Auer<br />
Mag. Dr. Stefanie Mayer<sup>a</sup> Brigitte Halbmayr<br />
Mag. Dr. Stefanie Mayer<sup>a</sup> Barbara Liegl<br />
Univ.-Prof. Dr. Peter Bauer (Institut für medizinische Statistik der Universität Wien)</td>
</tr>
<tr>
<td style="width: 15.8421%;">
<hr />
</td>
<td style="width: 66.2858%;">
<hr />
</td>
<td style="width: 17.872%;"></td>
</tr>
<tr>
<td style="width: 15.8421%;">Funded by:</td>
<td style="width: 84.1578%;" colspan="2">Magistrat der Stadt Wien – Wiener Frauengesundheitsbeauftragte<br />
(jetzt: Fonds Soziales Wien)</td>
</tr>
<tr>
<td style="width: 15.8421%;">
<hr />
</td>
<td style="width: 66.2858%;">
<hr />
</td>
<td style="width: 17.872%; height: 24px;"></td>
</tr>
<tr style="height: 24px;">
<td style="width: 15.8421%; height: 24px;">Completed in:</td>
<td style="height: 24px; width: 84.1578%;" colspan="2">Februar 2004</td>
</tr>
</tbody>
</table>
</div>
</div></div></div></div></div>


<div style="color:#404168" class="wp-block-genesis-blocks-gb-spacer gb-block-spacer gb-divider-solid gb-spacer-divider gb-divider-size-1"><hr style="height:3px"/></div>



<div style="color:#404168" class="wp-block-genesis-blocks-gb-spacer gb-block-spacer gb-divider-solid gb-divider-size-1"><hr style="height:10px"/></div>


<div id="pl-gb2188-69f23ffc2c18d"  class="panel-layout" ><div id="pg-gb2188-69f23ffc2c18d-0"  class="panel-grid panel-no-style" ><div id="pgc-gb2188-69f23ffc2c18d-0-0"  class="panel-grid-cell panel-grid-cell-empty" ></div><div id="pgc-gb2188-69f23ffc2c18d-0-1"  class="panel-grid-cell panel-grid-cell-mobile-last" ><div id="panel-gb2188-69f23ffc2c18d-0-1-0" class="so-panel widget widget_text panel-first-child panel-last-child" data-index="0" >			<div class="textwidget"><p align="justify">Die in Österreich vergleichsweise hohe Inzidenz von postpartaler, nicht psychotischer Depression (PPD) von 21,3 Prozent im Vergleich zur internationalen Prävalenz von 10-15 Prozent (nach Herz et al., 1997) veranlasste die Wiener Frauengesundheitsbeauftragte, ein Pilotprojekt in drei Wiener Krankenhäusern (Semmelweis Frauenklinik, Kaiser Franz Josef Spital und SMZO-Donauspital) durchzuführen. In diesem Projekt wurden Frauen mit einem erhöhten Risiko zur PPD durch spezifische Interventionsmaßnahmen in ein interdisziplinäres Betreuungsnetz (ÄrztInnen, Hebammen, PsychologInnen, PsychotherapeutInnen, SozialarbeiterInnen) eingebunden. Ziel des Projektes war, durch primäre und sekundäre Präventionsmaßnahmen die PPD-Rate deutlich &#8211; zumindest auf den internationalen Durchschnitt &#8211; zu senken. Um die jeweiligen medizinischen und psychosozialen Interventionsmaßnahmen auf ihre präventive Wirksamkeit zu prüfen, wurde dieses Projekt einer begleitenden Evaluierung unterzogen, die vom IKF durchgeführt wurde. Diese sollte auf der Analyse der Rahmenbedingungen des Pilotprojektes im Allgemeinen und der bereits angesprochenen präventiven Interventionsmaßnahmen im Besonderen basieren.</p>
<p align="justify">Kernstück der Evaluierung war die Überprüfung der Wirksamkeit der gesetzten Maßnahmen zur Senkung der PPD-Rate. Die Unterteilung der Schwangeren/Mütter in zwei Gruppen &#8211; Frauen mit niedrigem und Frauen mit hohem PPD-Risiko &#8211; sowie die Differenzierung der Gruppe mit einem hohen PPD-Risiko in eine &#8220;Interventionsgruppe&#8221;, welche zusätzlich zu der Standardbetreuung ein spezifisches Betreuungsangebot in Anspruch nehmen konnte, und eine &#8220;Kontrollgruppe&#8221; &#8211; sollte die Wirkung der gesetzten Maßnahmen analysieren helfen. Zu diesem Zweck und um Entwicklungen abzulesen, wurde in vier Erhebungswellen eine Reihe von Befragungen (EPDS, gekürzter IHS-Gesundheitssurvey) unter den Schwangeren/Müttern durchgeführt. Zugleich wurde die Zufriedenheit der Schwangeren/Mütter aus der &#8220;Projektgruppe&#8221; mit den gesetzten Maßnahmen mittels eines Kurzfragebogens eruiert.</p>
<p align="justify">Wenngleich die Ergebnisse der Interventionen die Ausgangshypothese, dass durch primäre und sekundäre Präventionsmaßnahmen das Risiko an postpartalen Depressionen zu erkranken, gesenkt werden kann, statistisch nicht eindeutig bestätigt werden konnte, zeitigte die Pilotstudie doch eine Reihe positiver Effekte in den Pilotkrankenhäusern, welche primär auf den Einsatz der sog. Projekthebammen zurückzuführen sind, wie etwa die Beschleunigung und Verbesserung des Arbeitsablaufes im Krankenhaus, die Qualitätsverbesserung bei der Anamnese, die Effizienzsteigerung und Ressourcenersparnis durch adäquate Zuweisung, die Verbesserung der krankenhausinternen Vernetzung, die beobachtete Zunahme der Zufriedenheit unter den Klientinnen und die verstärkte Sensibilisierung sowohl des Krankenhauspersonals als auch der Schwangeren, sprechen für eine Implementierung des Pilotprojektes in den Regelbetrieb, ebenso die hohe Akzeptanz und positive Beurteilung durch die befragten Frauen.</p>
</div>
		</div></div><div id="pgc-gb2188-69f23ffc2c18d-0-2"  class="panel-grid-cell panel-grid-cell-empty" ></div></div></div>


<div style="color:#333" class="wp-block-genesis-blocks-gb-spacer gb-block-spacer gb-divider-solid gb-spacer-divider gb-divider-size-1"><hr style="height:100px"/></div>
</div></div></div>
