{"id":2184,"date":"2021-03-16T09:46:31","date_gmt":"2021-03-16T09:46:31","guid":{"rendered":"http:\/\/test-ikf.online\/?page_id=2184"},"modified":"2021-03-17T10:25:25","modified_gmt":"2021-03-17T10:25:25","slug":"2005-gender-evaluierung-antirassistisches-arbeitsfeld","status":"publish","type":"page","link":"https:\/\/ikf.ac.at\/en\/schwerpunkte\/cleavages\/gender\/2005-gender-evaluierung-antirassistisches-arbeitsfeld","title":{"rendered":"2005: Gender-Evaluierung im antirassistischen Arbeitsfeld anhand ausgew\u00e4hlter Teile des Projekts &#8220;Verschiedene Herkunft &#8211; gemeinsame Zukunft. Strategien und Ma\u00dfnahmen gegen Rassismus und Fremdenfeindlichkeit&#8221;"},"content":{"rendered":"<div class=\"wp-block-atomic-blocks-ab-container alignfull ab-block-container\"><div class=\"ab-container-inside\"><div class=\"ab-container-content\"><div id=\"pl-gb2184-69f2547c9514a\"  class=\"panel-layout\" ><div id=\"pg-gb2184-69f2547c9514a-0\"  class=\"panel-grid panel-no-style\" ><div id=\"pgc-gb2184-69f2547c9514a-0-0\"  class=\"panel-grid-cell\" ><div id=\"panel-gb2184-69f2547c9514a-0-0-0\" class=\"so-panel widget widget_media_image panel-first-child panel-last-child\" data-index=\"0\" ><img loading=\"lazy\" decoding=\"async\" width=\"2554\" height=\"10\" src=\"https:\/\/ikf.ac.at\/wp-content\/uploads\/2021\/01\/linie_IKF.jpg\" class=\"image wp-image-754  attachment-full size-full\" alt=\"\" style=\"max-width: 100%; height: auto;\" srcset=\"https:\/\/ikf.ac.at\/wp-content\/uploads\/2021\/01\/linie_IKF.jpg 2554w, https:\/\/ikf.ac.at\/wp-content\/uploads\/2021\/01\/linie_IKF-300x1.jpg 300w, https:\/\/ikf.ac.at\/wp-content\/uploads\/2021\/01\/linie_IKF-1024x4.jpg 1024w, https:\/\/ikf.ac.at\/wp-content\/uploads\/2021\/01\/linie_IKF-768x3.jpg 768w, https:\/\/ikf.ac.at\/wp-content\/uploads\/2021\/01\/linie_IKF-1536x6.jpg 1536w, https:\/\/ikf.ac.at\/wp-content\/uploads\/2021\/01\/linie_IKF-2048x8.jpg 2048w\" sizes=\"auto, (max-width: 2554px) 100vw, 2554px\" \/><\/div><\/div><\/div><\/div>\n\n\n<div style=\"color:#ddd\" class=\"wp-block-genesis-blocks-gb-spacer gb-block-spacer gb-divider-solid gb-divider-size-1\"><hr style=\"height:30px\"\/><\/div>\n\n\n<div id=\"pl-gb2184-69f2547c95601\"  class=\"panel-layout\" ><div id=\"pg-gb2184-69f2547c95601-0\"  class=\"panel-grid panel-no-style\" ><div id=\"pgc-gb2184-69f2547c95601-0-0\"  class=\"panel-grid-cell panel-grid-cell-empty\" ><\/div><div id=\"pgc-gb2184-69f2547c95601-0-1\"  class=\"panel-grid-cell\" ><div id=\"panel-gb2184-69f2547c95601-0-1-0\" class=\"so-panel widget widget_sow-editor panel-first-child panel-last-child\" data-index=\"0\" ><div\n\t\t\t\n\t\t\tclass=\"so-widget-sow-editor so-widget-sow-editor-base\"\n\t\t\t\n\t\t>\n<div class=\"siteorigin-widget-tinymce textwidget\">\n\t<table style=\"height: 100px; width: 100%; border-collapse: collapse;\" border=\"1\" cellpadding=\"2\">\n<tbody>\n<tr style=\"height: 24px;\">\n<td style=\"width: 15.8421%; height: 24px;\">Project management:<\/td>\n<td style=\"width: 84.1578%; height: 24px;\" colspan=\"2\">Mag. Dr. Stefanie Mayer<sup>a<\/sup> Marietta Schneider (GM-Beauftragte des EQUAL-Projekts)<\/td>\n<\/tr>\n<tr>\n<td style=\"width: 15.8421%;\">\n<hr \/>\n<\/td>\n<td style=\"width: 47.6765%;\">\n<hr \/>\n<\/td>\n<td style=\"width: 36.4814%; height: 24px;\"><\/td>\n<\/tr>\n<tr>\n<td style=\"width: 15.8421%;\">Implementation:<\/td>\n<td style=\"width: 84.1578%;\" colspan=\"2\">Mag. Dr. Stefanie Mayer<sup>a<\/sup> Katrin Auer<br \/>\nMag. Dr. Stefanie Mayer<sup>a<\/sup> Karin Bischof<br \/>\nMag. Dr. Stefanie Mayer<sup>a<\/sup> Marietta Schneider<\/td>\n<\/tr>\n<tr>\n<td style=\"width: 15.8421%;\">\n<hr \/>\n<\/td>\n<td style=\"width: 47.6765%;\">\n<hr \/>\n<\/td>\n<td style=\"width: 36.4814%;\"><\/td>\n<\/tr>\n<tr>\n<td style=\"width: 15.8421%;\">Funded by:<\/td>\n<td style=\"width: 84.1578%;\" colspan=\"2\">Europ\u00e4ischer Sozialfonds<br \/>\nBundesministerium f\u00fcr Wirtschaft und Arbeit<\/td>\n<\/tr>\n<tr>\n<td style=\"width: 15.8421%;\">\n<hr \/>\n<\/td>\n<td style=\"width: 47.6765%;\">\n<hr \/>\n<\/td>\n<td style=\"width: 36.4814%; height: 24px;\"><\/td>\n<\/tr>\n<tr style=\"height: 24px;\">\n<td style=\"width: 15.8421%; height: 24px;\">Completed in:<\/td>\n<td style=\"height: 24px; width: 84.1578%;\" colspan=\"2\">August 2005<\/td>\n<\/tr>\n<\/tbody>\n<\/table>\n<\/div>\n<\/div><\/div><\/div><\/div><\/div>\n\n\n<div style=\"color:#404168\" class=\"wp-block-genesis-blocks-gb-spacer gb-block-spacer gb-divider-solid gb-spacer-divider gb-divider-size-1\"><hr style=\"height:3px\"\/><\/div>\n\n\n\n<div style=\"color:#404168\" class=\"wp-block-genesis-blocks-gb-spacer gb-block-spacer gb-divider-solid gb-divider-size-1\"><hr style=\"height:10px\"\/><\/div>\n\n\n<div id=\"pl-gb2184-69f2547c95a69\"  class=\"panel-layout\" ><div id=\"pg-gb2184-69f2547c95a69-0\"  class=\"panel-grid panel-no-style\" ><div id=\"pgc-gb2184-69f2547c95a69-0-0\"  class=\"panel-grid-cell panel-grid-cell-empty\" ><\/div><div id=\"pgc-gb2184-69f2547c95a69-0-1\"  class=\"panel-grid-cell panel-grid-cell-mobile-last\" ><div id=\"panel-gb2184-69f2547c95a69-0-1-0\" class=\"so-panel widget widget_text panel-first-child panel-last-child\" data-index=\"0\" >\t\t\t<div class=\"textwidget\"><p align=\"justify\">Ziel der im EQUAL-Projekt &#8220;Verschiedene Herkunft &#8211; gemeinsame Zukunft&#8221; angesiedelten Evaluierung war es, Projektstrukturen anhand eines ausgew\u00e4hlten Arbeitsbereichs vertiefend aus der Gender-Perspektive zu beleuchten. Analysiert und bewertet wurde prim\u00e4r der vielschichtige Modellgemeinden-Entwicklungsprozess in Modul 3, da hier s\u00e4mtliche Module ineinander liefen und sich die Strukturen des Gesamtprojekts am deutlichsten herauskristallisierten. Die expliziten strategischen Ziele dieses Moduls umfassten die Aktivierung m\u00f6glichst breiter Bev\u00f6lkerungsschichten, die F\u00f6rderung von Beteiligungsformen in der Entwicklung eines Gemeinde-Integrationsleitbildes und in der Folge die Schaffung von interkulturellen Modellgemeinden mit \u00fcberregionaler Ausstrahlungskraft. Am Beispiel zweier Modellgemeinden &#8211; einerseits Krems als st\u00e4dtische und andererseits Traismauer als l\u00e4ndliche Gemeinde &#8211; wurden sowohl die unterschiedlichen Ebenen im Partizipationsprozess (Repr\u00e4sentanz, Kommunikationsstruktur und Themenfindung, Entscheidungsfindung und Umsetzung) vor dem Hintergrund des lokalpolitischen\/landespolitischen Kontextes differenziert betrachtet, als auch Effekte &#8220;lenkender Eingriffe&#8221; bzw. Aktionen seitens des Projektteams untersucht. Das Hauptaugenmerk lag dabei auf der spezifischen Verflechtung von Gender-Kontext und antirassistischem Kontext, wobei auch die Kategorien sozialer Status und Bildungshintergrund wesentlich ber\u00fccksichtigt wurden. Gefragt wurde konkret, welche Gruppen\/Teilgruppen sich in welcher Weise und mit welchen Effekten am Prozess beteiligt bzw. eingeschaltet haben, welche Bedingungen daf\u00fcr ausschlaggebend waren und inwiefern dadurch gleichberechtigte oder hierarchische Strukturen geschaffen bzw. reproduziert wurden.<\/p>\n<p align=\"justify\">Methodisch kn\u00fcpfte die Gender-Evaluierung an die parallel am Institut f\u00fcr Konfliktforschung laufende wissenschaftliche Projektbegleitung an. Untersuchungsgrundlage war gr\u00f6\u00dftenteils bereits erhobenes Datenmaterial wie die Feldprotokolle aus der teilnehmenden Beobachtung, ExpertInneninterviews, Notizen aus der Teilnahme an Modularbeitsgruppen und Dokumentationsmaterial aus dem Projektprozess.<\/p>\n<p align=\"justify\">Sowohl in den im Rahmen der Gender-Analyse fokussierten Gemeinden als auch in den beiden anderen Projektgemeinden war die zahlenm\u00e4\u00dfige Frauendominanz im Projektprozess augenf\u00e4llig. In Krems lag der Anteil der beteiligten Frauen im Schnitt (\u00fcber den gesamten Projektverlauf hindurch gerechnet) bei 80 Prozent, in Traismauer bei 70 Prozent. Dabei wurde teilweise eine Tendenz sichtbar, die sich als &#8220;m\u00e4nnliche Flucht aus dem weiblichen Themenfeld&#8221; charakterisieren l\u00e4sst. Es war eine h\u00f6here Fluktuation bei der Anwesenheit der M\u00e4nner (mit und ohne Migrationshintergrund) feststellbar. Der &#8220;Kern&#8221; der \u00fcber alle drei Jahre hinweg kontinuierlich am Projekt Beteiligten war beinahe ausschlie\u00dflich weiblich, wobei ein Gro\u00dfteil der ehrenamtlich engagierten Frauen einen beruflichen Hintergrund im p\u00e4dagogischen oder sozialarbeiterischen Feld aufwiesen. Der Anteil der im Projektprozess beteiligten MigrantInnen lag etwa bei einem Drittel.<\/p>\n<p align=\"justify\">Der (sich im Projektverlauf verdeutlichende) gender-gap in der Projektbeteiligung deutet darauf hin, dass der Politikbereich Integration, der in den meisten Gemeinden im Rahmen des Projekts entstand, als sogenannter &#8220;weicher&#8221; Politikbereich identifiziert und mit den weiblich konnotierten Eigenschaften des Helfens und der Unterst\u00fctzung Schw\u00e4cherer identifiziert wird. Gleichzeitig best\u00e4tigen sich hier Erkenntnisse der feministischen Partizipationsforschung, denen zufolge der Abbau sozialer Ungerechtigkeit, der Einsatz f\u00fcr Schw\u00e4chere sowie die Gemeinschaft als Motiv f\u00fcr politische Partizipation bei Frauen st\u00e4rker ausgepr\u00e4gt ist als bei M\u00e4nnern.<\/p>\n<p align=\"justify\">In Bezug auf die Kommunikationsstrukturen lie\u00dfen sich unterschiedliche Muster feststellen. Dort, wo die Beteiligung von NGOs ausgepr\u00e4gter war und die involvierten MigrantInnen vorwiegend Mittelschichthintergrund aufwiesen, entwickelte sich eine eher gleichberechtigte, kooperative und konsensuale Kommunikationsstruktur, in der auch die Position der MigrantInnen (hier haupts\u00e4chlich der Frauen) im Projektverlauf deutlich gest\u00e4rkt wurde. Im anderen Fall, wo haupts\u00e4chlich t\u00fcrkische migrantische ArbeiterInnen in die Steuerungsgruppe involviert waren, waren h\u00e4ufig auch konfliktive Kommunikationsmuster pr\u00e4gend. Analog dazu stellten sich auch in Bezug auf den Entscheidungsfindungsprozess im ersten Fall bottom-up-Elemente als dominant heraus (hier waren MigrantInnen in organisatorische und strategische Entscheidungen eingebunden), im anderen Fall eher (top-down-Elemente (hier waren MigrantInnen wenig in die Entscheidungsfindung eingebunden). Im Gemeindenvergleich l\u00e4sst sich vorsichtig eine Tendenz andeuten, der zufolge ein h\u00f6herer Stellenwert des Projekts f\u00fcr die Gemeindepolitik eher top-down-Entscheidungsstrukturen und eine im Vergleich ausgepr\u00e4gtere m\u00e4nnliche Beteiligung bedingte.<\/p>\n<p align=\"justify\">W\u00e4hrend in der Beteiligung und in der Entscheidungsfindung auch M\u00e4nner involviert waren, erfolgte die (fast ausschlie\u00dflich ehrenamtliche) Umsetzung der Ma\u00dfnahmen, d. h. die \u00dcbernahme konkreter Arbeitsaufgaben beinahe zur G\u00e4nze von Frauen. Auf dieser Ebene waren Migrantinnen in Relation zu ihrem Anteil an der \u00fcbrigen Beteiligung \u00fcberproportional eingebunden.<\/p>\n<p align=\"justify\">Zusammenfassend l\u00e4sst sich feststellen, dass durch das Projekt in den Projektgemeinden ein neues Politikfeld &#8220;Integration&#8221; entstanden ist, das in der Hauptsache weiblich besetzt ist und dem gleichzeitig im kommunalen Kontext ein (in unterschiedlichem Ausma\u00df) geringerer Stellenwert beigemessen wird. Hier best\u00e4tigt sich eine wesentliche Aussage der feministischen Partizipationsforschung, der zufolge der Anteil von Frauen im zivilgesellschaftlichen Engagement hoch ist und in den letzten Jahrzehnten &#8211; nicht zuletzt auch im Zuge der Auslagerung vormals staatlicher Aufgabenbereiche &#8211; gestiegen ist. Zivilgesellschaftliches Engagement stellt, speziell wenn es um die \u00dcbernahme ehrenamtlicher Aufgaben geht, auch eine (von der Mehrheitsgesellschaft oft durchaus erw\u00fcnschte) Partizipationsm\u00f6glichkeit f\u00fcr MigrantInnen dar.<\/p>\n<\/div>\n\t\t<\/div><\/div><div id=\"pgc-gb2184-69f2547c95a69-0-2\"  class=\"panel-grid-cell panel-grid-cell-empty\" ><\/div><\/div><\/div>\n\n\n<div style=\"color:#333\" class=\"wp-block-genesis-blocks-gb-spacer gb-block-spacer gb-divider-solid gb-spacer-divider gb-divider-size-1\"><hr style=\"height:100px\"\/><\/div>\n<\/div><\/div><\/div>","protected":false},"excerpt":{"rendered":"","protected":false},"author":2,"featured_media":0,"parent":454,"menu_order":31,"comment_status":"closed","ping_status":"closed","template":"","meta":{"footnotes":""},"class_list":["post-2184","page","type-page","status-publish","hentry","post"],"featured_image_src":null,"featured_image_src_square":null,"_links":{"self":[{"href":"https:\/\/ikf.ac.at\/en\/wp-json\/wp\/v2\/pages\/2184","targetHints":{"allow":["GET"]}}],"collection":[{"href":"https:\/\/ikf.ac.at\/en\/wp-json\/wp\/v2\/pages"}],"about":[{"href":"https:\/\/ikf.ac.at\/en\/wp-json\/wp\/v2\/types\/page"}],"author":[{"embeddable":true,"href":"https:\/\/ikf.ac.at\/en\/wp-json\/wp\/v2\/users\/2"}],"replies":[{"embeddable":true,"href":"https:\/\/ikf.ac.at\/en\/wp-json\/wp\/v2\/comments?post=2184"}],"version-history":[{"count":4,"href":"https:\/\/ikf.ac.at\/en\/wp-json\/wp\/v2\/pages\/2184\/revisions"}],"predecessor-version":[{"id":2245,"href":"https:\/\/ikf.ac.at\/en\/wp-json\/wp\/v2\/pages\/2184\/revisions\/2245"}],"up":[{"embeddable":true,"href":"https:\/\/ikf.ac.at\/en\/wp-json\/wp\/v2\/pages\/454"}],"wp:attachment":[{"href":"https:\/\/ikf.ac.at\/en\/wp-json\/wp\/v2\/media?parent=2184"}],"curies":[{"name":"wp","href":"https:\/\/api.w.org\/{rel}","templated":true}]}}

2005: Gender-Evaluierung im antirassistischen Arbeitsfeld anhand ausgewählter Teile des Projekts &#8220;Verschiedene Herkunft &#8211; gemeinsame Zukunft. Strategien und Maßnahmen gegen Rassismus und Fremdenfeindlichkeit&#8221;

<div class="wp-block-atomic-blocks-ab-container alignfull ab-block-container"><div class="ab-container-inside"><div class="ab-container-content"><div id="pl-gb2184-69f2547c9514a"  class="panel-layout" ><div id="pg-gb2184-69f2547c9514a-0"  class="panel-grid panel-no-style" ><div id="pgc-gb2184-69f2547c9514a-0-0"  class="panel-grid-cell" ><div id="panel-gb2184-69f2547c9514a-0-0-0" class="so-panel widget widget_media_image panel-first-child panel-last-child" data-index="0" ><img loading="lazy" decoding="async" width="2554" height="10" src="https://ikf.ac.at/wp-content/uploads/2021/01/linie_IKF.jpg" class="image wp-image-754  attachment-full size-full" alt="" style="max-width: 100%; height: auto;" srcset="https://ikf.ac.at/wp-content/uploads/2021/01/linie_IKF.jpg 2554w, https://ikf.ac.at/wp-content/uploads/2021/01/linie_IKF-300x1.jpg 300w, https://ikf.ac.at/wp-content/uploads/2021/01/linie_IKF-1024x4.jpg 1024w, https://ikf.ac.at/wp-content/uploads/2021/01/linie_IKF-768x3.jpg 768w, https://ikf.ac.at/wp-content/uploads/2021/01/linie_IKF-1536x6.jpg 1536w, https://ikf.ac.at/wp-content/uploads/2021/01/linie_IKF-2048x8.jpg 2048w" sizes="auto, (max-width: 2554px) 100vw, 2554px" /></div></div></div></div>


<div style="color:#ddd" class="wp-block-genesis-blocks-gb-spacer gb-block-spacer gb-divider-solid gb-divider-size-1"><hr style="height:30px"/></div>


<div id="pl-gb2184-69f2547c95601"  class="panel-layout" ><div id="pg-gb2184-69f2547c95601-0"  class="panel-grid panel-no-style" ><div id="pgc-gb2184-69f2547c95601-0-0"  class="panel-grid-cell panel-grid-cell-empty" ></div><div id="pgc-gb2184-69f2547c95601-0-1"  class="panel-grid-cell" ><div id="panel-gb2184-69f2547c95601-0-1-0" class="so-panel widget widget_sow-editor panel-first-child panel-last-child" data-index="0" ><div
			
			class="so-widget-sow-editor so-widget-sow-editor-base"
			
		>
<div class="siteorigin-widget-tinymce textwidget">
	<table style="height: 100px; width: 100%; border-collapse: collapse;" border="1" cellpadding="2">
<tbody>
<tr style="height: 24px;">
<td style="width: 15.8421%; height: 24px;">Project management:</td>
<td style="width: 84.1578%; height: 24px;" colspan="2">Mag. Dr. Stefanie Mayer<sup>a</sup> Marietta Schneider (GM-Beauftragte des EQUAL-Projekts)</td>
</tr>
<tr>
<td style="width: 15.8421%;">
<hr />
</td>
<td style="width: 47.6765%;">
<hr />
</td>
<td style="width: 36.4814%; height: 24px;"></td>
</tr>
<tr>
<td style="width: 15.8421%;">Implementation:</td>
<td style="width: 84.1578%;" colspan="2">Mag. Dr. Stefanie Mayer<sup>a</sup> Katrin Auer<br />
Mag. Dr. Stefanie Mayer<sup>a</sup> Karin Bischof<br />
Mag. Dr. Stefanie Mayer<sup>a</sup> Marietta Schneider</td>
</tr>
<tr>
<td style="width: 15.8421%;">
<hr />
</td>
<td style="width: 47.6765%;">
<hr />
</td>
<td style="width: 36.4814%;"></td>
</tr>
<tr>
<td style="width: 15.8421%;">Funded by:</td>
<td style="width: 84.1578%;" colspan="2">Europäischer Sozialfonds<br />
Bundesministerium für Wirtschaft und Arbeit</td>
</tr>
<tr>
<td style="width: 15.8421%;">
<hr />
</td>
<td style="width: 47.6765%;">
<hr />
</td>
<td style="width: 36.4814%; height: 24px;"></td>
</tr>
<tr style="height: 24px;">
<td style="width: 15.8421%; height: 24px;">Completed in:</td>
<td style="height: 24px; width: 84.1578%;" colspan="2">August 2005</td>
</tr>
</tbody>
</table>
</div>
</div></div></div></div></div>


<div style="color:#404168" class="wp-block-genesis-blocks-gb-spacer gb-block-spacer gb-divider-solid gb-spacer-divider gb-divider-size-1"><hr style="height:3px"/></div>



<div style="color:#404168" class="wp-block-genesis-blocks-gb-spacer gb-block-spacer gb-divider-solid gb-divider-size-1"><hr style="height:10px"/></div>


<div id="pl-gb2184-69f2547c95a69"  class="panel-layout" ><div id="pg-gb2184-69f2547c95a69-0"  class="panel-grid panel-no-style" ><div id="pgc-gb2184-69f2547c95a69-0-0"  class="panel-grid-cell panel-grid-cell-empty" ></div><div id="pgc-gb2184-69f2547c95a69-0-1"  class="panel-grid-cell panel-grid-cell-mobile-last" ><div id="panel-gb2184-69f2547c95a69-0-1-0" class="so-panel widget widget_text panel-first-child panel-last-child" data-index="0" >			<div class="textwidget"><p align="justify">Ziel der im EQUAL-Projekt &#8220;Verschiedene Herkunft &#8211; gemeinsame Zukunft&#8221; angesiedelten Evaluierung war es, Projektstrukturen anhand eines ausgewählten Arbeitsbereichs vertiefend aus der Gender-Perspektive zu beleuchten. Analysiert und bewertet wurde primär der vielschichtige Modellgemeinden-Entwicklungsprozess in Modul 3, da hier sämtliche Module ineinander liefen und sich die Strukturen des Gesamtprojekts am deutlichsten herauskristallisierten. Die expliziten strategischen Ziele dieses Moduls umfassten die Aktivierung möglichst breiter Bevölkerungsschichten, die Förderung von Beteiligungsformen in der Entwicklung eines Gemeinde-Integrationsleitbildes und in der Folge die Schaffung von interkulturellen Modellgemeinden mit überregionaler Ausstrahlungskraft. Am Beispiel zweier Modellgemeinden &#8211; einerseits Krems als städtische und andererseits Traismauer als ländliche Gemeinde &#8211; wurden sowohl die unterschiedlichen Ebenen im Partizipationsprozess (Repräsentanz, Kommunikationsstruktur und Themenfindung, Entscheidungsfindung und Umsetzung) vor dem Hintergrund des lokalpolitischen/landespolitischen Kontextes differenziert betrachtet, als auch Effekte &#8220;lenkender Eingriffe&#8221; bzw. Aktionen seitens des Projektteams untersucht. Das Hauptaugenmerk lag dabei auf der spezifischen Verflechtung von Gender-Kontext und antirassistischem Kontext, wobei auch die Kategorien sozialer Status und Bildungshintergrund wesentlich berücksichtigt wurden. Gefragt wurde konkret, welche Gruppen/Teilgruppen sich in welcher Weise und mit welchen Effekten am Prozess beteiligt bzw. eingeschaltet haben, welche Bedingungen dafür ausschlaggebend waren und inwiefern dadurch gleichberechtigte oder hierarchische Strukturen geschaffen bzw. reproduziert wurden.</p>
<p align="justify">Methodisch knüpfte die Gender-Evaluierung an die parallel am Institut für Konfliktforschung laufende wissenschaftliche Projektbegleitung an. Untersuchungsgrundlage war größtenteils bereits erhobenes Datenmaterial wie die Feldprotokolle aus der teilnehmenden Beobachtung, ExpertInneninterviews, Notizen aus der Teilnahme an Modularbeitsgruppen und Dokumentationsmaterial aus dem Projektprozess.</p>
<p align="justify">Sowohl in den im Rahmen der Gender-Analyse fokussierten Gemeinden als auch in den beiden anderen Projektgemeinden war die zahlenmäßige Frauendominanz im Projektprozess augenfällig. In Krems lag der Anteil der beteiligten Frauen im Schnitt (über den gesamten Projektverlauf hindurch gerechnet) bei 80 Prozent, in Traismauer bei 70 Prozent. Dabei wurde teilweise eine Tendenz sichtbar, die sich als &#8220;männliche Flucht aus dem weiblichen Themenfeld&#8221; charakterisieren lässt. Es war eine höhere Fluktuation bei der Anwesenheit der Männer (mit und ohne Migrationshintergrund) feststellbar. Der &#8220;Kern&#8221; der über alle drei Jahre hinweg kontinuierlich am Projekt Beteiligten war beinahe ausschließlich weiblich, wobei ein Großteil der ehrenamtlich engagierten Frauen einen beruflichen Hintergrund im pädagogischen oder sozialarbeiterischen Feld aufwiesen. Der Anteil der im Projektprozess beteiligten MigrantInnen lag etwa bei einem Drittel.</p>
<p align="justify">Der (sich im Projektverlauf verdeutlichende) gender-gap in der Projektbeteiligung deutet darauf hin, dass der Politikbereich Integration, der in den meisten Gemeinden im Rahmen des Projekts entstand, als sogenannter &#8220;weicher&#8221; Politikbereich identifiziert und mit den weiblich konnotierten Eigenschaften des Helfens und der Unterstützung Schwächerer identifiziert wird. Gleichzeitig bestätigen sich hier Erkenntnisse der feministischen Partizipationsforschung, denen zufolge der Abbau sozialer Ungerechtigkeit, der Einsatz für Schwächere sowie die Gemeinschaft als Motiv für politische Partizipation bei Frauen stärker ausgeprägt ist als bei Männern.</p>
<p align="justify">In Bezug auf die Kommunikationsstrukturen ließen sich unterschiedliche Muster feststellen. Dort, wo die Beteiligung von NGOs ausgeprägter war und die involvierten MigrantInnen vorwiegend Mittelschichthintergrund aufwiesen, entwickelte sich eine eher gleichberechtigte, kooperative und konsensuale Kommunikationsstruktur, in der auch die Position der MigrantInnen (hier hauptsächlich der Frauen) im Projektverlauf deutlich gestärkt wurde. Im anderen Fall, wo hauptsächlich türkische migrantische ArbeiterInnen in die Steuerungsgruppe involviert waren, waren häufig auch konfliktive Kommunikationsmuster prägend. Analog dazu stellten sich auch in Bezug auf den Entscheidungsfindungsprozess im ersten Fall bottom-up-Elemente als dominant heraus (hier waren MigrantInnen in organisatorische und strategische Entscheidungen eingebunden), im anderen Fall eher (top-down-Elemente (hier waren MigrantInnen wenig in die Entscheidungsfindung eingebunden). Im Gemeindenvergleich lässt sich vorsichtig eine Tendenz andeuten, der zufolge ein höherer Stellenwert des Projekts für die Gemeindepolitik eher top-down-Entscheidungsstrukturen und eine im Vergleich ausgeprägtere männliche Beteiligung bedingte.</p>
<p align="justify">Während in der Beteiligung und in der Entscheidungsfindung auch Männer involviert waren, erfolgte die (fast ausschließlich ehrenamtliche) Umsetzung der Maßnahmen, d. h. die Übernahme konkreter Arbeitsaufgaben beinahe zur Gänze von Frauen. Auf dieser Ebene waren Migrantinnen in Relation zu ihrem Anteil an der übrigen Beteiligung überproportional eingebunden.</p>
<p align="justify">Zusammenfassend lässt sich feststellen, dass durch das Projekt in den Projektgemeinden ein neues Politikfeld &#8220;Integration&#8221; entstanden ist, das in der Hauptsache weiblich besetzt ist und dem gleichzeitig im kommunalen Kontext ein (in unterschiedlichem Ausmaß) geringerer Stellenwert beigemessen wird. Hier bestätigt sich eine wesentliche Aussage der feministischen Partizipationsforschung, der zufolge der Anteil von Frauen im zivilgesellschaftlichen Engagement hoch ist und in den letzten Jahrzehnten &#8211; nicht zuletzt auch im Zuge der Auslagerung vormals staatlicher Aufgabenbereiche &#8211; gestiegen ist. Zivilgesellschaftliches Engagement stellt, speziell wenn es um die Übernahme ehrenamtlicher Aufgaben geht, auch eine (von der Mehrheitsgesellschaft oft durchaus erwünschte) Partizipationsmöglichkeit für MigrantInnen dar.</p>
</div>
		</div></div><div id="pgc-gb2184-69f2547c95a69-0-2"  class="panel-grid-cell panel-grid-cell-empty" ></div></div></div>


<div style="color:#333" class="wp-block-genesis-blocks-gb-spacer gb-block-spacer gb-divider-solid gb-spacer-divider gb-divider-size-1"><hr style="height:100px"/></div>
</div></div></div>
