{"id":2179,"date":"2021-03-16T09:27:02","date_gmt":"2021-03-16T09:27:02","guid":{"rendered":"http:\/\/test-ikf.online\/?page_id=2179"},"modified":"2021-03-17T13:32:06","modified_gmt":"2021-03-17T13:32:06","slug":"2004-situation-lesben-schwule-transgender-transsexuelle-arbeitsplatz","status":"publish","type":"page","link":"https:\/\/ikf.ac.at\/en\/schwerpunkte\/cleavages\/gender\/2004-situation-lesben-schwule-transgender-transsexuelle-arbeitsplatz","title":{"rendered":"2004: Die Situation von Lesben, Schwulen und transgender\/transsexuellen Personen am Arbeitsplatz"},"content":{"rendered":"<div class=\"wp-block-atomic-blocks-ab-container alignfull ab-block-container\"><div class=\"ab-container-inside\"><div class=\"ab-container-content\"><div id=\"pl-gb2179-69f23ffa0f457\"  class=\"panel-layout\" ><div id=\"pg-gb2179-69f23ffa0f457-0\"  class=\"panel-grid panel-no-style\" ><div id=\"pgc-gb2179-69f23ffa0f457-0-0\"  class=\"panel-grid-cell\" ><div id=\"panel-gb2179-69f23ffa0f457-0-0-0\" class=\"so-panel widget widget_media_image panel-first-child panel-last-child\" data-index=\"0\" ><img loading=\"lazy\" decoding=\"async\" width=\"2554\" height=\"10\" src=\"https:\/\/ikf.ac.at\/wp-content\/uploads\/2021\/01\/linie_IKF.jpg\" class=\"image wp-image-754  attachment-full size-full\" alt=\"\" style=\"max-width: 100%; height: auto;\" srcset=\"https:\/\/ikf.ac.at\/wp-content\/uploads\/2021\/01\/linie_IKF.jpg 2554w, https:\/\/ikf.ac.at\/wp-content\/uploads\/2021\/01\/linie_IKF-300x1.jpg 300w, https:\/\/ikf.ac.at\/wp-content\/uploads\/2021\/01\/linie_IKF-1024x4.jpg 1024w, https:\/\/ikf.ac.at\/wp-content\/uploads\/2021\/01\/linie_IKF-768x3.jpg 768w, https:\/\/ikf.ac.at\/wp-content\/uploads\/2021\/01\/linie_IKF-1536x6.jpg 1536w, https:\/\/ikf.ac.at\/wp-content\/uploads\/2021\/01\/linie_IKF-2048x8.jpg 2048w\" sizes=\"auto, (max-width: 2554px) 100vw, 2554px\" \/><\/div><\/div><\/div><\/div>\n\n\n<div style=\"color:#ddd\" class=\"wp-block-genesis-blocks-gb-spacer gb-block-spacer gb-divider-solid gb-divider-size-1\"><hr style=\"height:30px\"\/><\/div>\n\n\n<div id=\"pl-gb2179-69f23ffa0fb6a\"  class=\"panel-layout\" ><div id=\"pg-gb2179-69f23ffa0fb6a-0\"  class=\"panel-grid panel-no-style\" ><div id=\"pgc-gb2179-69f23ffa0fb6a-0-0\"  class=\"panel-grid-cell panel-grid-cell-empty\" ><\/div><div id=\"pgc-gb2179-69f23ffa0fb6a-0-1\"  class=\"panel-grid-cell\" ><div id=\"panel-gb2179-69f23ffa0fb6a-0-1-0\" class=\"so-panel widget widget_sow-editor panel-first-child panel-last-child\" data-index=\"0\" ><div\n\t\t\t\n\t\t\tclass=\"so-widget-sow-editor so-widget-sow-editor-base\"\n\t\t\t\n\t\t>\n<div class=\"siteorigin-widget-tinymce textwidget\">\n\t<table style=\"height: 100px; width: 100%; border-collapse: collapse;\" border=\"1\" cellpadding=\"2\">\n<tbody>\n<tr style=\"height: 24px;\">\n<td style=\"width: 15.8421%; height: 24px;\">Project management:<\/td>\n<td style=\"width: 84.1578%; height: 24px;\" colspan=\"2\" class=\"translation-block\"><span style=\"font-size: x-large\">Dr. Birgitt Haller<\/span><\/td>\n<\/tr>\n<tr>\n<td style=\"width: 15.8421%;\">\n<hr \/>\n<\/td>\n<td style=\"width: 39.5713%;\">\n<hr \/>\n<\/td>\n<td style=\"width: 44.5865%; height: 24px;\"><\/td>\n<\/tr>\n<tr>\n<td style=\"width: 15.8421%;\">Implementation:<\/td>\n<td style=\"width: 84.1578%;\" colspan=\"2\">Mag. Dr. Stefanie Mayer<sup>a<\/sup> Katrin Auer<\/td>\n<\/tr>\n<tr>\n<td style=\"width: 15.8421%;\">\n<hr \/>\n<\/td>\n<td style=\"width: 39.5713%;\">\n<hr \/>\n<\/td>\n<td style=\"width: 44.5865%;\"><\/td>\n<\/tr>\n<tr>\n<td style=\"width: 15.8421%;\">Funded by:<\/td>\n<td style=\"width: 84.1578%;\" colspan=\"2\">Hochschuljubil\u00e4umsstiftung der Stadt Wien \u2013 MA 8<br \/>\nMA 57\/ Frauenb\u00fcro der Stadt Wien<\/td>\n<\/tr>\n<tr>\n<td style=\"width: 15.8421%;\">\n<hr \/>\n<\/td>\n<td style=\"width: 39.5713%;\">\n<hr \/>\n<\/td>\n<td style=\"width: 44.5865%; height: 24px;\"><\/td>\n<\/tr>\n<tr style=\"height: 24px;\">\n<td style=\"width: 15.8421%; height: 24px;\">Completed in:<\/td>\n<td style=\"height: 24px; width: 84.1578%;\" colspan=\"2\">Juni 2004<\/td>\n<\/tr>\n<tr>\n<td style=\"width: 15.8421%;\">\n<hr \/>\n<\/td>\n<td style=\"width: 39.5713%;\">\n<hr \/>\n<\/td>\n<td style=\"width: 44.5865%;\"><\/td>\n<\/tr>\n<tr>\n<td style=\"width: 15.8421%;\"><\/td>\n<td style=\"width: 39.5713%;\" valign=\"top\" width=\"80%\"><img loading=\"lazy\" decoding=\"async\" src=\"http:\/\/www.ikf.ac.at\/design\/images\/Document%20Folder.png\" width=\"28\" height=\"28\" align=\"left\" \/>\u00a0 <a href=\"https:\/\/ikf.ac.at\/wp-content\/uploads\/2021\/03\/queer.pdf\" target=\"_blank\" rel=\"noopener\">Final Report (german)<\/a><\/td>\n<td style=\"width: 44.5865%;\"><\/td>\n<\/tr>\n<\/tbody>\n<\/table>\n<\/div>\n<\/div><\/div><\/div><\/div><\/div>\n\n\n<div style=\"color:#404168\" class=\"wp-block-genesis-blocks-gb-spacer gb-block-spacer gb-divider-solid gb-spacer-divider gb-divider-size-1\"><hr style=\"height:3px\"\/><\/div>\n\n\n\n<div style=\"color:#404168\" class=\"wp-block-genesis-blocks-gb-spacer gb-block-spacer gb-divider-solid gb-divider-size-1\"><hr style=\"height:10px\"\/><\/div>\n\n\n<div id=\"pl-gb2179-69f23ffa24147\"  class=\"panel-layout\" ><div id=\"pg-gb2179-69f23ffa24147-0\"  class=\"panel-grid panel-no-style\" ><div id=\"pgc-gb2179-69f23ffa24147-0-0\"  class=\"panel-grid-cell panel-grid-cell-empty\" ><\/div><div id=\"pgc-gb2179-69f23ffa24147-0-1\"  class=\"panel-grid-cell panel-grid-cell-mobile-last\" ><div id=\"panel-gb2179-69f23ffa24147-0-1-0\" class=\"so-panel widget widget_text panel-first-child panel-last-child\" data-index=\"0\" >\t\t\t<div class=\"textwidget\"><p align=\"justify\">Diese explorative Studie beleuchtet die Situation von Lesben, Schwulen und transgender\/ transsexuellen Personen am Arbeitsplatz. Es wird gezeigt, in welcher Weise direkte und strukturelle Benachteiligungen bestehen, von wem diskriminierendes Verhalten an den Tag gelegt wird und wie die Umgangsstrategien von Lesben, Schwulen und Transsexuellen damit sind. Die Fragestellung fokussiert auf mehrere Ebenen: Auf heterosexistische Strukturen und die homophobe Umwelt, auf genderspezifische Unterschiede im diskriminierenden Verhalten von M\u00e4nnern und Frauen sowie auf Unterschiede zwischen der Situation von Homo- und Transsexuellen. D.h. das Augenmerk liegt sowohl auf den Umgangsstrategien der Betroffenen als auch auf den Faktoren, die homophobe Strukturen und Verh\u00e4ltnisse ausmachen. Es wurde eine Literatur- und Internetrecherche vorgenommen. Weiters wurden im Fr\u00fchjahr 2004 problemzentrierte Interviews mit ExpertInnen und &#8220;Betroffenen&#8221; gef\u00fchrt, wobei die Auswahl der ExpertInnen nach zwei Kriterien erfolgte: VertreterIn einer lesbischwulen bzw. transgender\/ transsexuellen Interessenvertretung oder MitarbeiterInnen von ArbeitnehmerInnen-Vertretungen zu sein.<\/p>\n<p align=\"justify\">Die Studie kam zu dem Ergebnis, dass in der Arbeitswelt zwei Bereiche f\u00fcr die Situation von Lesben, Schwulen und transgender\/ transsexuellen Personen wesentlich sind: der rechtliche und der zwischenmenschliche Bereich. Durch die in nationales Recht \u00fcbernommene EU-Antidiskriminierungsrichtlinie 2000\/78\/EG ist jegliche Diskriminierung aufgrund der sexuellen Orientierung in Besch\u00e4ftigung und Beruf verboten. Das Diskriminierungsverbot umfasst direkte und indirekte Diskriminierung sowie Mobbing. Zwar ist damit der Schutz vor Diskriminierung u.a. aufgrund des Geschlechts und der sexuellen Orientierung gew\u00e4hrleistet, doch besteht keine Antidiskriminierungsbestimmung f\u00fcr Geschlechtsperformance, wie sie f\u00fcr transgender Personen notwendig w\u00e4re, die nicht in ihrem Geburtsgeschlecht leben. Der zwischenmenschliche Bereich ist meist von latenter oder manifester Homophobie und der heterosexistischen Vorannahme gepr\u00e4gt. Eine in jedem Sinne tolerante und gleichberechtigte Atmosph\u00e4re w\u00fcrde jene Bedingungen bieten, die f\u00fcr ein Coming Out und offenes Leben am Arbeitsplatz notwendig w\u00e4ren. In den ExpertInnen- und Betroffeninterviews \u00fcberwogen Schilderungen von latenten und verbalen Diskriminierungen. Die F\u00e4lle von direkter physischer Gewalt d\u00fcrften selten sein, doch sind nach Meinung der befragten PsychotherapeutInnen die Folgen und Implikationen der psychischen Gewalt und Belastungen nicht zu untersch\u00e4tzen. In diesen Umst\u00e4nden verbirgt sich auch die potentielle Gefahr, das Ziel von Mobbing zu werden, denn konkurrenzreiche und latent konfliktvolle Umgebungen sind geradezu f\u00fcr Mobbingf\u00e4lle pr\u00e4destiniert und es trifft meist jene, die &#8220;anders&#8221; sind als die Mehrheit. Die Situation von Lesben und Schwulen weist Parallelen und Unterschiede auf. Lesben sind von der strukturellen Benachteiligung von Frauen in Wirtschaft und Gesellschaft betroffen. Doch werden frauenfeindliche Stereotype auch auf schwule M\u00e4nner projiziert. Im diskriminierenden Verhalten von M\u00e4nnern und Frauen erkennen die ExpertInnen graduelle Unterschiede. M\u00e4nner w\u00fcrden offener und direkter, Frauen subtiler diskriminieren. Wesentliche Unterschiede bestehen zwischen der Situation von Homosexuellen und Transsexuellen. Ein deutliches Ergebnis ist au\u00dferdem, dass von Seiten der ArbeitnehmerInnen-Vertretungen ein gro\u00dfer Handlungsbedarf besteht, sich f\u00fcr lesbischwule und transgender\/ transsexuelle Belange einzusetzen und sowohl Antidiskriminierung als auch Gleichbehandlung in der Arbeitswelt und damit auch gesamtgesellschaftlich voranzutreiben.<\/p>\n<\/div>\n\t\t<\/div><\/div><div id=\"pgc-gb2179-69f23ffa24147-0-2\"  class=\"panel-grid-cell panel-grid-cell-empty\" ><\/div><\/div><\/div>\n\n\n<div style=\"color:#333\" class=\"wp-block-genesis-blocks-gb-spacer gb-block-spacer gb-divider-solid gb-spacer-divider gb-divider-size-1\"><hr style=\"height:100px\"\/><\/div>\n<\/div><\/div><\/div>","protected":false},"excerpt":{"rendered":"","protected":false},"author":2,"featured_media":0,"parent":454,"menu_order":32,"comment_status":"closed","ping_status":"closed","template":"","meta":{"footnotes":""},"class_list":["post-2179","page","type-page","status-publish","hentry","post"],"featured_image_src":null,"featured_image_src_square":null,"_links":{"self":[{"href":"https:\/\/ikf.ac.at\/en\/wp-json\/wp\/v2\/pages\/2179","targetHints":{"allow":["GET"]}}],"collection":[{"href":"https:\/\/ikf.ac.at\/en\/wp-json\/wp\/v2\/pages"}],"about":[{"href":"https:\/\/ikf.ac.at\/en\/wp-json\/wp\/v2\/types\/page"}],"author":[{"embeddable":true,"href":"https:\/\/ikf.ac.at\/en\/wp-json\/wp\/v2\/users\/2"}],"replies":[{"embeddable":true,"href":"https:\/\/ikf.ac.at\/en\/wp-json\/wp\/v2\/comments?post=2179"}],"version-history":[{"count":5,"href":"https:\/\/ikf.ac.at\/en\/wp-json\/wp\/v2\/pages\/2179\/revisions"}],"predecessor-version":[{"id":2281,"href":"https:\/\/ikf.ac.at\/en\/wp-json\/wp\/v2\/pages\/2179\/revisions\/2281"}],"up":[{"embeddable":true,"href":"https:\/\/ikf.ac.at\/en\/wp-json\/wp\/v2\/pages\/454"}],"wp:attachment":[{"href":"https:\/\/ikf.ac.at\/en\/wp-json\/wp\/v2\/media?parent=2179"}],"curies":[{"name":"wp","href":"https:\/\/api.w.org\/{rel}","templated":true}]}}

<div class="wp-block-atomic-blocks-ab-container alignfull ab-block-container"><div class="ab-container-inside"><div class="ab-container-content"><div id="pl-gb2179-69f23ffa0f457"  class="panel-layout" ><div id="pg-gb2179-69f23ffa0f457-0"  class="panel-grid panel-no-style" ><div id="pgc-gb2179-69f23ffa0f457-0-0"  class="panel-grid-cell" ><div id="panel-gb2179-69f23ffa0f457-0-0-0" class="so-panel widget widget_media_image panel-first-child panel-last-child" data-index="0" ><img loading="lazy" decoding="async" width="2554" height="10" src="https://ikf.ac.at/wp-content/uploads/2021/01/linie_IKF.jpg" class="image wp-image-754  attachment-full size-full" alt="" style="max-width: 100%; height: auto;" srcset="https://ikf.ac.at/wp-content/uploads/2021/01/linie_IKF.jpg 2554w, https://ikf.ac.at/wp-content/uploads/2021/01/linie_IKF-300x1.jpg 300w, https://ikf.ac.at/wp-content/uploads/2021/01/linie_IKF-1024x4.jpg 1024w, https://ikf.ac.at/wp-content/uploads/2021/01/linie_IKF-768x3.jpg 768w, https://ikf.ac.at/wp-content/uploads/2021/01/linie_IKF-1536x6.jpg 1536w, https://ikf.ac.at/wp-content/uploads/2021/01/linie_IKF-2048x8.jpg 2048w" sizes="auto, (max-width: 2554px) 100vw, 2554px" /></div></div></div></div>


<div style="color:#ddd" class="wp-block-genesis-blocks-gb-spacer gb-block-spacer gb-divider-solid gb-divider-size-1"><hr style="height:30px"/></div>


<div id="pl-gb2179-69f23ffa0fb6a"  class="panel-layout" ><div id="pg-gb2179-69f23ffa0fb6a-0"  class="panel-grid panel-no-style" ><div id="pgc-gb2179-69f23ffa0fb6a-0-0"  class="panel-grid-cell panel-grid-cell-empty" ></div><div id="pgc-gb2179-69f23ffa0fb6a-0-1"  class="panel-grid-cell" ><div id="panel-gb2179-69f23ffa0fb6a-0-1-0" class="so-panel widget widget_sow-editor panel-first-child panel-last-child" data-index="0" ><div
			
			class="so-widget-sow-editor so-widget-sow-editor-base"
			
		>
<div class="siteorigin-widget-tinymce textwidget">
	<table style="height: 100px; width: 100%; border-collapse: collapse;" border="1" cellpadding="2">
<tbody>
<tr style="height: 24px;">
<td style="width: 15.8421%; height: 24px;">Project management:</td>
<td style="width: 84.1578%; height: 24px;" colspan="2" class="translation-block"><span style="font-size: x-large">Dr. Birgitt Haller</span></td>
</tr>
<tr>
<td style="width: 15.8421%;">
<hr />
</td>
<td style="width: 39.5713%;">
<hr />
</td>
<td style="width: 44.5865%; height: 24px;"></td>
</tr>
<tr>
<td style="width: 15.8421%;">Implementation:</td>
<td style="width: 84.1578%;" colspan="2">Mag. Dr. Stefanie Mayer<sup>a</sup> Katrin Auer</td>
</tr>
<tr>
<td style="width: 15.8421%;">
<hr />
</td>
<td style="width: 39.5713%;">
<hr />
</td>
<td style="width: 44.5865%;"></td>
</tr>
<tr>
<td style="width: 15.8421%;">Funded by:</td>
<td style="width: 84.1578%;" colspan="2">Hochschuljubiläumsstiftung der Stadt Wien – MA 8<br />
MA 57/ Frauenbüro der Stadt Wien</td>
</tr>
<tr>
<td style="width: 15.8421%;">
<hr />
</td>
<td style="width: 39.5713%;">
<hr />
</td>
<td style="width: 44.5865%; height: 24px;"></td>
</tr>
<tr style="height: 24px;">
<td style="width: 15.8421%; height: 24px;">Completed in:</td>
<td style="height: 24px; width: 84.1578%;" colspan="2">Juni 2004</td>
</tr>
<tr>
<td style="width: 15.8421%;">
<hr />
</td>
<td style="width: 39.5713%;">
<hr />
</td>
<td style="width: 44.5865%;"></td>
</tr>
<tr>
<td style="width: 15.8421%;"></td>
<td style="width: 39.5713%;" valign="top" width="80%"><img loading="lazy" decoding="async" src="http://www.ikf.ac.at/design/images/Document%20Folder.png" width="28" height="28" align="left" />  <a href="https://ikf.ac.at/wp-content/uploads/2021/03/queer.pdf" target="_blank" rel="noopener">Final Report (german)</a></td>
<td style="width: 44.5865%;"></td>
</tr>
</tbody>
</table>
</div>
</div></div></div></div></div>


<div style="color:#404168" class="wp-block-genesis-blocks-gb-spacer gb-block-spacer gb-divider-solid gb-spacer-divider gb-divider-size-1"><hr style="height:3px"/></div>



<div style="color:#404168" class="wp-block-genesis-blocks-gb-spacer gb-block-spacer gb-divider-solid gb-divider-size-1"><hr style="height:10px"/></div>


<div id="pl-gb2179-69f23ffa24147"  class="panel-layout" ><div id="pg-gb2179-69f23ffa24147-0"  class="panel-grid panel-no-style" ><div id="pgc-gb2179-69f23ffa24147-0-0"  class="panel-grid-cell panel-grid-cell-empty" ></div><div id="pgc-gb2179-69f23ffa24147-0-1"  class="panel-grid-cell panel-grid-cell-mobile-last" ><div id="panel-gb2179-69f23ffa24147-0-1-0" class="so-panel widget widget_text panel-first-child panel-last-child" data-index="0" >			<div class="textwidget"><p align="justify">Diese explorative Studie beleuchtet die Situation von Lesben, Schwulen und transgender/ transsexuellen Personen am Arbeitsplatz. Es wird gezeigt, in welcher Weise direkte und strukturelle Benachteiligungen bestehen, von wem diskriminierendes Verhalten an den Tag gelegt wird und wie die Umgangsstrategien von Lesben, Schwulen und Transsexuellen damit sind. Die Fragestellung fokussiert auf mehrere Ebenen: Auf heterosexistische Strukturen und die homophobe Umwelt, auf genderspezifische Unterschiede im diskriminierenden Verhalten von Männern und Frauen sowie auf Unterschiede zwischen der Situation von Homo- und Transsexuellen. D.h. das Augenmerk liegt sowohl auf den Umgangsstrategien der Betroffenen als auch auf den Faktoren, die homophobe Strukturen und Verhältnisse ausmachen. Es wurde eine Literatur- und Internetrecherche vorgenommen. Weiters wurden im Frühjahr 2004 problemzentrierte Interviews mit ExpertInnen und &#8220;Betroffenen&#8221; geführt, wobei die Auswahl der ExpertInnen nach zwei Kriterien erfolgte: VertreterIn einer lesbischwulen bzw. transgender/ transsexuellen Interessenvertretung oder MitarbeiterInnen von ArbeitnehmerInnen-Vertretungen zu sein.</p>
<p align="justify">Die Studie kam zu dem Ergebnis, dass in der Arbeitswelt zwei Bereiche für die Situation von Lesben, Schwulen und transgender/ transsexuellen Personen wesentlich sind: der rechtliche und der zwischenmenschliche Bereich. Durch die in nationales Recht übernommene EU-Antidiskriminierungsrichtlinie 2000/78/EG ist jegliche Diskriminierung aufgrund der sexuellen Orientierung in Beschäftigung und Beruf verboten. Das Diskriminierungsverbot umfasst direkte und indirekte Diskriminierung sowie Mobbing. Zwar ist damit der Schutz vor Diskriminierung u.a. aufgrund des Geschlechts und der sexuellen Orientierung gewährleistet, doch besteht keine Antidiskriminierungsbestimmung für Geschlechtsperformance, wie sie für transgender Personen notwendig wäre, die nicht in ihrem Geburtsgeschlecht leben. Der zwischenmenschliche Bereich ist meist von latenter oder manifester Homophobie und der heterosexistischen Vorannahme geprägt. Eine in jedem Sinne tolerante und gleichberechtigte Atmosphäre würde jene Bedingungen bieten, die für ein Coming Out und offenes Leben am Arbeitsplatz notwendig wären. In den ExpertInnen- und Betroffeninterviews überwogen Schilderungen von latenten und verbalen Diskriminierungen. Die Fälle von direkter physischer Gewalt dürften selten sein, doch sind nach Meinung der befragten PsychotherapeutInnen die Folgen und Implikationen der psychischen Gewalt und Belastungen nicht zu unterschätzen. In diesen Umständen verbirgt sich auch die potentielle Gefahr, das Ziel von Mobbing zu werden, denn konkurrenzreiche und latent konfliktvolle Umgebungen sind geradezu für Mobbingfälle prädestiniert und es trifft meist jene, die &#8220;anders&#8221; sind als die Mehrheit. Die Situation von Lesben und Schwulen weist Parallelen und Unterschiede auf. Lesben sind von der strukturellen Benachteiligung von Frauen in Wirtschaft und Gesellschaft betroffen. Doch werden frauenfeindliche Stereotype auch auf schwule Männer projiziert. Im diskriminierenden Verhalten von Männern und Frauen erkennen die ExpertInnen graduelle Unterschiede. Männer würden offener und direkter, Frauen subtiler diskriminieren. Wesentliche Unterschiede bestehen zwischen der Situation von Homosexuellen und Transsexuellen. Ein deutliches Ergebnis ist außerdem, dass von Seiten der ArbeitnehmerInnen-Vertretungen ein großer Handlungsbedarf besteht, sich für lesbischwule und transgender/ transsexuelle Belange einzusetzen und sowohl Antidiskriminierung als auch Gleichbehandlung in der Arbeitswelt und damit auch gesamtgesellschaftlich voranzutreiben.</p>
</div>
		</div></div><div id="pgc-gb2179-69f23ffa24147-0-2"  class="panel-grid-cell panel-grid-cell-empty" ></div></div></div>


<div style="color:#333" class="wp-block-genesis-blocks-gb-spacer gb-block-spacer gb-divider-solid gb-spacer-divider gb-divider-size-1"><hr style="height:100px"/></div>
</div></div></div>
