{"id":2172,"date":"2021-03-16T09:04:48","date_gmt":"2021-03-16T09:04:48","guid":{"rendered":"http:\/\/test-ikf.online\/?page_id=2172"},"modified":"2021-03-17T10:17:23","modified_gmt":"2021-03-17T10:17:23","slug":"2006-evaluierung-zweites-mentoring-programm-universitaet-wien","status":"publish","type":"page","link":"https:\/\/ikf.ac.at\/en\/schwerpunkte\/cleavages\/gender\/2006-evaluierung-zweites-mentoring-programm-universitaet-wien","title":{"rendered":"2006: Evaluierung des 2. Mentoringprogramms f\u00fcr Nachwuchswissenschafterinnen an der Universit\u00e4t Wien"},"content":{"rendered":"<div class=\"wp-block-atomic-blocks-ab-container alignfull ab-block-container\"><div class=\"ab-container-inside\"><div class=\"ab-container-content\"><div id=\"pl-gb2172-69f2547b9ba2f\"  class=\"panel-layout\" ><div id=\"pg-gb2172-69f2547b9ba2f-0\"  class=\"panel-grid panel-no-style\" ><div id=\"pgc-gb2172-69f2547b9ba2f-0-0\"  class=\"panel-grid-cell\" ><div id=\"panel-gb2172-69f2547b9ba2f-0-0-0\" class=\"so-panel widget widget_media_image panel-first-child panel-last-child\" data-index=\"0\" ><img loading=\"lazy\" decoding=\"async\" width=\"2554\" height=\"10\" src=\"https:\/\/ikf.ac.at\/wp-content\/uploads\/2021\/01\/linie_IKF.jpg\" class=\"image wp-image-754  attachment-full size-full\" alt=\"\" style=\"max-width: 100%; height: auto;\" srcset=\"https:\/\/ikf.ac.at\/wp-content\/uploads\/2021\/01\/linie_IKF.jpg 2554w, https:\/\/ikf.ac.at\/wp-content\/uploads\/2021\/01\/linie_IKF-300x1.jpg 300w, https:\/\/ikf.ac.at\/wp-content\/uploads\/2021\/01\/linie_IKF-1024x4.jpg 1024w, https:\/\/ikf.ac.at\/wp-content\/uploads\/2021\/01\/linie_IKF-768x3.jpg 768w, https:\/\/ikf.ac.at\/wp-content\/uploads\/2021\/01\/linie_IKF-1536x6.jpg 1536w, https:\/\/ikf.ac.at\/wp-content\/uploads\/2021\/01\/linie_IKF-2048x8.jpg 2048w\" sizes=\"auto, (max-width: 2554px) 100vw, 2554px\" \/><\/div><\/div><\/div><\/div>\n\n\n<div style=\"color:#ddd\" class=\"wp-block-genesis-blocks-gb-spacer gb-block-spacer gb-divider-solid gb-divider-size-1\"><hr style=\"height:30px\"\/><\/div>\n\n\n<div id=\"pl-gb2172-69f2547b9bf32\"  class=\"panel-layout\" ><div id=\"pg-gb2172-69f2547b9bf32-0\"  class=\"panel-grid panel-no-style\" ><div id=\"pgc-gb2172-69f2547b9bf32-0-0\"  class=\"panel-grid-cell panel-grid-cell-empty\" ><\/div><div id=\"pgc-gb2172-69f2547b9bf32-0-1\"  class=\"panel-grid-cell\" ><div id=\"panel-gb2172-69f2547b9bf32-0-1-0\" class=\"so-panel widget widget_sow-editor panel-first-child panel-last-child\" data-index=\"0\" ><div\n\t\t\t\n\t\t\tclass=\"so-widget-sow-editor so-widget-sow-editor-base\"\n\t\t\t\n\t\t>\n<div class=\"siteorigin-widget-tinymce textwidget\">\n\t<table style=\"height: 100px; width: 100%; border-collapse: collapse;\" border=\"1\" cellpadding=\"2\">\n<tbody>\n<tr style=\"height: 24px;\">\n<td style=\"width: 15.8421%; height: 24px;\">Project management:<\/td>\n<td style=\"width: 84.1578%; height: 24px;\" colspan=\"2\" class=\"translation-block\"><span style=\"font-size: x-large\">Mag. Dr. Helga Amesberger<\/span><\/td>\n<\/tr>\n<tr>\n<td style=\"width: 15.8421%;\">\n<hr \/>\n<\/td>\n<td style=\"width: 45.9239%;\">\n<hr \/>\n<\/td>\n<td style=\"width: 38.2339%; height: 24px;\"><\/td>\n<\/tr>\n<tr>\n<td style=\"width: 15.8421%;\">Implementation:<\/td>\n<td style=\"width: 84.1578%;\" colspan=\"2\">Mag. Dr. Stefanie Mayer<sup>a<\/sup> Dr.<sup>in<\/sup> Helga Amesberger<br \/>\nMag. Dr. Stefanie Mayer<sup>a<\/sup> Karin Bischof<\/td>\n<\/tr>\n<tr>\n<td style=\"width: 15.8421%;\">\n<hr \/>\n<\/td>\n<td style=\"width: 45.9239%;\">\n<hr \/>\n<\/td>\n<td style=\"width: 38.2339%;\"><\/td>\n<\/tr>\n<tr>\n<td style=\"width: 15.8421%;\">Funded by:<\/td>\n<td style=\"width: 84.1578%;\" colspan=\"2\">Universit\u00e4t Wien, Referat Frauenf\u00f6rderung und Gleichstellung<\/td>\n<\/tr>\n<tr>\n<td style=\"width: 15.8421%;\">\n<hr \/>\n<\/td>\n<td style=\"width: 45.9239%;\">\n<hr \/>\n<\/td>\n<td style=\"width: 38.2339%; height: 24px;\"><\/td>\n<\/tr>\n<tr style=\"height: 24px;\">\n<td style=\"width: 15.8421%; height: 24px;\">Completed in:<\/td>\n<td style=\"height: 24px; width: 84.1578%;\" colspan=\"2\">Oktober 2006<\/td>\n<\/tr>\n<\/tbody>\n<\/table>\n<\/div>\n<\/div><\/div><\/div><\/div><\/div>\n\n\n<div style=\"color:#404168\" class=\"wp-block-genesis-blocks-gb-spacer gb-block-spacer gb-divider-solid gb-spacer-divider gb-divider-size-1\"><hr style=\"height:3px\"\/><\/div>\n\n\n\n<div style=\"color:#404168\" class=\"wp-block-genesis-blocks-gb-spacer gb-block-spacer gb-divider-solid gb-divider-size-1\"><hr style=\"height:10px\"\/><\/div>\n\n\n<div id=\"pl-gb2172-69f2547b9c3d4\"  class=\"panel-layout\" ><div id=\"pg-gb2172-69f2547b9c3d4-0\"  class=\"panel-grid panel-no-style\" ><div id=\"pgc-gb2172-69f2547b9c3d4-0-0\"  class=\"panel-grid-cell panel-grid-cell-empty\" ><\/div><div id=\"pgc-gb2172-69f2547b9c3d4-0-1\"  class=\"panel-grid-cell panel-grid-cell-mobile-last\" ><div id=\"panel-gb2172-69f2547b9c3d4-0-1-0\" class=\"so-panel widget widget_text panel-first-child panel-last-child\" data-index=\"0\" >\t\t\t<div class=\"textwidget\"><p align=\"justify\">Das Mentoringprogramm muv der Universit\u00e4t Wien wurde erstmals 2000 bis 2003 als Ma\u00dfnahme zur F\u00f6rderung von Nachwuchswissenschafterinnen erfolgreich durchgef\u00fchrt. Vierzig Nachwuchswissenschafterinnen aus unterschiedlichen Wissenschaftsdisziplinen und Fakult\u00e4ten nahmen am letzten Mentoringprogramm (Oktober 2004 bis Dezember 2006) teil. Die Mentoringbeziehungen bestanden formal f\u00fcr drei Semester und beinhalteten Treffen im Ausma\u00df von mindestens zehn Stunden pro Semester. Die zehn aus den 40 Mentees gebildeten Kleingruppen wurden von jeweils einer\/einem MentorIn, allesamt ProfessorInnen der Universit\u00e4t Wien, unterst\u00fctzt.<\/p>\n<p align=\"justify\">In der vorliegenden Evaluierung gegen Ende des zweiten Durchgangs fand zum einen erstmals eine repr\u00e4sentative \u00dcberpr\u00fcfung der Effekte statt und zum anderen wurde auch Problemstellen analytisch nachgegangen. In Hinblick auf das Gesamtziel der Dokumentation und Analyse von Erfolg und Verbesserungsm\u00f6glichkeiten der Mentoring-Beziehungen verfolgte die Evaluierung folgende Teilziele, wobei ein Methodenmix von quantitativer Fragebogenerhebung unter den Mentees und halbstandardisierten Leitfandeninterviews mit Mentees und MentorInnen zur Anwendung kam:<\/p>\n<ul>\n<li>die repr\u00e4sentative Erhebung von Akzeptanz und Zufriedenheit der teilnehmenden Mentees mit dem Programm,<\/li>\n<li>die repr\u00e4sentative Erhebung von konkreten Ver\u00e4nderungen, die sich im Verlauf des MP f\u00fcr die Mentees ergeben haben, von urspr\u00fcnglichen Erwartungen und deren Erf\u00fcllung sowie von pers\u00f6nlichem Nutzen bzw. mittel- und l\u00e4ngerfristigen Effekten des<br \/>\nMP auf die wissenschaftliche Laufbahn,<\/li>\n<li>die Identifikation von hemmenden und f\u00f6rdernden Faktoren in den Mentoring-Beziehungen sowie im Setting des Projekts,<\/li>\n<li>die Analyse der Problemfelder bzw. der besonders gelungenen Aspekte,<\/li>\n<li>das Herausarbeiten von Verbesserungsm\u00f6glichkeiten bzw. Empfehlungen in Hinblick auf den n\u00e4chsten Programmdurchlauf.<\/li>\n<\/ul>\n<p align=\"justify\">Insgesamt wurde das Mentoringprogramm von den Befragten sehr positiv beurteilt und die Evaluierung ergab, dass die gesteckten Ziele weitgehend erreicht wurden.<\/p>\n<\/div>\n\t\t<\/div><\/div><div id=\"pgc-gb2172-69f2547b9c3d4-0-2\"  class=\"panel-grid-cell panel-grid-cell-empty\" ><\/div><\/div><\/div>\n\n\n<div style=\"color:#333\" class=\"wp-block-genesis-blocks-gb-spacer gb-block-spacer gb-divider-solid gb-spacer-divider gb-divider-size-1\"><hr style=\"height:100px\"\/><\/div>\n<\/div><\/div><\/div>","protected":false},"excerpt":{"rendered":"","protected":false},"author":2,"featured_media":0,"parent":454,"menu_order":30,"comment_status":"closed","ping_status":"closed","template":"","meta":{"footnotes":""},"class_list":["post-2172","page","type-page","status-publish","hentry","post"],"featured_image_src":null,"featured_image_src_square":null,"_links":{"self":[{"href":"https:\/\/ikf.ac.at\/en\/wp-json\/wp\/v2\/pages\/2172","targetHints":{"allow":["GET"]}}],"collection":[{"href":"https:\/\/ikf.ac.at\/en\/wp-json\/wp\/v2\/pages"}],"about":[{"href":"https:\/\/ikf.ac.at\/en\/wp-json\/wp\/v2\/types\/page"}],"author":[{"embeddable":true,"href":"https:\/\/ikf.ac.at\/en\/wp-json\/wp\/v2\/users\/2"}],"replies":[{"embeddable":true,"href":"https:\/\/ikf.ac.at\/en\/wp-json\/wp\/v2\/comments?post=2172"}],"version-history":[{"count":4,"href":"https:\/\/ikf.ac.at\/en\/wp-json\/wp\/v2\/pages\/2172\/revisions"}],"predecessor-version":[{"id":2241,"href":"https:\/\/ikf.ac.at\/en\/wp-json\/wp\/v2\/pages\/2172\/revisions\/2241"}],"up":[{"embeddable":true,"href":"https:\/\/ikf.ac.at\/en\/wp-json\/wp\/v2\/pages\/454"}],"wp:attachment":[{"href":"https:\/\/ikf.ac.at\/en\/wp-json\/wp\/v2\/media?parent=2172"}],"curies":[{"name":"wp","href":"https:\/\/api.w.org\/{rel}","templated":true}]}}

2006: Evaluierung des 2. Mentoringprogramms für Nachwuchswissenschafterinnen an der Universität Wien

<div class="wp-block-atomic-blocks-ab-container alignfull ab-block-container"><div class="ab-container-inside"><div class="ab-container-content"><div id="pl-gb2172-69f2547b9ba2f"  class="panel-layout" ><div id="pg-gb2172-69f2547b9ba2f-0"  class="panel-grid panel-no-style" ><div id="pgc-gb2172-69f2547b9ba2f-0-0"  class="panel-grid-cell" ><div id="panel-gb2172-69f2547b9ba2f-0-0-0" class="so-panel widget widget_media_image panel-first-child panel-last-child" data-index="0" ><img loading="lazy" decoding="async" width="2554" height="10" src="https://ikf.ac.at/wp-content/uploads/2021/01/linie_IKF.jpg" class="image wp-image-754  attachment-full size-full" alt="" style="max-width: 100%; height: auto;" srcset="https://ikf.ac.at/wp-content/uploads/2021/01/linie_IKF.jpg 2554w, https://ikf.ac.at/wp-content/uploads/2021/01/linie_IKF-300x1.jpg 300w, https://ikf.ac.at/wp-content/uploads/2021/01/linie_IKF-1024x4.jpg 1024w, https://ikf.ac.at/wp-content/uploads/2021/01/linie_IKF-768x3.jpg 768w, https://ikf.ac.at/wp-content/uploads/2021/01/linie_IKF-1536x6.jpg 1536w, https://ikf.ac.at/wp-content/uploads/2021/01/linie_IKF-2048x8.jpg 2048w" sizes="auto, (max-width: 2554px) 100vw, 2554px" /></div></div></div></div>


<div style="color:#ddd" class="wp-block-genesis-blocks-gb-spacer gb-block-spacer gb-divider-solid gb-divider-size-1"><hr style="height:30px"/></div>


<div id="pl-gb2172-69f2547b9bf32"  class="panel-layout" ><div id="pg-gb2172-69f2547b9bf32-0"  class="panel-grid panel-no-style" ><div id="pgc-gb2172-69f2547b9bf32-0-0"  class="panel-grid-cell panel-grid-cell-empty" ></div><div id="pgc-gb2172-69f2547b9bf32-0-1"  class="panel-grid-cell" ><div id="panel-gb2172-69f2547b9bf32-0-1-0" class="so-panel widget widget_sow-editor panel-first-child panel-last-child" data-index="0" ><div
			
			class="so-widget-sow-editor so-widget-sow-editor-base"
			
		>
<div class="siteorigin-widget-tinymce textwidget">
	<table style="height: 100px; width: 100%; border-collapse: collapse;" border="1" cellpadding="2">
<tbody>
<tr style="height: 24px;">
<td style="width: 15.8421%; height: 24px;">Project management:</td>
<td style="width: 84.1578%; height: 24px;" colspan="2" class="translation-block"><span style="font-size: x-large">Mag. Dr. Helga Amesberger</span></td>
</tr>
<tr>
<td style="width: 15.8421%;">
<hr />
</td>
<td style="width: 45.9239%;">
<hr />
</td>
<td style="width: 38.2339%; height: 24px;"></td>
</tr>
<tr>
<td style="width: 15.8421%;">Implementation:</td>
<td style="width: 84.1578%;" colspan="2">Mag. Dr. Stefanie Mayer<sup>a</sup> Dr.<sup>in</sup> Helga Amesberger<br />
Mag. Dr. Stefanie Mayer<sup>a</sup> Karin Bischof</td>
</tr>
<tr>
<td style="width: 15.8421%;">
<hr />
</td>
<td style="width: 45.9239%;">
<hr />
</td>
<td style="width: 38.2339%;"></td>
</tr>
<tr>
<td style="width: 15.8421%;">Funded by:</td>
<td style="width: 84.1578%;" colspan="2">Universität Wien, Referat Frauenförderung und Gleichstellung</td>
</tr>
<tr>
<td style="width: 15.8421%;">
<hr />
</td>
<td style="width: 45.9239%;">
<hr />
</td>
<td style="width: 38.2339%; height: 24px;"></td>
</tr>
<tr style="height: 24px;">
<td style="width: 15.8421%; height: 24px;">Completed in:</td>
<td style="height: 24px; width: 84.1578%;" colspan="2">Oktober 2006</td>
</tr>
</tbody>
</table>
</div>
</div></div></div></div></div>


<div style="color:#404168" class="wp-block-genesis-blocks-gb-spacer gb-block-spacer gb-divider-solid gb-spacer-divider gb-divider-size-1"><hr style="height:3px"/></div>



<div style="color:#404168" class="wp-block-genesis-blocks-gb-spacer gb-block-spacer gb-divider-solid gb-divider-size-1"><hr style="height:10px"/></div>


<div id="pl-gb2172-69f2547b9c3d4"  class="panel-layout" ><div id="pg-gb2172-69f2547b9c3d4-0"  class="panel-grid panel-no-style" ><div id="pgc-gb2172-69f2547b9c3d4-0-0"  class="panel-grid-cell panel-grid-cell-empty" ></div><div id="pgc-gb2172-69f2547b9c3d4-0-1"  class="panel-grid-cell panel-grid-cell-mobile-last" ><div id="panel-gb2172-69f2547b9c3d4-0-1-0" class="so-panel widget widget_text panel-first-child panel-last-child" data-index="0" >			<div class="textwidget"><p align="justify">Das Mentoringprogramm muv der Universität Wien wurde erstmals 2000 bis 2003 als Maßnahme zur Förderung von Nachwuchswissenschafterinnen erfolgreich durchgeführt. Vierzig Nachwuchswissenschafterinnen aus unterschiedlichen Wissenschaftsdisziplinen und Fakultäten nahmen am letzten Mentoringprogramm (Oktober 2004 bis Dezember 2006) teil. Die Mentoringbeziehungen bestanden formal für drei Semester und beinhalteten Treffen im Ausmaß von mindestens zehn Stunden pro Semester. Die zehn aus den 40 Mentees gebildeten Kleingruppen wurden von jeweils einer/einem MentorIn, allesamt ProfessorInnen der Universität Wien, unterstützt.</p>
<p align="justify">In der vorliegenden Evaluierung gegen Ende des zweiten Durchgangs fand zum einen erstmals eine repräsentative Überprüfung der Effekte statt und zum anderen wurde auch Problemstellen analytisch nachgegangen. In Hinblick auf das Gesamtziel der Dokumentation und Analyse von Erfolg und Verbesserungsmöglichkeiten der Mentoring-Beziehungen verfolgte die Evaluierung folgende Teilziele, wobei ein Methodenmix von quantitativer Fragebogenerhebung unter den Mentees und halbstandardisierten Leitfandeninterviews mit Mentees und MentorInnen zur Anwendung kam:</p>
<ul>
<li>die repräsentative Erhebung von Akzeptanz und Zufriedenheit der teilnehmenden Mentees mit dem Programm,</li>
<li>die repräsentative Erhebung von konkreten Veränderungen, die sich im Verlauf des MP für die Mentees ergeben haben, von ursprünglichen Erwartungen und deren Erfüllung sowie von persönlichem Nutzen bzw. mittel- und längerfristigen Effekten des<br />
MP auf die wissenschaftliche Laufbahn,</li>
<li>die Identifikation von hemmenden und fördernden Faktoren in den Mentoring-Beziehungen sowie im Setting des Projekts,</li>
<li>die Analyse der Problemfelder bzw. der besonders gelungenen Aspekte,</li>
<li>das Herausarbeiten von Verbesserungsmöglichkeiten bzw. Empfehlungen in Hinblick auf den nächsten Programmdurchlauf.</li>
</ul>
<p align="justify">Insgesamt wurde das Mentoringprogramm von den Befragten sehr positiv beurteilt und die Evaluierung ergab, dass die gesteckten Ziele weitgehend erreicht wurden.</p>
</div>
		</div></div><div id="pgc-gb2172-69f2547b9c3d4-0-2"  class="panel-grid-cell panel-grid-cell-empty" ></div></div></div>


<div style="color:#333" class="wp-block-genesis-blocks-gb-spacer gb-block-spacer gb-divider-solid gb-spacer-divider gb-divider-size-1"><hr style="height:100px"/></div>
</div></div></div>
