{"id":2078,"date":"2021-03-11T09:52:38","date_gmt":"2021-03-11T09:52:38","guid":{"rendered":"http:\/\/test-ikf.online\/?page_id=2078"},"modified":"2023-08-30T11:03:22","modified_gmt":"2023-08-30T11:03:22","slug":"2017-just-safer-cities-for-all","status":"publish","type":"page","link":"https:\/\/ikf.ac.at\/en\/schwerpunkte\/cleavages\/antisemitismus\/2017-just-safer-cities-for-all","title":{"rendered":"2017: Just &amp; Safer Cities for All \u2013 Prevention of discriminating violence on the local level: best practices and recommendations"},"content":{"rendered":"<div class=\"wp-block-atomic-blocks-ab-container alignfull ab-block-container\"><div class=\"ab-container-inside\"><div class=\"ab-container-content\"><div id=\"pl-gb2078-69f23fedcf112\"  class=\"panel-layout\" ><div id=\"pg-gb2078-69f23fedcf112-0\"  class=\"panel-grid panel-no-style\" ><div id=\"pgc-gb2078-69f23fedcf112-0-0\"  class=\"panel-grid-cell\" ><div id=\"panel-gb2078-69f23fedcf112-0-0-0\" class=\"so-panel widget widget_media_image panel-first-child panel-last-child\" data-index=\"0\" ><img loading=\"lazy\" decoding=\"async\" width=\"2554\" height=\"10\" src=\"https:\/\/ikf.ac.at\/wp-content\/uploads\/2021\/01\/linie_IKF.jpg\" class=\"image wp-image-754  attachment-full size-full\" alt=\"\" style=\"max-width: 100%; height: auto;\" srcset=\"https:\/\/ikf.ac.at\/wp-content\/uploads\/2021\/01\/linie_IKF.jpg 2554w, https:\/\/ikf.ac.at\/wp-content\/uploads\/2021\/01\/linie_IKF-300x1.jpg 300w, https:\/\/ikf.ac.at\/wp-content\/uploads\/2021\/01\/linie_IKF-1024x4.jpg 1024w, https:\/\/ikf.ac.at\/wp-content\/uploads\/2021\/01\/linie_IKF-768x3.jpg 768w, https:\/\/ikf.ac.at\/wp-content\/uploads\/2021\/01\/linie_IKF-1536x6.jpg 1536w, https:\/\/ikf.ac.at\/wp-content\/uploads\/2021\/01\/linie_IKF-2048x8.jpg 2048w\" sizes=\"auto, (max-width: 2554px) 100vw, 2554px\" \/><\/div><\/div><\/div><\/div>\n\n\n<div style=\"color:#ddd\" class=\"wp-block-genesis-blocks-gb-spacer gb-block-spacer gb-divider-solid gb-divider-size-1\"><hr style=\"height:30px\"\/><\/div>\n\n\n<div id=\"pl-gb2078-69f23fedcf70b\"  class=\"panel-layout\" ><div id=\"pg-gb2078-69f23fedcf70b-0\"  class=\"panel-grid panel-no-style\" ><div id=\"pgc-gb2078-69f23fedcf70b-0-0\"  class=\"panel-grid-cell panel-grid-cell-empty\" ><\/div><div id=\"pgc-gb2078-69f23fedcf70b-0-1\"  class=\"panel-grid-cell\" ><div id=\"panel-gb2078-69f23fedcf70b-0-1-0\" class=\"so-panel widget widget_sow-editor panel-first-child panel-last-child\" data-index=\"0\" ><div\n\t\t\t\n\t\t\tclass=\"so-widget-sow-editor so-widget-sow-editor-base\"\n\t\t\t\n\t\t>\n<div class=\"siteorigin-widget-tinymce textwidget\">\n\t<table style=\"height: 100px; width: 100%; border-collapse: collapse;\" border=\"1\" cellpadding=\"2\">\n<tbody>\n<tr style=\"height: 24px;\">\n<td style=\"width: 15.8421%; height: 24px;\">Project management:<\/td>\n<td style=\"width: 39.8704%; height: 24px;\" colspan=\"2\" class=\"translation-block\"><span style=\"font-size: x-large\">Mag. Dr. Helga Amesberger<\/span><\/td>\n<\/tr>\n<tr>\n<td style=\"width: 15.8421%;\">\n<hr \/>\n<\/td>\n<td style=\"width: 39.8704%;\">\n<hr \/>\n<\/td>\n<td style=\"width: 44.2874%; height: 24px;\"><\/td>\n<\/tr>\n<tr style=\"height: 48px;\">\n<td style=\"width: 15.8421%; height: 48px;\">Implementation:<\/td>\n<td style=\"width: 39.8704%; height: 48px;\" colspan=\"2\">Mag. Dr. Helga Amesberger<br \/>\nDr. Birgitt Haller<\/td>\n<\/tr>\n<tr>\n<td style=\"width: 15.8421%;\">\n<hr \/>\n<\/td>\n<td style=\"width: 39.8704%;\">\n<hr \/>\n<\/td>\n<td style=\"width: 44.2874%; height: 24px;\"><\/td>\n<\/tr>\n<tr style=\"height: 72px;\">\n<td style=\"width: 15.8421%; height: 72px;\">Funded by:<\/td>\n<td style=\"width: 39.8704%; height: 72px;\" colspan=\"2\">European Commission\/ DG Criminal Justice via<br \/>\nEuropean Forum for Urban Security (EFUS), Paris<br \/>\nGr\u00fcne MigrantInnen Vienna<\/td>\n<\/tr>\n<tr>\n<td style=\"width: 15.8421%;\">\n<hr \/>\n<\/td>\n<td style=\"width: 39.8704%;\">\n<hr \/>\n<\/td>\n<td style=\"width: 44.2874%; height: 24px;\"><\/td>\n<\/tr>\n<tr style=\"height: 168px;\">\n<td style=\"width: 15.8421%; height: 168px;\">Partners:<\/td>\n<td style=\"width: 84.1578%; height: 168px;\" colspan=\"2\">French Forum for Urban Security (FFSU)<br \/>\nBelgium Forum for Prevention and Urban Security (FBPSU)<br \/>\nItalian Forum for Urban Security (FISU)<br \/>\nSpanish Forum for Urban Security and Prevention (FEPSU)<br \/>\nJagiellonian University, Poland<br \/>\nUfuq e.V, Germany<br \/>\nAssocia\u00e7\u00e3o portuguesa de Apoio \u00e0 vitima \u2013 APAV, Portugal<\/td>\n<\/tr>\n<tr>\n<td style=\"width: 15.8421%;\">\n<hr \/>\n<\/td>\n<td style=\"width: 39.8704%;\">\n<hr \/>\n<\/td>\n<td style=\"width: 44.2874%; height: 24px;\"><\/td>\n<\/tr>\n<tr style=\"height: 24px;\">\n<td style=\"width: 15.8421%; height: 24px;\">Completed in:<\/td>\n<td style=\"width: 39.8704%; height: 24px;\" colspan=\"2\">December 2017<\/td>\n<\/tr>\n<\/tbody>\n<\/table>\n<p align=\"justify\">\n<\/div>\n<\/div><\/div><\/div><\/div><\/div>\n\n\n<div style=\"color:#404168\" class=\"wp-block-genesis-blocks-gb-spacer gb-block-spacer gb-divider-solid gb-spacer-divider gb-divider-size-1\"><hr style=\"height:60px\"\/><\/div>\n\n\n<div id=\"pl-gb2078-69f23fedcfbcc\"  class=\"panel-layout\" ><div id=\"pg-gb2078-69f23fedcfbcc-0\"  class=\"panel-grid panel-no-style\" ><div id=\"pgc-gb2078-69f23fedcfbcc-0-0\"  class=\"panel-grid-cell panel-grid-cell-empty\" ><\/div><div id=\"pgc-gb2078-69f23fedcfbcc-0-1\"  class=\"panel-grid-cell panel-grid-cell-mobile-last\" ><div id=\"panel-gb2078-69f23fedcfbcc-0-1-0\" class=\"so-panel widget widget_text panel-first-child panel-last-child\" data-index=\"0\" >\t\t\t<div class=\"textwidget\"><p align=\"justify\">Currently, Europe experiences an increase in racism, xenophobia, homophobia and other forms of intolerance. The \"Just &amp; Safer Cities for All\" project \u2013 led by the European Forum for Urban Security (Efus) \u2013 aimed to raise awareness of these forms of violence at the local and regional levels and to identify promising practices of municipalities and regions to counteract intolerance and to promote social cohesion.<\/p>\n<p align=\"justify\">The result is a collection of good practice examples on the prevention of discriminatory violence at the local level. 50 of them have been published in a publication that is accessible via the IKF and the Efus website. The booklet, which is available in several languages, includes, in addition to the project presentations, an analysis of discriminatory violence and of hate crime as well as recommendations for local politics and administration. Another 90 good practice projects are published on the Efus website.<\/p>\n<\/div>\n\t\t<\/div><\/div><div id=\"pgc-gb2078-69f23fedcfbcc-0-2\"  class=\"panel-grid-cell panel-grid-cell-empty\" ><\/div><\/div><\/div>\n\n\n<div style=\"color:#404168\" class=\"wp-block-genesis-blocks-gb-spacer gb-block-spacer gb-divider-solid gb-divider-size-1\"><hr style=\"height:39px\"\/><\/div>\n\n\n<div id=\"pl-gb2078-69f23fedd2247\"  class=\"panel-layout\" ><div id=\"pg-gb2078-69f23fedd2247-0\"  class=\"panel-grid panel-no-style\" ><div id=\"pgc-gb2078-69f23fedd2247-0-0\"  class=\"panel-grid-cell panel-grid-cell-empty\" ><\/div><div id=\"pgc-gb2078-69f23fedd2247-0-1\"  class=\"panel-grid-cell panel-grid-cell-mobile-last\" ><div id=\"panel-gb2078-69f23fedd2247-0-1-0\" class=\"so-panel widget widget_text panel-first-child panel-last-child\" data-index=\"0\" ><div class=\"panel-widget-style panel-widget-style-for-gb2078-69f23fedd2247-0-1-0\" >\t\t\t<div class=\"textwidget\"><p><a href=\"https:\/\/efus.eu\/topics\/just-safer-cities-for-all-project\/\" target=\"_blank\" rel=\"noopener\">Link to project-website (EFUS)<\/a><\/p>\n<p><a href=\"https:\/\/efus.eu\/topics\/the-publication\/\" target=\"_blank\" rel=\"noopener\">Link to publication<\/a><\/p>\n<p>&nbsp;<\/p>\n<p>Blog entries \u2013 CPD Policy Blog:<\/p>\n<p><a href=\"https:\/\/policyblog.empowermentforpeace.org\/2017\/11\/just-and-safer-cities-for-all-social-cohesion-in-heterogeneous-societies\/\" target=\"_blank\" rel=\"noopener\">Social cohesion in heterogeneous societies<\/a><\/p>\n<p><a href=\"https:\/\/policyblog.empowermentforpeace.org\/2017\/11\/just-and-safer-cities-for-all-european-initiatives-to-promote-social-cohesion\/\" target=\"_blank\" rel=\"noopener\">European initiatives to promote social cohesion<\/a><\/p>\n<p><a href=\"https:\/\/policyblog.empowermentforpeace.org\/2017\/11\/just-and-safer-cities-for-all-the-strategic-role-of-local-authorities-and-institutions-in-promoting-social-cohesion\/\" target=\"_blank\" rel=\"noopener\">The Strategic Role of Local Authorities and Institutions in Promoting Social Cohesion<\/a><\/p>\n<p><a href=\"https:\/\/policyblog.empowermentforpeace.org\/2017\/12\/just-and-safer-cities-for-all-recommendations-for-promoting-social-cohesion-at-the-local-level\/\" target=\"_blank\" rel=\"noopener\">Recommendations for promoting social cohesion at the local level<\/a><\/p>\n<\/div>\n\t\t<\/div><\/div><\/div><div id=\"pgc-gb2078-69f23fedd2247-0-2\"  class=\"panel-grid-cell panel-grid-cell-empty\" ><\/div><\/div><\/div>\n\n\n<div style=\"color:#333\" class=\"wp-block-genesis-blocks-gb-spacer gb-block-spacer gb-divider-solid gb-spacer-divider gb-divider-size-1\"><hr style=\"height:100px\"\/><\/div>\n<\/div><\/div><\/div>\n\n\n\n<div class=\"wp-block-genesis-blocks-gb-container gb-block-container\"><div class=\"gb-container-inside\"><div class=\"gb-container-content\"><\/div><\/div><\/div>\n\n\n\n<p><\/p>","protected":false},"excerpt":{"rendered":"","protected":false},"author":1,"featured_media":0,"parent":486,"menu_order":25,"comment_status":"closed","ping_status":"closed","template":"","meta":{"footnotes":""},"class_list":["post-2078","page","type-page","status-publish","hentry","post"],"featured_image_src":null,"featured_image_src_square":null,"_links":{"self":[{"href":"https:\/\/ikf.ac.at\/en\/wp-json\/wp\/v2\/pages\/2078","targetHints":{"allow":["GET"]}}],"collection":[{"href":"https:\/\/ikf.ac.at\/en\/wp-json\/wp\/v2\/pages"}],"about":[{"href":"https:\/\/ikf.ac.at\/en\/wp-json\/wp\/v2\/types\/page"}],"author":[{"embeddable":true,"href":"https:\/\/ikf.ac.at\/en\/wp-json\/wp\/v2\/users\/1"}],"replies":[{"embeddable":true,"href":"https:\/\/ikf.ac.at\/en\/wp-json\/wp\/v2\/comments?post=2078"}],"version-history":[{"count":10,"href":"https:\/\/ikf.ac.at\/en\/wp-json\/wp\/v2\/pages\/2078\/revisions"}],"predecessor-version":[{"id":4551,"href":"https:\/\/ikf.ac.at\/en\/wp-json\/wp\/v2\/pages\/2078\/revisions\/4551"}],"up":[{"embeddable":true,"href":"https:\/\/ikf.ac.at\/en\/wp-json\/wp\/v2\/pages\/486"}],"wp:attachment":[{"href":"https:\/\/ikf.ac.at\/en\/wp-json\/wp\/v2\/media?parent=2078"}],"curies":[{"name":"wp","href":"https:\/\/api.w.org\/{rel}","templated":true}]}}

<div class="wp-block-atomic-blocks-ab-container alignfull ab-block-container"><div class="ab-container-inside"><div class="ab-container-content"><div id="pl-gb2078-69f23fedcf112"  class="panel-layout" ><div id="pg-gb2078-69f23fedcf112-0"  class="panel-grid panel-no-style" ><div id="pgc-gb2078-69f23fedcf112-0-0"  class="panel-grid-cell" ><div id="panel-gb2078-69f23fedcf112-0-0-0" class="so-panel widget widget_media_image panel-first-child panel-last-child" data-index="0" ><img loading="lazy" decoding="async" width="2554" height="10" src="https://ikf.ac.at/wp-content/uploads/2021/01/linie_IKF.jpg" class="image wp-image-754  attachment-full size-full" alt="" style="max-width: 100%; height: auto;" srcset="https://ikf.ac.at/wp-content/uploads/2021/01/linie_IKF.jpg 2554w, https://ikf.ac.at/wp-content/uploads/2021/01/linie_IKF-300x1.jpg 300w, https://ikf.ac.at/wp-content/uploads/2021/01/linie_IKF-1024x4.jpg 1024w, https://ikf.ac.at/wp-content/uploads/2021/01/linie_IKF-768x3.jpg 768w, https://ikf.ac.at/wp-content/uploads/2021/01/linie_IKF-1536x6.jpg 1536w, https://ikf.ac.at/wp-content/uploads/2021/01/linie_IKF-2048x8.jpg 2048w" sizes="auto, (max-width: 2554px) 100vw, 2554px" /></div></div></div></div>


<div style="color:#ddd" class="wp-block-genesis-blocks-gb-spacer gb-block-spacer gb-divider-solid gb-divider-size-1"><hr style="height:30px"/></div>


<div id="pl-gb2078-69f23fedcf70b"  class="panel-layout" ><div id="pg-gb2078-69f23fedcf70b-0"  class="panel-grid panel-no-style" ><div id="pgc-gb2078-69f23fedcf70b-0-0"  class="panel-grid-cell panel-grid-cell-empty" ></div><div id="pgc-gb2078-69f23fedcf70b-0-1"  class="panel-grid-cell" ><div id="panel-gb2078-69f23fedcf70b-0-1-0" class="so-panel widget widget_sow-editor panel-first-child panel-last-child" data-index="0" ><div
			
			class="so-widget-sow-editor so-widget-sow-editor-base"
			
		>
<div class="siteorigin-widget-tinymce textwidget">
	<table style="height: 100px; width: 100%; border-collapse: collapse;" border="1" cellpadding="2">
<tbody>
<tr style="height: 24px;">
<td style="width: 15.8421%; height: 24px;">Project management:</td>
<td style="width: 39.8704%; height: 24px;" colspan="2" class="translation-block"><span style="font-size: x-large">Mag. Dr. Helga Amesberger</span></td>
</tr>
<tr>
<td style="width: 15.8421%;">
<hr />
</td>
<td style="width: 39.8704%;">
<hr />
</td>
<td style="width: 44.2874%; height: 24px;"></td>
</tr>
<tr style="height: 48px;">
<td style="width: 15.8421%; height: 48px;">Implementation:</td>
<td style="width: 39.8704%; height: 48px;" colspan="2">Mag. Dr. Helga Amesberger<br />
Dr. Birgitt Haller</td>
</tr>
<tr>
<td style="width: 15.8421%;">
<hr />
</td>
<td style="width: 39.8704%;">
<hr />
</td>
<td style="width: 44.2874%; height: 24px;"></td>
</tr>
<tr style="height: 72px;">
<td style="width: 15.8421%; height: 72px;">Funded by:</td>
<td style="width: 39.8704%; height: 72px;" colspan="2">European Commission/ DG Criminal Justice via<br />
European Forum for Urban Security (EFUS), Paris<br />
Grüne MigrantInnen Vienna</td>
</tr>
<tr>
<td style="width: 15.8421%;">
<hr />
</td>
<td style="width: 39.8704%;">
<hr />
</td>
<td style="width: 44.2874%; height: 24px;"></td>
</tr>
<tr style="height: 168px;">
<td style="width: 15.8421%; height: 168px;">Partners:</td>
<td style="width: 84.1578%; height: 168px;" colspan="2">French Forum for Urban Security (FFSU)<br />
Belgium Forum for Prevention and Urban Security (FBPSU)<br />
Italian Forum for Urban Security (FISU)<br />
Spanish Forum for Urban Security and Prevention (FEPSU)<br />
Jagiellonian University, Poland<br />
Ufuq e.V, Germany<br />
Associação portuguesa de Apoio à vitima – APAV, Portugal</td>
</tr>
<tr>
<td style="width: 15.8421%;">
<hr />
</td>
<td style="width: 39.8704%;">
<hr />
</td>
<td style="width: 44.2874%; height: 24px;"></td>
</tr>
<tr style="height: 24px;">
<td style="width: 15.8421%; height: 24px;">Completed in:</td>
<td style="width: 39.8704%; height: 24px;" colspan="2">December 2017</td>
</tr>
</tbody>
</table>
<p align="justify">
</div>
</div></div></div></div></div>


<div style="color:#404168" class="wp-block-genesis-blocks-gb-spacer gb-block-spacer gb-divider-solid gb-spacer-divider gb-divider-size-1"><hr style="height:60px"/></div>


<div id="pl-gb2078-69f23fedcfbcc"  class="panel-layout" ><div id="pg-gb2078-69f23fedcfbcc-0"  class="panel-grid panel-no-style" ><div id="pgc-gb2078-69f23fedcfbcc-0-0"  class="panel-grid-cell panel-grid-cell-empty" ></div><div id="pgc-gb2078-69f23fedcfbcc-0-1"  class="panel-grid-cell panel-grid-cell-mobile-last" ><div id="panel-gb2078-69f23fedcfbcc-0-1-0" class="so-panel widget widget_text panel-first-child panel-last-child" data-index="0" >			<div class="textwidget"><p align="justify">Currently, Europe experiences an increase in racism, xenophobia, homophobia and other forms of intolerance. The "Just &amp; Safer Cities for All" project – led by the European Forum for Urban Security (Efus) – aimed to raise awareness of these forms of violence at the local and regional levels and to identify promising practices of municipalities and regions to counteract intolerance and to promote social cohesion.</p>
<p align="justify">The result is a collection of good practice examples on the prevention of discriminatory violence at the local level. 50 of them have been published in a publication that is accessible via the IKF and the Efus website. The booklet, which is available in several languages, includes, in addition to the project presentations, an analysis of discriminatory violence and of hate crime as well as recommendations for local politics and administration. Another 90 good practice projects are published on the Efus website.</p>
</div>
		</div></div><div id="pgc-gb2078-69f23fedcfbcc-0-2"  class="panel-grid-cell panel-grid-cell-empty" ></div></div></div>


<div style="color:#404168" class="wp-block-genesis-blocks-gb-spacer gb-block-spacer gb-divider-solid gb-divider-size-1"><hr style="height:39px"/></div>


<div id="pl-gb2078-69f23fedd2247"  class="panel-layout" ><div id="pg-gb2078-69f23fedd2247-0"  class="panel-grid panel-no-style" ><div id="pgc-gb2078-69f23fedd2247-0-0"  class="panel-grid-cell panel-grid-cell-empty" ></div><div id="pgc-gb2078-69f23fedd2247-0-1"  class="panel-grid-cell panel-grid-cell-mobile-last" ><div id="panel-gb2078-69f23fedd2247-0-1-0" class="so-panel widget widget_text panel-first-child panel-last-child" data-index="0" ><div class="panel-widget-style panel-widget-style-for-gb2078-69f23fedd2247-0-1-0" >			<div class="textwidget"><p><a href="https://efus.eu/topics/just-safer-cities-for-all-project/" target="_blank" rel="noopener">Link to project-website (EFUS)</a></p>
<p><a href="https://efus.eu/topics/the-publication/" target="_blank" rel="noopener">Link to publication</a></p>
<p>&nbsp;</p>
<p>Blog entries – CPD Policy Blog:</p>
<p><a href="https://policyblog.empowermentforpeace.org/2017/11/just-and-safer-cities-for-all-social-cohesion-in-heterogeneous-societies/" target="_blank" rel="noopener">Social cohesion in heterogeneous societies</a></p>
<p><a href="https://policyblog.empowermentforpeace.org/2017/11/just-and-safer-cities-for-all-european-initiatives-to-promote-social-cohesion/" target="_blank" rel="noopener">European initiatives to promote social cohesion</a></p>
<p><a href="https://policyblog.empowermentforpeace.org/2017/11/just-and-safer-cities-for-all-the-strategic-role-of-local-authorities-and-institutions-in-promoting-social-cohesion/" target="_blank" rel="noopener">The Strategic Role of Local Authorities and Institutions in Promoting Social Cohesion</a></p>
<p><a href="https://policyblog.empowermentforpeace.org/2017/12/just-and-safer-cities-for-all-recommendations-for-promoting-social-cohesion-at-the-local-level/" target="_blank" rel="noopener">Recommendations for promoting social cohesion at the local level</a></p>
</div>
		</div></div></div><div id="pgc-gb2078-69f23fedd2247-0-2"  class="panel-grid-cell panel-grid-cell-empty" ></div></div></div>


<div style="color:#333" class="wp-block-genesis-blocks-gb-spacer gb-block-spacer gb-divider-solid gb-spacer-divider gb-divider-size-1"><hr style="height:100px"/></div>
</div></div></div>



<div class="wp-block-genesis-blocks-gb-container gb-block-container"><div class="gb-container-inside"><div class="gb-container-content"></div></div></div>



<p></p>
